

{"id":70,"date":"2023-09-24T15:54:10","date_gmt":"2023-09-24T13:54:10","guid":{"rendered":"https:\/\/blog.hwr-berlin.de\/digitalisierung-wertschoepfungsketten\/?page_id=70"},"modified":"2025-05-07T12:13:16","modified_gmt":"2025-05-07T10:13:16","slug":"veroeffentlichungen","status":"publish","type":"page","link":"https:\/\/blog.hwr-berlin.de\/digitalisierung-wertschoepfungsketten\/veroeffentlichungen\/","title":{"rendered":"Ver\u00f6ffentlichungen"},"content":{"rendered":"\n\n\n<p><em>2025:<\/em> <br>L\u00f3pez, T., Sproll, M., F\u00fctterer, M., Mayer M.d.C. : <em><br><\/em>Vom station\u00e4ren zum Omni-Channel-H\u00e4ndler: Digitale Transformation in Ikea\u2019s Einzelhandels- und Logistiknetzwerk und Auswirkungen auf Arbeit.\u00a0<\/p>\n\n\n\n<p>(<a href=\"https:\/\/doi.org\/10.1007\/s00548-025-00971-z\" target=\"_blank\" rel=\"noreferrer noopener\">https:\/\/doi.org\/10.1007\/s00548-025-00971-z<\/a>)<\/p>\n\n\n\n<p><\/p>\n\n\n\n<p><\/p>\n\n\n\n<p>M\u00e4rz 2025<br>Sproll, M <br>Podcast zum Forschungsprojekt \u201cDigitalisierung von Wertsch\u00f6pfungsketten im Handel\u201c :<a href=\"https:\/\/gemeinsam-weiterdenken.letscast.fm\/episode\/f-10-globale-arbeitswelt-einzelhandel\" target=\"_blank\" rel=\"noreferrer noopener\"><br><\/a><\/p>\n\n\n\n<p><em><em>(<a href=\"https:\/\/gemeinsam-weiterdenken.letscast.fm\/episode\/f-10-globale-arbeitswelt-einzelhandel\" target=\"_blank\" rel=\"noreferrer noopener\">https:\/\/gemeinsam-weiterdenken.letscast.fm\/episode\/f-10-globale-arbeitswelt-einzelhandel<\/a>)<\/em><\/em><\/p>\n","protected":false},"excerpt":{"rendered":"<p>2025: L\u00f3pez, T., Sproll, M., F\u00fctterer, M., Mayer M.d.C. : Vom station\u00e4ren zum Omni-Channel-H\u00e4ndler: Digitale Transformation in Ikea\u2019s Einzelhandels- und Logistiknetzwerk und Auswirkungen auf Arbeit.\u00a0 (https:\/\/doi.org\/10.1007\/s00548-025-00971-z) M\u00e4rz 2025Sproll, M Podcast zum Forschungsprojekt \u201cDigitalisierung von Wertsch\u00f6pfungsketten im Handel\u201c : (https:\/\/gemeinsam-weiterdenken.letscast.fm\/episode\/f-10-globale-arbeitswelt-einzelhandel)<\/p>\n","protected":false},"author":3,"featured_media":0,"parent":0,"menu_order":0,"comment_status":"closed","ping_status":"closed","template":"","meta":{"footnotes":""},"class_list":["post-70","page","type-page","status-publish","hentry"],"yoast_head":"<!-- This site is optimized with the Yoast SEO plugin v27.4 - https:\/\/yoast.com\/product\/yoast-seo-wordpress\/ -->\n<title>Ver\u00f6ffentlichungen - Digitalisierung von Wertsch\u00f6pfungsketten im Handel<\/title>\n<meta name=\"robots\" content=\"index, follow, max-snippet:-1, max-image-preview:large, max-video-preview:-1\" \/>\n<link rel=\"canonical\" href=\"https:\/\/blog.hwr-berlin.de\/digitalisierung-wertschoepfungsketten\/veroeffentlichungen\/\" \/>\n<meta property=\"og:locale\" content=\"de_DE\" \/>\n<meta property=\"og:type\" content=\"article\" \/>\n<meta property=\"og:title\" content=\"Ver\u00f6ffentlichungen - Digitalisierung von Wertsch\u00f6pfungsketten im Handel\" \/>\n<meta property=\"og:description\" content=\"2025: L\u00f3pez, T., Sproll, M., F\u00fctterer, M., Mayer M.d.C. : Vom station\u00e4ren zum Omni-Channel-H\u00e4ndler: Digitale Transformation in Ikea\u2019s Einzelhandels- und Logistiknetzwerk und Auswirkungen auf Arbeit.\u00a0 (https:\/\/doi.org\/10.1007\/s00548-025-00971-z) M\u00e4rz 2025Sproll, M Podcast zum Forschungsprojekt \u201cDigitalisierung von Wertsch\u00f6pfungsketten im Handel\u201c : (https:\/\/gemeinsam-weiterdenken.letscast.fm\/episode\/f-10-globale-arbeitswelt-einzelhandel)\" \/>\n<meta property=\"og:url\" content=\"https:\/\/blog.hwr-berlin.de\/digitalisierung-wertschoepfungsketten\/veroeffentlichungen\/\" \/>\n<meta property=\"og:site_name\" content=\"Digitalisierung von Wertsch\u00f6pfungsketten im Handel\" \/>\n<meta property=\"article:modified_time\" content=\"2025-05-07T10:13:16+00:00\" \/>\n<meta name=\"twitter:card\" content=\"summary_large_image\" \/>\n<meta name=\"twitter:label1\" content=\"Gesch\u00e4tzte Lesezeit\" \/>\n\t<meta name=\"twitter:data1\" content=\"1\u00a0Minute\" \/>\n<script type=\"application\/ld+json\" class=\"yoast-schema-graph\">{\"@context\":\"https:\\\/\\\/schema.org\",\"@graph\":[{\"@type\":\"WebPage\",\"@id\":\"https:\\\/\\\/blog.hwr-berlin.de\\\/digitalisierung-wertschoepfungsketten\\\/veroeffentlichungen\\\/\",\"url\":\"https:\\\/\\\/blog.hwr-berlin.de\\\/digitalisierung-wertschoepfungsketten\\\/veroeffentlichungen\\\/\",\"name\":\"Ver\u00f6ffentlichungen - Digitalisierung von Wertsch\u00f6pfungsketten im Handel\",\"isPartOf\":{\"@id\":\"https:\\\/\\\/blog.hwr-berlin.de\\\/digitalisierung-wertschoepfungsketten\\\/#website\"},\"datePublished\":\"2023-09-24T13:54:10+00:00\",\"dateModified\":\"2025-05-07T10:13:16+00:00\",\"breadcrumb\":{\"@id\":\"https:\\\/\\\/blog.hwr-berlin.de\\\/digitalisierung-wertschoepfungsketten\\\/veroeffentlichungen\\\/#breadcrumb\"},\"inLanguage\":\"de\",\"potentialAction\":[{\"@type\":\"ReadAction\",\"target\":[\"https:\\\/\\\/blog.hwr-berlin.de\\\/digitalisierung-wertschoepfungsketten\\\/veroeffentlichungen\\\/\"]}]},{\"@type\":\"BreadcrumbList\",\"@id\":\"https:\\\/\\\/blog.hwr-berlin.de\\\/digitalisierung-wertschoepfungsketten\\\/veroeffentlichungen\\\/#breadcrumb\",\"itemListElement\":[{\"@type\":\"ListItem\",\"position\":1,\"name\":\"Startseite\",\"item\":\"https:\\\/\\\/blog.hwr-berlin.de\\\/digitalisierung-wertschoepfungsketten\\\/\"},{\"@type\":\"ListItem\",\"position\":2,\"name\":\"Ver\u00f6ffentlichungen\"}]},{\"@type\":\"WebSite\",\"@id\":\"https:\\\/\\\/blog.hwr-berlin.de\\\/digitalisierung-wertschoepfungsketten\\\/#website\",\"url\":\"https:\\\/\\\/blog.hwr-berlin.de\\\/digitalisierung-wertschoepfungsketten\\\/\",\"name\":\"Digitalisierung von Wertsch\u00f6pfungsketten im Handel\",\"description\":\"Forschungsprojekt der Hochschule f\u00fcr Wirtschaft und Recht Berlin\",\"publisher\":{\"@id\":\"https:\\\/\\\/blog.hwr-berlin.de\\\/digitalisierung-wertschoepfungsketten\\\/#organization\"},\"potentialAction\":[{\"@type\":\"SearchAction\",\"target\":{\"@type\":\"EntryPoint\",\"urlTemplate\":\"https:\\\/\\\/blog.hwr-berlin.de\\\/digitalisierung-wertschoepfungsketten\\\/?s={search_term_string}\"},\"query-input\":{\"@type\":\"PropertyValueSpecification\",\"valueRequired\":true,\"valueName\":\"search_term_string\"}}],\"inLanguage\":\"de\"},{\"@type\":\"Organization\",\"@id\":\"https:\\\/\\\/blog.hwr-berlin.de\\\/digitalisierung-wertschoepfungsketten\\\/#organization\",\"name\":\"Digitalisierung von Wertsch\u00f6pfungsketten im Handel\",\"url\":\"https:\\\/\\\/blog.hwr-berlin.de\\\/digitalisierung-wertschoepfungsketten\\\/\",\"logo\":{\"@type\":\"ImageObject\",\"inLanguage\":\"de\",\"@id\":\"https:\\\/\\\/blog.hwr-berlin.de\\\/digitalisierung-wertschoepfungsketten\\\/#\\\/schema\\\/logo\\\/image\\\/\",\"url\":\"https:\\\/\\\/blog.hwr-berlin.de\\\/digitalisierung-wertschoepfungsketten\\\/wp-content\\\/uploads_digitalisierung-wertsch\u00f6pfungsketten\\\/2023\\\/09\\\/cropped-Logo-HWR.png\",\"contentUrl\":\"https:\\\/\\\/blog.hwr-berlin.de\\\/digitalisierung-wertschoepfungsketten\\\/wp-content\\\/uploads_digitalisierung-wertsch\u00f6pfungsketten\\\/2023\\\/09\\\/cropped-Logo-HWR.png\",\"width\":1124,\"height\":250,\"caption\":\"Digitalisierung von Wertsch\u00f6pfungsketten im Handel\"},\"image\":{\"@id\":\"https:\\\/\\\/blog.hwr-berlin.de\\\/digitalisierung-wertschoepfungsketten\\\/#\\\/schema\\\/logo\\\/image\\\/\"}}]}<\/script>\n<!-- \/ Yoast SEO plugin. -->","yoast_head_json":{"title":"Ver\u00f6ffentlichungen - Digitalisierung von Wertsch\u00f6pfungsketten im Handel","robots":{"index":"index","follow":"follow","max-snippet":"max-snippet:-1","max-image-preview":"max-image-preview:large","max-video-preview":"max-video-preview:-1"},"canonical":"https:\/\/blog.hwr-berlin.de\/digitalisierung-wertschoepfungsketten\/veroeffentlichungen\/","og_locale":"de_DE","og_type":"article","og_title":"Ver\u00f6ffentlichungen - Digitalisierung von Wertsch\u00f6pfungsketten im Handel","og_description":"2025: L\u00f3pez, T., Sproll, M., F\u00fctterer, M., Mayer M.d.C. : Vom station\u00e4ren zum Omni-Channel-H\u00e4ndler: Digitale Transformation in Ikea\u2019s Einzelhandels- und Logistiknetzwerk und Auswirkungen auf Arbeit.\u00a0 (https:\/\/doi.org\/10.1007\/s00548-025-00971-z) M\u00e4rz 2025Sproll, M Podcast zum Forschungsprojekt \u201cDigitalisierung von Wertsch\u00f6pfungsketten im Handel\u201c : (https:\/\/gemeinsam-weiterdenken.letscast.fm\/episode\/f-10-globale-arbeitswelt-einzelhandel)","og_url":"https:\/\/blog.hwr-berlin.de\/digitalisierung-wertschoepfungsketten\/veroeffentlichungen\/","og_site_name":"Digitalisierung von Wertsch\u00f6pfungsketten im Handel","article_modified_time":"2025-05-07T10:13:16+00:00","twitter_card":"summary_large_image","twitter_misc":{"Gesch\u00e4tzte Lesezeit":"1\u00a0Minute"},"schema":{"@context":"https:\/\/schema.org","@graph":[{"@type":"WebPage","@id":"https:\/\/blog.hwr-berlin.de\/digitalisierung-wertschoepfungsketten\/veroeffentlichungen\/","url":"https:\/\/blog.hwr-berlin.de\/digitalisierung-wertschoepfungsketten\/veroeffentlichungen\/","name":"Ver\u00f6ffentlichungen - Digitalisierung von Wertsch\u00f6pfungsketten im Handel","isPartOf":{"@id":"https:\/\/blog.hwr-berlin.de\/digitalisierung-wertschoepfungsketten\/#website"},"datePublished":"2023-09-24T13:54:10+00:00","dateModified":"2025-05-07T10:13:16+00:00","breadcrumb":{"@id":"https:\/\/blog.hwr-berlin.de\/digitalisierung-wertschoepfungsketten\/veroeffentlichungen\/#breadcrumb"},"inLanguage":"de","potentialAction":[{"@type":"ReadAction","target":["https:\/\/blog.hwr-berlin.de\/digitalisierung-wertschoepfungsketten\/veroeffentlichungen\/"]}]},{"@type":"BreadcrumbList","@id":"https:\/\/blog.hwr-berlin.de\/digitalisierung-wertschoepfungsketten\/veroeffentlichungen\/#breadcrumb","itemListElement":[{"@type":"ListItem","position":1,"name":"Startseite","item":"https:\/\/blog.hwr-berlin.de\/digitalisierung-wertschoepfungsketten\/"},{"@type":"ListItem","position":2,"name":"Ver\u00f6ffentlichungen"}]},{"@type":"WebSite","@id":"https:\/\/blog.hwr-berlin.de\/digitalisierung-wertschoepfungsketten\/#website","url":"https:\/\/blog.hwr-berlin.de\/digitalisierung-wertschoepfungsketten\/","name":"Digitalisierung von Wertsch\u00f6pfungsketten im Handel","description":"Forschungsprojekt der Hochschule f\u00fcr Wirtschaft und Recht Berlin","publisher":{"@id":"https:\/\/blog.hwr-berlin.de\/digitalisierung-wertschoepfungsketten\/#organization"},"potentialAction":[{"@type":"SearchAction","target":{"@type":"EntryPoint","urlTemplate":"https:\/\/blog.hwr-berlin.de\/digitalisierung-wertschoepfungsketten\/?s={search_term_string}"},"query-input":{"@type":"PropertyValueSpecification","valueRequired":true,"valueName":"search_term_string"}}],"inLanguage":"de"},{"@type":"Organization","@id":"https:\/\/blog.hwr-berlin.de\/digitalisierung-wertschoepfungsketten\/#organization","name":"Digitalisierung von Wertsch\u00f6pfungsketten im Handel","url":"https:\/\/blog.hwr-berlin.de\/digitalisierung-wertschoepfungsketten\/","logo":{"@type":"ImageObject","inLanguage":"de","@id":"https:\/\/blog.hwr-berlin.de\/digitalisierung-wertschoepfungsketten\/#\/schema\/logo\/image\/","url":"https:\/\/blog.hwr-berlin.de\/digitalisierung-wertschoepfungsketten\/wp-content\/uploads_digitalisierung-wertsch\u00f6pfungsketten\/2023\/09\/cropped-Logo-HWR.png","contentUrl":"https:\/\/blog.hwr-berlin.de\/digitalisierung-wertschoepfungsketten\/wp-content\/uploads_digitalisierung-wertsch\u00f6pfungsketten\/2023\/09\/cropped-Logo-HWR.png","width":1124,"height":250,"caption":"Digitalisierung von Wertsch\u00f6pfungsketten im Handel"},"image":{"@id":"https:\/\/blog.hwr-berlin.de\/digitalisierung-wertschoepfungsketten\/#\/schema\/logo\/image\/"}}]}},"_links":{"self":[{"href":"https:\/\/blog.hwr-berlin.de\/digitalisierung-wertschoepfungsketten\/wp-json\/wp\/v2\/pages\/70","targetHints":{"allow":["GET"]}}],"collection":[{"href":"https:\/\/blog.hwr-berlin.de\/digitalisierung-wertschoepfungsketten\/wp-json\/wp\/v2\/pages"}],"about":[{"href":"https:\/\/blog.hwr-berlin.de\/digitalisierung-wertschoepfungsketten\/wp-json\/wp\/v2\/types\/page"}],"author":[{"embeddable":true,"href":"https:\/\/blog.hwr-berlin.de\/digitalisierung-wertschoepfungsketten\/wp-json\/wp\/v2\/users\/3"}],"replies":[{"embeddable":true,"href":"https:\/\/blog.hwr-berlin.de\/digitalisierung-wertschoepfungsketten\/wp-json\/wp\/v2\/comments?post=70"}],"version-history":[{"count":18,"href":"https:\/\/blog.hwr-berlin.de\/digitalisierung-wertschoepfungsketten\/wp-json\/wp\/v2\/pages\/70\/revisions"}],"predecessor-version":[{"id":333,"href":"https:\/\/blog.hwr-berlin.de\/digitalisierung-wertschoepfungsketten\/wp-json\/wp\/v2\/pages\/70\/revisions\/333"}],"wp:attachment":[{"href":"https:\/\/blog.hwr-berlin.de\/digitalisierung-wertschoepfungsketten\/wp-json\/wp\/v2\/media?parent=70"}],"curies":[{"name":"wp","href":"https:\/\/api.w.org\/{rel}","templated":true}]}}