

{"id":41131,"date":"2024-01-23T08:51:47","date_gmt":"2024-01-23T07:51:47","guid":{"rendered":"https:\/\/blog.hwr-berlin.de\/elerner\/?page_id=41131"},"modified":"2024-12-03T11:32:54","modified_gmt":"2024-12-03T10:32:54","slug":"mentimeter","status":"publish","type":"page","link":"https:\/\/blog.hwr-berlin.de\/elerner\/mentimeter\/","title":{"rendered":"Mentimeter"},"content":{"rendered":"<p>[et_pb_section fb_built=&#8220;1&#8243; _builder_version=&#8220;4.16&#8243; _module_preset=&#8220;default&#8220; custom_padding=&#8220;||0px|||&#8220; global_colors_info=&#8220;{}&#8220; theme_builder_area=&#8220;post_content&#8220;][et_pb_row _builder_version=&#8220;4.16&#8243; _module_preset=&#8220;default&#8220; global_colors_info=&#8220;{}&#8220; theme_builder_area=&#8220;post_content&#8220;][et_pb_column type=&#8220;4_4&#8243; _builder_version=&#8220;4.16&#8243; _module_preset=&#8220;default&#8220; global_colors_info=&#8220;{}&#8220; theme_builder_area=&#8220;post_content&#8220;][et_pb_text _builder_version=&#8220;4.16.0&#8243; _module_preset=&#8220;default&#8220; global_colors_info=&#8220;{}&#8220; theme_builder_area=&#8220;post_content&#8220;]<\/p>\n<h1>Mentimeter<\/h1>\n<p>[\/et_pb_text][\/et_pb_column][\/et_pb_row][\/et_pb_section][et_pb_section fb_built=&#8220;1&#8243; specialty=&#8220;on&#8220; _builder_version=&#8220;4.16&#8243; _module_preset=&#8220;default&#8220; custom_padding=&#8220;0px|||||&#8220; global_colors_info=&#8220;{}&#8220; theme_builder_area=&#8220;post_content&#8220;][et_pb_column type=&#8220;3_4&#8243; specialty_columns=&#8220;3&#8243; _builder_version=&#8220;4.16&#8243; custom_padding=&#8220;|||&#8220; global_colors_info=&#8220;{}&#8220; custom_padding__hover=&#8220;|||&#8220; theme_builder_area=&#8220;post_content&#8220;][et_pb_row_inner _builder_version=&#8220;4.16&#8243; _module_preset=&#8220;default&#8220; global_colors_info=&#8220;{}&#8220; theme_builder_area=&#8220;post_content&#8220;][et_pb_column_inner saved_specialty_column_type=&#8220;3_4&#8243; _builder_version=&#8220;4.16&#8243; _module_preset=&#8220;default&#8220; global_colors_info=&#8220;{}&#8220; theme_builder_area=&#8220;post_content&#8220;][et_pb_text _builder_version=&#8220;4.16.0&#8243; _module_preset=&#8220;default&#8220; global_colors_info=&#8220;{}&#8220; theme_builder_area=&#8220;post_content&#8220;]<\/p>\n<h3><span>Gestalten Sie Ihre Lehrveranstaltungen und andere Veranstaltungen dynamischer und interaktiver mit Mentimeter. Die Einsatzzwecke sind vielf\u00e4ltig. Im Folgenden geben wir einen kurzen \u00dcberblick \u00fcber Funktionalit\u00e4ten und verlinken am Ende der Seite auf n\u00fctzliche Tutorials.<\/span><\/h3>\n<p>[\/et_pb_text][et_pb_text _builder_version=&#8220;4.16.0&#8243; _module_preset=&#8220;default&#8220; global_colors_info=&#8220;{}&#8220; theme_builder_area=&#8220;post_content&#8220;]<\/p>\n<p>Suchen Sie nach M\u00f6glichkeiten, Ihre Veranstaltungen interaktiver und engagierender zu gestalten? M\u00f6chten Sie sicherstellen, dass die Stimmen Ihrer Studierenden geh\u00f6rt werden und dass sie aktiv an Entscheidungsprozessen teilnehmen?<\/p>\n<p>Mentimeter ist eine Online-Plattform, die Ihnen erm\u00f6glicht, in nur wenigen Minuten interaktive Pr\u00e4sentationen f\u00fcr Ihre Lehrveranstaltungen und Meetings zu erstellen. Die HWR Berlin stellt Ihnen nun Mentimeter zur Verf\u00fcgung, um neue Wege zu entdecken, Ihren Unterricht und universit\u00e4re Veranstaltungen dynamischer und ansprechender zu gestalten.<\/p>\n<p>[\/et_pb_text][\/et_pb_column_inner][\/et_pb_row_inner][et_pb_row_inner column_structure=&#8220;1_2,1_2&#8243; _builder_version=&#8220;4.16&#8243; _module_preset=&#8220;default&#8220; global_colors_info=&#8220;{}&#8220; theme_builder_area=&#8220;post_content&#8220;][et_pb_column_inner type=&#8220;1_2&#8243; saved_specialty_column_type=&#8220;3_4&#8243; _builder_version=&#8220;4.16&#8243; _module_preset=&#8220;default&#8220; global_colors_info=&#8220;{}&#8220; theme_builder_area=&#8220;post_content&#8220;][et_pb_blurb title=&#8220;Anmeldung&#8220; use_icon=&#8220;on&#8220; font_icon=&#8220;&#xe000;||divi||400&#8243; icon_placement=&#8220;left&#8220; _builder_version=&#8220;4.16&#8243; _module_preset=&#8220;default&#8220; global_colors_info=&#8220;{}&#8220; theme_builder_area=&#8220;post_content&#8220;]<\/p>\n<p>Wenn Sie an einer Lizenz interessiert sind, schicken Sie bitte eine kurze E-Mail an elearning[at]hwr-berlin.de.<\/p>\n<p>[\/et_pb_blurb][\/et_pb_column_inner][et_pb_column_inner type=&#8220;1_2&#8243; saved_specialty_column_type=&#8220;3_4&#8243; _builder_version=&#8220;4.16&#8243; _module_preset=&#8220;default&#8220; global_colors_info=&#8220;{}&#8220; theme_builder_area=&#8220;post_content&#8220;][et_pb_cta title=&#8220;Direkt zu Mentimeter&#8220; url_new_window=&#8220;on&#8220; button_text=&#8220;Klicks&#8220; _builder_version=&#8220;4.16.0&#8243; _module_preset=&#8220;9a1f7334-d83d-44ce-97b5-acdc9af63e86&#8243; header_font_size=&#8220;16px&#8220; header_line_height=&#8220;1.7em&#8220; custom_padding=&#8220;20px|20px|0px|20px|false|false&#8220; link_option_url=&#8220;https:\/\/www.mentimeter.com\/&#8220; link_option_url_new_window=&#8220;on&#8220; global_colors_info=&#8220;{}&#8220; header_letter_spacing__hover_enabled=&#8220;off|desktop&#8220; theme_builder_area=&#8220;post_content&#8220;]<\/p>\n<p><span class=\"et-pb-icon\" style=\"font-size: 25px;\"><br \/>$<\/span><\/p>\n<p>[\/et_pb_cta][\/et_pb_column_inner][\/et_pb_row_inner][\/et_pb_column][et_pb_column type=&#8220;1_4&#8243; _builder_version=&#8220;4.16&#8243; custom_padding=&#8220;|||&#8220; global_colors_info=&#8220;{}&#8220; custom_padding__hover=&#8220;|||&#8220; theme_builder_area=&#8220;post_content&#8220;][et_pb_image src=&#8220;https:\/\/blog.hwr-berlin.de\/elerner\/wp-content\/uploads_elerner\/2024\/01\/PNG-Mentimeter_Branding_Logo_2020_RGB-11.png&#8220; alt=&#8220;Mentimeter Logo&#8220; title_text=&#8220;PNG-Mentimeter_Branding_Logo_2020_RGB-11&#8243; show_in_lightbox=&#8220;on&#8220; use_overlay=&#8220;on&#8220; overlay_icon_color=&#8220;#FFFFFF&#8220; hover_overlay_color=&#8220;rgba(0,0,0,0.5)&#8220; hover_icon=&#8220;&#x54;||divi||400&#8243; _builder_version=&#8220;4.16.0&#8243; _module_preset=&#8220;default&#8220; global_colors_info=&#8220;{}&#8220; theme_builder_area=&#8220;post_content&#8220;][\/et_pb_image][\/et_pb_column][\/et_pb_section][et_pb_section fb_built=&#8220;1&#8243; specialty=&#8220;on&#8220; prev_background_color=&#8220;#ffffff&#8220; next_background_color=&#8220;#ffffff&#8220; _builder_version=&#8220;4.16&#8243; _module_preset=&#8220;default&#8220; background_color=&#8220;#F0F0F1&#8243; z_index=&#8220;99999&#8243; custom_padding=&#8220;100px||100px||true|false&#8220; top_divider_style=&#8220;mountains2&#8243; bottom_divider_style=&#8220;mountains2&#8243; global_colors_info=&#8220;{}&#8220; theme_builder_area=&#8220;post_content&#8220;][et_pb_column type=&#8220;3_4&#8243; specialty_columns=&#8220;3&#8243; _builder_version=&#8220;4.16&#8243; custom_padding=&#8220;|||&#8220; global_colors_info=&#8220;{}&#8220; custom_padding__hover=&#8220;|||&#8220; theme_builder_area=&#8220;post_content&#8220;][et_pb_row_inner module_id=&#8220;01&#8243; _builder_version=&#8220;4.16&#8243; _module_preset=&#8220;default&#8220; custom_padding=&#8220;||0px|||&#8220; global_colors_info=&#8220;{}&#8220; theme_builder_area=&#8220;post_content&#8220;][et_pb_column_inner saved_specialty_column_type=&#8220;3_4&#8243; _builder_version=&#8220;4.16&#8243; _module_preset=&#8220;default&#8220; global_colors_info=&#8220;{}&#8220; theme_builder_area=&#8220;post_content&#8220;][et_pb_text module_id=&#8220;01_grundfunktionen&#8220; _builder_version=&#8220;4.16.0&#8243; _module_preset=&#8220;default&#8220; global_colors_info=&#8220;{}&#8220; theme_builder_area=&#8220;post_content&#8220;]<\/p>\n<h2>Wie funktioniert Mentimeter?<\/h2>\n<p>[\/et_pb_text][\/et_pb_column_inner][\/et_pb_row_inner][et_pb_row_inner _builder_version=&#8220;4.16.0&#8243; _module_preset=&#8220;default&#8220; global_colors_info=&#8220;{}&#8220; theme_builder_area=&#8220;post_content&#8220;][et_pb_column_inner saved_specialty_column_type=&#8220;3_4&#8243; _builder_version=&#8220;4.16.0&#8243; _module_preset=&#8220;default&#8220; global_colors_info=&#8220;{}&#8220; theme_builder_area=&#8220;post_content&#8220;][et_pb_blurb title=&#8220;Online-Editor&#8220; use_icon=&#8220;on&#8220; font_icon=&#8220;&#xf1ea;||fa||400&#8243; icon_placement=&#8220;left&#8220; content_max_width=&#8220;1090px&#8220; _builder_version=&#8220;4.16.0&#8243; _module_preset=&#8220;default&#8220; global_colors_info=&#8220;{}&#8220; theme_builder_area=&#8220;post_content&#8220;]<\/p>\n<p>Mit Mentimeter k\u00f6nnen Sie \u00fcberzeugende, interaktive Pr\u00e4sentationen mit einem einfachen Online-Editor erstellen. Es ist kein Download erforderlich \u2013 melden Sie sich einfach direkt \u00fcber mentimeter.com an. Sie ben\u00f6tigen keine besonderen IT-Kenntnisse, um Mentimeter zu nutzen.<\/p>\n<p>[\/et_pb_blurb][et_pb_blurb title=&#8220;Echtzeit-Feedback&#8220; use_icon=&#8220;on&#8220; font_icon=&#8220;&#xf086;||fa||400&#8243; icon_placement=&#8220;left&#8220; content_max_width=&#8220;1100px&#8220; _builder_version=&#8220;4.16.0&#8243; _module_preset=&#8220;default&#8220; global_colors_info=&#8220;{}&#8220; theme_builder_area=&#8220;post_content&#8220;]<\/p>\n<p>Bereichern Sie Ihre Pr\u00e4sentationen mit einigen Klicks um Fragen, Live-Umfragen, Quizfragen, Wortwolken oder Q&amp;A-Runden, um Echtzeit-Feedback von Ihren Zuh\u00f6renden zu erhalten und so Ihre Lehrveranstaltungen interaktiver und integrativer zu gestalten.<\/p>\n<p>[\/et_pb_blurb][et_pb_blurb title=&#8220;Interaktiv&#8220; use_icon=&#8220;on&#8220; font_icon=&#8220;&#xf3cd;||fa||900&#8243; icon_placement=&#8220;left&#8220; content_max_width=&#8220;1100px&#8220; _builder_version=&#8220;4.16.0&#8243; _module_preset=&#8220;default&#8220; global_colors_info=&#8220;{}&#8220; theme_builder_area=&#8220;post_content&#8220;]<\/p>\n<p>Wenn Sie eine Vorlesung oder Pr\u00e4sentation halten, k\u00f6nnen Ihre Teilnehmenden \u00fcber ihr Smartphone oder einen Rechner teilnehmen. Die Antworten werden in Echtzeit verarbeitet und visualisiert, wodurch ein interaktives Erlebnis entsteht.<\/p>\n<p>[\/et_pb_blurb][et_pb_blurb title=&#8220;Analyse&#8220; use_icon=&#8220;on&#8220; font_icon=&#8220;&#xf080;||fa||400&#8243; icon_placement=&#8220;left&#8220; content_max_width=&#8220;1100px&#8220; _builder_version=&#8220;4.16.0&#8243; _module_preset=&#8220;default&#8220; global_colors_info=&#8220;{}&#8220; theme_builder_area=&#8220;post_content&#8220;]<\/p>\n<p>Nach Abschluss Ihrer Mentimeter-Pr\u00e4sentation k\u00f6nnen Sie die Ergebnisse exportieren und analysieren, um Entwicklungen zu verfolgen und fundierte p\u00e4dagogische Entscheidungen zu treffen.<\/p>\n<p>[\/et_pb_blurb][\/et_pb_column_inner][\/et_pb_row_inner][\/et_pb_column][et_pb_column type=&#8220;1_4&#8243; _builder_version=&#8220;4.16&#8243; custom_padding=&#8220;|||&#8220; global_colors_info=&#8220;{}&#8220; custom_padding__hover=&#8220;|||&#8220; theme_builder_area=&#8220;post_content&#8220;][et_pb_blurb title=&#8220;Klingt das interessant?&#8220; use_icon=&#8220;on&#8220; font_icon=&#8220;&#xf129;||fa||900&#8243; icon_placement=&#8220;left&#8220; _builder_version=&#8220;4.16.0&#8243; _module_preset=&#8220;default&#8220; global_colors_info=&#8220;{}&#8220; theme_builder_area=&#8220;post_content&#8220;]<\/p>\n<p>Eine Anleitung, wie Sie mit Ihrer ersten Pr\u00e4sentation starten k\u00f6nnen, finden Sie (auf Englisch) <a href=\"https:\/\/help.mentimeter.com\/en\/articles\/375437-create-your-first-presentation\" target=\"_blank\" rel=\"noopener\">hier.<\/a><\/p>\n<p>[\/et_pb_blurb][\/et_pb_column][\/et_pb_section][et_pb_section fb_built=&#8220;1&#8243; specialty=&#8220;on&#8220; _builder_version=&#8220;4.16&#8243; _module_preset=&#8220;default&#8220; global_colors_info=&#8220;{}&#8220; theme_builder_area=&#8220;post_content&#8220;][et_pb_column type=&#8220;3_4&#8243; specialty_columns=&#8220;3&#8243; _builder_version=&#8220;4.16&#8243; custom_padding=&#8220;|||&#8220; global_colors_info=&#8220;{}&#8220; custom_padding__hover=&#8220;|||&#8220; theme_builder_area=&#8220;post_content&#8220;][et_pb_row_inner module_id=&#8220;02&#8243; _builder_version=&#8220;4.16&#8243; _module_preset=&#8220;default&#8220; custom_padding=&#8220;||0px|||&#8220; global_colors_info=&#8220;{}&#8220; theme_builder_area=&#8220;post_content&#8220;][et_pb_column_inner saved_specialty_column_type=&#8220;3_4&#8243; _builder_version=&#8220;4.16&#8243; _module_preset=&#8220;default&#8220; global_colors_info=&#8220;{}&#8220; theme_builder_area=&#8220;post_content&#8220;][et_pb_text module_id=&#8220;02_gemeinsame_arbeitsflaeche&#8220; _builder_version=&#8220;4.16.0&#8243; _module_preset=&#8220;default&#8220; global_colors_info=&#8220;{}&#8220; theme_builder_area=&#8220;post_content&#8220;]<\/p>\n<h2>Weiterf\u00fchrende Informationen und Unterst\u00fctzung:<\/h2>\n<p>[\/et_pb_text][\/et_pb_column_inner][\/et_pb_row_inner][et_pb_row_inner column_structure=&#8220;1_3,1_3,1_3&#8243; _builder_version=&#8220;4.16&#8243; _module_preset=&#8220;default&#8220; global_colors_info=&#8220;{}&#8220; theme_builder_area=&#8220;post_content&#8220;][et_pb_column_inner type=&#8220;1_3&#8243; saved_specialty_column_type=&#8220;3_4&#8243; _builder_version=&#8220;4.16&#8243; _module_preset=&#8220;default&#8220; global_colors_info=&#8220;{}&#8220; theme_builder_area=&#8220;post_content&#8220;][et_pb_cta title=&#8220;Help Center %91EN%93&#8243; button_text=&#8220;Klicks&#8220; _builder_version=&#8220;4.16.0&#8243; _module_preset=&#8220;9a1f7334-d83d-44ce-97b5-acdc9af63e86&#8243; header_font_size=&#8220;16px&#8220; header_line_height=&#8220;1.7em&#8220; custom_padding=&#8220;20px|20px|0px|20px|false|false&#8220; link_option_url=&#8220;https:\/\/help.mentimeter.com\/en\/&#8220; link_option_url_new_window=&#8220;on&#8220; global_colors_info=&#8220;{}&#8220; header_letter_spacing__hover_enabled=&#8220;off|desktop&#8220; theme_builder_area=&#8220;post_content&#8220;]<\/p>\n<p><span class=\"et-pb-icon\" style=\"font-size: 25px;\"><br \/>$<\/span><\/p>\n<p>[\/et_pb_cta][\/et_pb_column_inner][et_pb_column_inner type=&#8220;1_3&#8243; saved_specialty_column_type=&#8220;3_4&#8243; _builder_version=&#8220;4.16&#8243; _module_preset=&#8220;default&#8220; global_colors_info=&#8220;{}&#8220; theme_builder_area=&#8220;post_content&#8220;][et_pb_cta title=&#8220;Mentimeter Academy %91EN%93&#8243; button_text=&#8220;Klicks&#8220; _builder_version=&#8220;4.16.0&#8243; _module_preset=&#8220;9a1f7334-d83d-44ce-97b5-acdc9af63e86&#8243; header_font_size=&#8220;16px&#8220; header_line_height=&#8220;1.7em&#8220; custom_padding=&#8220;20px|20px|0px|20px|false|false&#8220; link_option_url=&#8220;https:\/\/academy.mentimeter.com\/&#8220; link_option_url_new_window=&#8220;on&#8220; global_colors_info=&#8220;{}&#8220; header_letter_spacing__hover_enabled=&#8220;off|desktop&#8220; theme_builder_area=&#8220;post_content&#8220;]<\/p>\n<p><span class=\"et-pb-icon\" style=\"font-size: 25px;\"><br \/>$<\/span><\/p>\n<p>[\/et_pb_cta][\/et_pb_column_inner][et_pb_column_inner type=&#8220;1_3&#8243; saved_specialty_column_type=&#8220;3_4&#8243; _builder_version=&#8220;4.16&#8243; _module_preset=&#8220;default&#8220; global_colors_info=&#8220;{}&#8220; theme_builder_area=&#8220;post_content&#8220;][et_pb_cta title=&#8220;Video tutorials %91EN%93&#8243; button_text=&#8220;Klicks&#8220; _builder_version=&#8220;4.16.0&#8243; _module_preset=&#8220;9a1f7334-d83d-44ce-97b5-acdc9af63e86&#8243; header_font_size=&#8220;16px&#8220; header_line_height=&#8220;1.7em&#8220; custom_padding=&#8220;20px|20px|0px|20px|false|false&#8220; link_option_url=&#8220;https:\/\/www.youtube.com\/user\/Mentimeter&#8220; link_option_url_new_window=&#8220;on&#8220; global_colors_info=&#8220;{}&#8220; header_letter_spacing__hover_enabled=&#8220;off|desktop&#8220; theme_builder_area=&#8220;post_content&#8220;]<\/p>\n<p><span class=\"et-pb-icon\" style=\"font-size: 25px;\"><br \/>$<\/span><\/p>\n<p>[\/et_pb_cta][\/et_pb_column_inner][\/et_pb_row_inner][\/et_pb_column][et_pb_column type=&#8220;1_4&#8243; _builder_version=&#8220;4.16&#8243; custom_padding=&#8220;|||&#8220; global_colors_info=&#8220;{}&#8220; custom_padding__hover=&#8220;|||&#8220; theme_builder_area=&#8220;post_content&#8220;][et_pb_text module_id=&#8220;02_gemeinsame_arbeitsflaeche&#8220; _builder_version=&#8220;4.16.0&#8243; _module_preset=&#8220;default&#8220; global_colors_info=&#8220;{}&#8220; theme_builder_area=&#8220;post_content&#8220;]<\/p>\n<h2>Support<\/h2>\n<p>[\/et_pb_text][et_pb_blurb title=&#8220;hello@mentimeter.com&#8220; use_icon=&#8220;on&#8220; font_icon=&#8220;&#xe076;||divi||400&#8243; icon_placement=&#8220;left&#8220; image_icon_width=&#8220;25px&#8220; _builder_version=&#8220;4.16.0&#8243; _module_preset=&#8220;default&#8220; header_font_size=&#8220;20px&#8220; icon_font_size=&#8220;25px&#8220; global_colors_info=&#8220;{}&#8220; theme_builder_area=&#8220;post_content&#8220;][\/et_pb_blurb][\/et_pb_column][\/et_pb_section]<\/p>\n","protected":false},"excerpt":{"rendered":"<p>MentimeterGestalten Sie Ihre Lehrveranstaltungen und andere Veranstaltungen dynamischer und interaktiver mit Mentimeter. Die Einsatzzwecke sind vielf\u00e4ltig. Im Folgenden geben wir einen kurzen \u00dcberblick \u00fcber Funktionalit\u00e4ten und verlinken am Ende der Seite auf n\u00fctzliche Tutorials.Suchen Sie nach M\u00f6glichkeiten, Ihre Veranstaltungen interaktiver und engagierender zu gestalten? M\u00f6chten Sie sicherstellen, dass die Stimmen Ihrer Studierenden geh\u00f6rt werden und [&hellip;]<\/p>\n","protected":false},"author":16,"featured_media":0,"parent":0,"menu_order":0,"comment_status":"closed","ping_status":"closed","template":"","meta":{"_et_pb_use_builder":"on","_et_pb_old_content":"","_et_gb_content_width":"","inline_featured_image":false,"footnotes":""},"class_list":["post-41131","page","type-page","status-publish","hentry"],"_links":{"self":[{"href":"https:\/\/blog.hwr-berlin.de\/elerner\/wp-json\/wp\/v2\/pages\/41131","targetHints":{"allow":["GET"]}}],"collection":[{"href":"https:\/\/blog.hwr-berlin.de\/elerner\/wp-json\/wp\/v2\/pages"}],"about":[{"href":"https:\/\/blog.hwr-berlin.de\/elerner\/wp-json\/wp\/v2\/types\/page"}],"author":[{"embeddable":true,"href":"https:\/\/blog.hwr-berlin.de\/elerner\/wp-json\/wp\/v2\/users\/16"}],"replies":[{"embeddable":true,"href":"https:\/\/blog.hwr-berlin.de\/elerner\/wp-json\/wp\/v2\/comments?post=41131"}],"version-history":[{"count":16,"href":"https:\/\/blog.hwr-berlin.de\/elerner\/wp-json\/wp\/v2\/pages\/41131\/revisions"}],"predecessor-version":[{"id":42563,"href":"https:\/\/blog.hwr-berlin.de\/elerner\/wp-json\/wp\/v2\/pages\/41131\/revisions\/42563"}],"wp:attachment":[{"href":"https:\/\/blog.hwr-berlin.de\/elerner\/wp-json\/wp\/v2\/media?parent=41131"}],"curies":[{"name":"wp","href":"https:\/\/api.w.org\/{rel}","templated":true}]}}