

{"id":2627,"date":"2026-03-09T13:12:02","date_gmt":"2026-03-09T12:12:02","guid":{"rendered":"https:\/\/blog.hwr-berlin.de\/futuretourism\/?page_id=2627"},"modified":"2026-03-10T18:50:28","modified_gmt":"2026-03-10T17:50:28","slug":"tag-4-10-02-2026","status":"publish","type":"page","link":"https:\/\/blog.hwr-berlin.de\/futuretourism\/tag-4-10-02-2026\/","title":{"rendered":"Tag 4 &#8211; 10.02.2026"},"content":{"rendered":"\t\t<div data-elementor-type=\"wp-page\" data-elementor-id=\"2627\" class=\"elementor elementor-2627\">\n\t\t\t\t<div class=\"elementor-element elementor-element-1a6b1dc e-flex e-con-boxed e-con e-parent\" data-id=\"1a6b1dc\" data-element_type=\"container\" data-e-type=\"container\">\n\t\t\t\t\t<div class=\"e-con-inner\">\n\t\t\t\t<div class=\"elementor-element elementor-element-64d17f0 elementor-widget elementor-widget-heading\" data-id=\"64d17f0\" data-element_type=\"widget\" data-e-type=\"widget\" data-widget_type=\"heading.default\">\n\t\t\t\t\t<h2 class=\"elementor-heading-title elementor-size-default\"><b>Tag 4 auf der INTERGASTRA - FokusHOTEL <\/b><\/h2>\t\t\t\t<\/div>\n\t\t\t\t\t<\/div>\n\t\t\t\t<\/div>\n\t\t<div class=\"elementor-element elementor-element-9d12d32 e-flex e-con-boxed e-con e-parent\" data-id=\"9d12d32\" data-element_type=\"container\" data-e-type=\"container\">\n\t\t\t\t\t<div class=\"e-con-inner\">\n\t\t\t\t<div class=\"elementor-element elementor-element-f37f5fe elementor-widget elementor-widget-text-editor\" data-id=\"f37f5fe\" data-element_type=\"widget\" data-e-type=\"widget\" data-widget_type=\"text-editor.default\">\n\t\t\t\t\t\t\t\t\t<p><em>Dienstag, 10.02.2026<\/em><\/p><p>Am vierten Messetag lief das B\u00fchnenprogramm der FokusHOTEL-Fl\u00e4che vollst\u00e4ndig unter der Regie von SPA Inside. F\u00fcr uns bedeutete das: einmal die Perspektive wechseln und selbst als Zuh\u00f6rer:innen und Besucher:innen \u00fcber die Messe gehen. So konnten wir uns intensiver mit verschiedenen Themen und Ausstellern besch\u00e4ftigen.<\/p><p>Den Start in den Tag \u00fcbernahm dennoch <a href=\"https:\/\/www.linkedin.com\/in\/malte-staffel-8166a21b1\/?lipi=urn%3Ali%3Apage%3Ad_flagship3_profile_view_base_contact_details%3BKj9iW69vTmq9DOV%2B7nfiXA%3D%3D\">Malte Staffel<\/a> im Morning Talk. Dabei wurde ein kurzer R\u00fcckblick auf die bisherigen Messetage gegeben und ein Ausblick auf das Tagesprogramm formuliert.<\/p><p>Auch wenn wir an diesem Tag nicht selbst auf der B\u00fchne aktiv waren, bot sich die Gelegenheit, neue Eindr\u00fccke zu sammeln und verschiedene Programmpunkte der Messe zu besuchen.<\/p><p><strong>Ein strategischer Blick auf 2026<\/strong><\/p><p>Ein inhaltlicher Impuls des Tages kam von <a href=\"https:\/\/www.linkedin.com\/in\/wilkoweber\/?lipi=urn%3Ali%3Apage%3Ad_flagship3_profile_view_base_contact_details%3B5JKnJBHsT621yMiNp%2BDOEw%3D%3D\">Wilhelm K. Weber<\/a>, der im Kaminzimmer einen Vortrag zur Frage hielt, wie sich die Rahmenbedingungen f\u00fcr die Hotellerie in den kommenden Jahren entwickeln k\u00f6nnten.<\/p><p><span style=\"text-decoration: underline;\">Im Mittelpunkt stand die Frage: 2026 \u2013 Krise oder Chance?<br \/><\/span>Dabei wurden vier zentrale Entwicklungen skizziert, die die Branche aktuell pr\u00e4gen:<\/p><ul><li>ged\u00e4mpftes globales Wachstum<\/li><li>anhaltender Kosteninflationsdruck<\/li><li>h\u00f6here Kapitaldisziplin bei Investitionen<\/li><li>struktureller Fachkr\u00e4ftemangel<\/li><\/ul><p>Besonders deutlich wurde, dass Entscheidungen in der Hotellerie k\u00fcnftig noch strategischer getroffen werden m\u00fcssen \u2013 gerade wenn es um Investitionen, Finanzierung und langfristige Positionierung geht.<\/p>\t\t\t\t\t\t\t\t<\/div>\n\t\t\t\t\t<\/div>\n\t\t\t\t<\/div>\n\t\t<div class=\"elementor-element elementor-element-b1456ef e-flex e-con-boxed e-con e-parent\" data-id=\"b1456ef\" data-element_type=\"container\" data-e-type=\"container\">\n\t\t\t\t\t<div class=\"e-con-inner\">\n\t\t\t\t<div class=\"elementor-element elementor-element-3c3e449 elementor-widget elementor-widget-image-gallery\" data-id=\"3c3e449\" data-element_type=\"widget\" data-e-type=\"widget\" data-widget_type=\"image-gallery.default\">\n\t\t\t\t\t\t\t<div class=\"elementor-image-gallery\">\n\t\t\t<div id='gallery-1' class='gallery galleryid-2627 gallery-columns-4 gallery-size-thumbnail'><figure class='gallery-item'>\n\t\t\t<div class='gallery-icon landscape'>\n\t\t\t\t<a data-elementor-open-lightbox=\"yes\" data-elementor-lightbox-slideshow=\"3c3e449\" data-elementor-lightbox-title=\"IMG_2928\" data-e-action-hash=\"#elementor-action%3Aaction%3Dlightbox%26settings%3DeyJpZCI6MjY1NiwidXJsIjoiaHR0cHM6XC9cL2Jsb2cuaHdyLWJlcmxpbi5kZVwvZnV0dXJldG91cmlzbVwvd3AtY29udGVudFwvdXBsb2Fkc19mdXR1cmVcLzIwMjZcLzAzXC9JTUdfMjkyOC1zY2FsZWQuanBlZyIsInNsaWRlc2hvdyI6IjNjM2U0NDkifQ%3D%3D\" href='https:\/\/blog.hwr-berlin.de\/futuretourism\/wp-content\/uploads_future\/2026\/03\/IMG_2928-scaled.jpeg'><img decoding=\"async\" width=\"150\" height=\"150\" src=\"https:\/\/blog.hwr-berlin.de\/futuretourism\/wp-content\/uploads_future\/2026\/03\/IMG_2928-150x150.jpeg\" class=\"attachment-thumbnail size-thumbnail\" alt=\"\" aria-describedby=\"gallery-1-2656\" srcset=\"https:\/\/blog.hwr-berlin.de\/futuretourism\/wp-content\/uploads_future\/2026\/03\/IMG_2928-150x150.jpeg 150w, https:\/\/blog.hwr-berlin.de\/futuretourism\/wp-content\/uploads_future\/2026\/03\/IMG_2928-100x100.jpeg 100w\" sizes=\"100vw\" \/><\/a>\n\t\t\t<\/div>\n\t\t\t\t<figcaption class='wp-caption-text gallery-caption' id='gallery-1-2656'>\n\t\t\t\tKlicke auf das Foto, um  Wilhelm K. Weber zu sehen.\n\t\t\t\t<\/figcaption><\/figure>\n\t\t<\/div>\n\t\t<\/div>\n\t\t\t\t\t\t<\/div>\n\t\t\t\t\t<\/div>\n\t\t\t\t<\/div>\n\t\t<div class=\"elementor-element elementor-element-8902393 e-flex e-con-boxed e-con e-parent\" data-id=\"8902393\" data-element_type=\"container\" data-e-type=\"container\">\n\t\t\t\t\t<div class=\"e-con-inner\">\n\t\t\t\t<div class=\"elementor-element elementor-element-67c99b9 elementor-widget elementor-widget-text-editor\" data-id=\"67c99b9\" data-element_type=\"widget\" data-e-type=\"widget\" data-widget_type=\"text-editor.default\">\n\t\t\t\t\t\t\t\t\t<p><strong>Guided Tour \u00fcber die Messe<\/strong><\/p><p>Ein Teil unseres Tages bestand aus einer Guided Tour \u00fcber die Messe, an der wir in zwei Gruppen teilgenommen haben.<\/p><p>Die Tour stand unter dem Titel:\u00a0<span style=\"text-decoration: underline;\">\u201eVon der Messe in den Betrieb: Nachhaltigkeit als Erlebnis f\u00fcr G\u00e4ste\u201c<\/span><\/p><p>und wurde von Clemens Arnold und Christoph Soukup von 2bdifferent begleitet.<\/p><p>An verschiedenen Stationen wurde gezeigt, wie nachhaltige L\u00f6sungen entlang der Guest Journey eingesetzt werden k\u00f6nnen \u2013 von Materialien \u00fcber Produkte bis hin zu betrieblichen Konzepten.<\/p><p>Spannend war vor allem der Praxisbezug: Nachhaltigkeit wurde nicht nur als theoretisches Konzept betrachtet, sondern als Ansatz, der sowohl \u00f6kologische Wirkung als auch Mehrwert f\u00fcr G\u00e4ste schaffen kann.<\/p><p><strong>Abendprogramm<\/strong><\/p><p>Am Abend waren wir in die VIP Lounge der Messe eingeladen. In entspannter Atmosph\u00e4re konnten wir den Tag gemeinsam ausklingen lassen und die Gelegenheit nutzen, mit anderen Branchenvertreter:innen ins Gespr\u00e4ch zu kommen.<\/p><p>Gerade diese Networking-Momente geh\u00f6ren f\u00fcr uns zu den besonderen Erfahrungen einer Messe.<\/p><p><strong>Unsere Highlights:<\/strong><\/p><ul><li>Ein Perspektivwechsel: selbst als Besucher:innen \u00fcber die Messe gehen<\/li><li>Der strategische Impuls zur Entwicklung der Hotellerie<\/li><li>Die Guided Tour mit vielen praxisnahen Nachhaltigkeitsbeispielen<\/li><li>Networking und Gespr\u00e4che in der VIP Lounge<\/li><\/ul>\t\t\t\t\t\t\t\t<\/div>\n\t\t\t\t\t<\/div>\n\t\t\t\t<\/div>\n\t\t<div class=\"elementor-element elementor-element-45ca295 e-flex e-con-boxed e-con e-parent\" data-id=\"45ca295\" data-element_type=\"container\" data-e-type=\"container\">\n\t\t\t\t\t<div class=\"e-con-inner\">\n\t\t\t\t<div class=\"elementor-element elementor-element-bd79770 elementor-widget elementor-widget-text-editor\" data-id=\"bd79770\" data-element_type=\"widget\" data-e-type=\"widget\" data-widget_type=\"text-editor.default\">\n\t\t\t\t\t\t\t\t\t<pre style=\"color: #000000;\">Tag 4 hat uns gezeigt, wie wertvoll es ist, auch einmal aus der eigenen Rolle herauszutreten \nund die Messe aus einer anderen Perspektive zu erleben.<\/pre>\t\t\t\t\t\t\t\t<\/div>\n\t\t\t\t\t<\/div>\n\t\t\t\t<\/div>\n\t\t<div class=\"elementor-element elementor-element-46764ef e-flex e-con-boxed e-con e-parent\" data-id=\"46764ef\" data-element_type=\"container\" data-e-type=\"container\">\n\t\t\t\t\t<div class=\"e-con-inner\">\n\t\t\t\t<div class=\"elementor-element elementor-element-80d4f08 elementor-widget elementor-widget-text-editor\" data-id=\"80d4f08\" data-element_type=\"widget\" data-e-type=\"widget\" data-widget_type=\"text-editor.default\">\n\t\t\t\t\t\t\t\t\t<p><em>Eure INTERGASTRA-Gruppe<\/em><\/p>\t\t\t\t\t\t\t\t<\/div>\n\t\t\t\t\t<\/div>\n\t\t\t\t<\/div>\n\t\t\t\t<\/div>\n\t\t","protected":false},"excerpt":{"rendered":"<p>Tag 4 auf der INTERGASTRA &#8211; FokusHOTEL Dienstag, 10.02.2026 Am vierten Messetag lief das B\u00fchnenprogramm der FokusHOTEL-Fl\u00e4che vollst\u00e4ndig unter der Regie von SPA Inside. F\u00fcr uns bedeutete das: einmal die Perspektive wechseln und selbst als Zuh\u00f6rer:innen und Besucher:innen \u00fcber die Messe gehen. So konnten wir uns intensiver mit verschiedenen Themen und Ausstellern besch\u00e4ftigen. Den Start &hellip; <\/p>\n<p class=\"link-more\"><a href=\"https:\/\/blog.hwr-berlin.de\/futuretourism\/tag-4-10-02-2026\/\" class=\"more-link\"><span class=\"screen-reader-text\">\u201eTag 4 &#8211; 10.02.2026\u201c <\/span>weiterlesen<\/a><\/p>\n","protected":false},"author":9,"featured_media":0,"parent":0,"menu_order":0,"comment_status":"closed","ping_status":"closed","template":"","meta":{"footnotes":""},"class_list":["post-2627","page","type-page","status-publish","hentry"],"yoast_head":"<!-- This site is optimized with the Yoast SEO plugin v27.5 - https:\/\/yoast.com\/product\/yoast-seo-wordpress\/ -->\n<title>Tag 4 - 10.02.2026 - futuretourism<\/title>\n<meta name=\"robots\" content=\"index, follow, max-snippet:-1, max-image-preview:large, max-video-preview:-1\" \/>\n<link rel=\"canonical\" href=\"https:\/\/blog.hwr-berlin.de\/futuretourism\/tag-4-10-02-2026\/\" \/>\n<meta property=\"og:locale\" content=\"de_DE\" \/>\n<meta property=\"og:type\" content=\"article\" \/>\n<meta property=\"og:title\" content=\"Tag 4 - 10.02.2026 - futuretourism\" \/>\n<meta property=\"og:description\" content=\"Tag 4 auf der INTERGASTRA &#8211; FokusHOTEL Dienstag, 10.02.2026 Am vierten Messetag lief das B\u00fchnenprogramm der FokusHOTEL-Fl\u00e4che vollst\u00e4ndig unter der Regie von SPA Inside. F\u00fcr uns bedeutete das: einmal die Perspektive wechseln und selbst als Zuh\u00f6rer:innen und Besucher:innen \u00fcber die Messe gehen. So konnten wir uns intensiver mit verschiedenen Themen und Ausstellern besch\u00e4ftigen. Den Start &hellip; \u201eTag 4 &#8211; 10.02.2026\u201c weiterlesen\" \/>\n<meta property=\"og:url\" content=\"https:\/\/blog.hwr-berlin.de\/futuretourism\/tag-4-10-02-2026\/\" \/>\n<meta property=\"og:site_name\" content=\"futuretourism\" \/>\n<meta property=\"article:modified_time\" content=\"2026-03-10T17:50:28+00:00\" \/>\n<meta property=\"og:image\" content=\"https:\/\/blog.hwr-berlin.de\/futuretourism\/wp-content\/uploads_future\/2026\/03\/IMG_2928-150x150.jpeg\" \/>\n<meta name=\"twitter:card\" content=\"summary_large_image\" \/>\n<meta name=\"twitter:label1\" content=\"Gesch\u00e4tzte Lesezeit\" \/>\n\t<meta name=\"twitter:data1\" content=\"3\u00a0Minuten\" \/>\n<script type=\"application\/ld+json\" class=\"yoast-schema-graph\">{\"@context\":\"https:\\\/\\\/schema.org\",\"@graph\":[{\"@type\":\"WebPage\",\"@id\":\"https:\\\/\\\/blog.hwr-berlin.de\\\/futuretourism\\\/tag-4-10-02-2026\\\/\",\"url\":\"https:\\\/\\\/blog.hwr-berlin.de\\\/futuretourism\\\/tag-4-10-02-2026\\\/\",\"name\":\"Tag 4 - 10.02.2026 - futuretourism\",\"isPartOf\":{\"@id\":\"https:\\\/\\\/blog.hwr-berlin.de\\\/futuretourism\\\/#website\"},\"primaryImageOfPage\":{\"@id\":\"https:\\\/\\\/blog.hwr-berlin.de\\\/futuretourism\\\/tag-4-10-02-2026\\\/#primaryimage\"},\"image\":{\"@id\":\"https:\\\/\\\/blog.hwr-berlin.de\\\/futuretourism\\\/tag-4-10-02-2026\\\/#primaryimage\"},\"thumbnailUrl\":\"https:\\\/\\\/blog.hwr-berlin.de\\\/futuretourism\\\/wp-content\\\/uploads_future\\\/2026\\\/03\\\/IMG_2928-150x150.jpeg\",\"datePublished\":\"2026-03-09T12:12:02+00:00\",\"dateModified\":\"2026-03-10T17:50:28+00:00\",\"breadcrumb\":{\"@id\":\"https:\\\/\\\/blog.hwr-berlin.de\\\/futuretourism\\\/tag-4-10-02-2026\\\/#breadcrumb\"},\"inLanguage\":\"de\",\"potentialAction\":[{\"@type\":\"ReadAction\",\"target\":[\"https:\\\/\\\/blog.hwr-berlin.de\\\/futuretourism\\\/tag-4-10-02-2026\\\/\"]}]},{\"@type\":\"ImageObject\",\"inLanguage\":\"de\",\"@id\":\"https:\\\/\\\/blog.hwr-berlin.de\\\/futuretourism\\\/tag-4-10-02-2026\\\/#primaryimage\",\"url\":\"https:\\\/\\\/blog.hwr-berlin.de\\\/futuretourism\\\/wp-content\\\/uploads_future\\\/2026\\\/03\\\/IMG_2928-150x150.jpeg\",\"contentUrl\":\"https:\\\/\\\/blog.hwr-berlin.de\\\/futuretourism\\\/wp-content\\\/uploads_future\\\/2026\\\/03\\\/IMG_2928-150x150.jpeg\"},{\"@type\":\"BreadcrumbList\",\"@id\":\"https:\\\/\\\/blog.hwr-berlin.de\\\/futuretourism\\\/tag-4-10-02-2026\\\/#breadcrumb\",\"itemListElement\":[{\"@type\":\"ListItem\",\"position\":1,\"name\":\"Startseite\",\"item\":\"https:\\\/\\\/blog.hwr-berlin.de\\\/futuretourism\\\/\"},{\"@type\":\"ListItem\",\"position\":2,\"name\":\"Tag 4 &#8211; 10.02.2026\"}]},{\"@type\":\"WebSite\",\"@id\":\"https:\\\/\\\/blog.hwr-berlin.de\\\/futuretourism\\\/#website\",\"url\":\"https:\\\/\\\/blog.hwr-berlin.de\\\/futuretourism\\\/\",\"name\":\"futuretourism\",\"description\":\"digital, nachhaltig, wandelbar\",\"publisher\":{\"@id\":\"https:\\\/\\\/blog.hwr-berlin.de\\\/futuretourism\\\/#organization\"},\"potentialAction\":[{\"@type\":\"SearchAction\",\"target\":{\"@type\":\"EntryPoint\",\"urlTemplate\":\"https:\\\/\\\/blog.hwr-berlin.de\\\/futuretourism\\\/?s={search_term_string}\"},\"query-input\":{\"@type\":\"PropertyValueSpecification\",\"valueRequired\":true,\"valueName\":\"search_term_string\"}}],\"inLanguage\":\"de\"},{\"@type\":\"Organization\",\"@id\":\"https:\\\/\\\/blog.hwr-berlin.de\\\/futuretourism\\\/#organization\",\"name\":\"futuretourism\",\"url\":\"https:\\\/\\\/blog.hwr-berlin.de\\\/futuretourism\\\/\",\"logo\":{\"@type\":\"ImageObject\",\"inLanguage\":\"de\",\"@id\":\"https:\\\/\\\/blog.hwr-berlin.de\\\/futuretourism\\\/#\\\/schema\\\/logo\\\/image\\\/\",\"url\":\"https:\\\/\\\/blog.hwr-berlin.de\\\/futuretourism\\\/wp-content\\\/uploads_future\\\/2026\\\/01\\\/cropped-STACKED-scaled-1.jpg\",\"contentUrl\":\"https:\\\/\\\/blog.hwr-berlin.de\\\/futuretourism\\\/wp-content\\\/uploads_future\\\/2026\\\/01\\\/cropped-STACKED-scaled-1.jpg\",\"width\":562,\"height\":250,\"caption\":\"futuretourism\"},\"image\":{\"@id\":\"https:\\\/\\\/blog.hwr-berlin.de\\\/futuretourism\\\/#\\\/schema\\\/logo\\\/image\\\/\"}}]}<\/script>\n<!-- \/ Yoast SEO plugin. -->","yoast_head_json":{"title":"Tag 4 - 10.02.2026 - futuretourism","robots":{"index":"index","follow":"follow","max-snippet":"max-snippet:-1","max-image-preview":"max-image-preview:large","max-video-preview":"max-video-preview:-1"},"canonical":"https:\/\/blog.hwr-berlin.de\/futuretourism\/tag-4-10-02-2026\/","og_locale":"de_DE","og_type":"article","og_title":"Tag 4 - 10.02.2026 - futuretourism","og_description":"Tag 4 auf der INTERGASTRA &#8211; FokusHOTEL Dienstag, 10.02.2026 Am vierten Messetag lief das B\u00fchnenprogramm der FokusHOTEL-Fl\u00e4che vollst\u00e4ndig unter der Regie von SPA Inside. F\u00fcr uns bedeutete das: einmal die Perspektive wechseln und selbst als Zuh\u00f6rer:innen und Besucher:innen \u00fcber die Messe gehen. So konnten wir uns intensiver mit verschiedenen Themen und Ausstellern besch\u00e4ftigen. Den Start &hellip; \u201eTag 4 &#8211; 10.02.2026\u201c weiterlesen","og_url":"https:\/\/blog.hwr-berlin.de\/futuretourism\/tag-4-10-02-2026\/","og_site_name":"futuretourism","article_modified_time":"2026-03-10T17:50:28+00:00","og_image":[{"url":"https:\/\/blog.hwr-berlin.de\/futuretourism\/wp-content\/uploads_future\/2026\/03\/IMG_2928-150x150.jpeg","type":"","width":"","height":""}],"twitter_card":"summary_large_image","twitter_misc":{"Gesch\u00e4tzte Lesezeit":"3\u00a0Minuten"},"schema":{"@context":"https:\/\/schema.org","@graph":[{"@type":"WebPage","@id":"https:\/\/blog.hwr-berlin.de\/futuretourism\/tag-4-10-02-2026\/","url":"https:\/\/blog.hwr-berlin.de\/futuretourism\/tag-4-10-02-2026\/","name":"Tag 4 - 10.02.2026 - futuretourism","isPartOf":{"@id":"https:\/\/blog.hwr-berlin.de\/futuretourism\/#website"},"primaryImageOfPage":{"@id":"https:\/\/blog.hwr-berlin.de\/futuretourism\/tag-4-10-02-2026\/#primaryimage"},"image":{"@id":"https:\/\/blog.hwr-berlin.de\/futuretourism\/tag-4-10-02-2026\/#primaryimage"},"thumbnailUrl":"https:\/\/blog.hwr-berlin.de\/futuretourism\/wp-content\/uploads_future\/2026\/03\/IMG_2928-150x150.jpeg","datePublished":"2026-03-09T12:12:02+00:00","dateModified":"2026-03-10T17:50:28+00:00","breadcrumb":{"@id":"https:\/\/blog.hwr-berlin.de\/futuretourism\/tag-4-10-02-2026\/#breadcrumb"},"inLanguage":"de","potentialAction":[{"@type":"ReadAction","target":["https:\/\/blog.hwr-berlin.de\/futuretourism\/tag-4-10-02-2026\/"]}]},{"@type":"ImageObject","inLanguage":"de","@id":"https:\/\/blog.hwr-berlin.de\/futuretourism\/tag-4-10-02-2026\/#primaryimage","url":"https:\/\/blog.hwr-berlin.de\/futuretourism\/wp-content\/uploads_future\/2026\/03\/IMG_2928-150x150.jpeg","contentUrl":"https:\/\/blog.hwr-berlin.de\/futuretourism\/wp-content\/uploads_future\/2026\/03\/IMG_2928-150x150.jpeg"},{"@type":"BreadcrumbList","@id":"https:\/\/blog.hwr-berlin.de\/futuretourism\/tag-4-10-02-2026\/#breadcrumb","itemListElement":[{"@type":"ListItem","position":1,"name":"Startseite","item":"https:\/\/blog.hwr-berlin.de\/futuretourism\/"},{"@type":"ListItem","position":2,"name":"Tag 4 &#8211; 10.02.2026"}]},{"@type":"WebSite","@id":"https:\/\/blog.hwr-berlin.de\/futuretourism\/#website","url":"https:\/\/blog.hwr-berlin.de\/futuretourism\/","name":"futuretourism","description":"digital, nachhaltig, wandelbar","publisher":{"@id":"https:\/\/blog.hwr-berlin.de\/futuretourism\/#organization"},"potentialAction":[{"@type":"SearchAction","target":{"@type":"EntryPoint","urlTemplate":"https:\/\/blog.hwr-berlin.de\/futuretourism\/?s={search_term_string}"},"query-input":{"@type":"PropertyValueSpecification","valueRequired":true,"valueName":"search_term_string"}}],"inLanguage":"de"},{"@type":"Organization","@id":"https:\/\/blog.hwr-berlin.de\/futuretourism\/#organization","name":"futuretourism","url":"https:\/\/blog.hwr-berlin.de\/futuretourism\/","logo":{"@type":"ImageObject","inLanguage":"de","@id":"https:\/\/blog.hwr-berlin.de\/futuretourism\/#\/schema\/logo\/image\/","url":"https:\/\/blog.hwr-berlin.de\/futuretourism\/wp-content\/uploads_future\/2026\/01\/cropped-STACKED-scaled-1.jpg","contentUrl":"https:\/\/blog.hwr-berlin.de\/futuretourism\/wp-content\/uploads_future\/2026\/01\/cropped-STACKED-scaled-1.jpg","width":562,"height":250,"caption":"futuretourism"},"image":{"@id":"https:\/\/blog.hwr-berlin.de\/futuretourism\/#\/schema\/logo\/image\/"}}]}},"_links":{"self":[{"href":"https:\/\/blog.hwr-berlin.de\/futuretourism\/wp-json\/wp\/v2\/pages\/2627","targetHints":{"allow":["GET"]}}],"collection":[{"href":"https:\/\/blog.hwr-berlin.de\/futuretourism\/wp-json\/wp\/v2\/pages"}],"about":[{"href":"https:\/\/blog.hwr-berlin.de\/futuretourism\/wp-json\/wp\/v2\/types\/page"}],"author":[{"embeddable":true,"href":"https:\/\/blog.hwr-berlin.de\/futuretourism\/wp-json\/wp\/v2\/users\/9"}],"replies":[{"embeddable":true,"href":"https:\/\/blog.hwr-berlin.de\/futuretourism\/wp-json\/wp\/v2\/comments?post=2627"}],"version-history":[{"count":22,"href":"https:\/\/blog.hwr-berlin.de\/futuretourism\/wp-json\/wp\/v2\/pages\/2627\/revisions"}],"predecessor-version":[{"id":2699,"href":"https:\/\/blog.hwr-berlin.de\/futuretourism\/wp-json\/wp\/v2\/pages\/2627\/revisions\/2699"}],"wp:attachment":[{"href":"https:\/\/blog.hwr-berlin.de\/futuretourism\/wp-json\/wp\/v2\/media?parent=2627"}],"curies":[{"name":"wp","href":"https:\/\/api.w.org\/{rel}","templated":true}]}}