

{"id":41,"date":"2022-09-12T13:38:49","date_gmt":"2022-09-12T11:38:49","guid":{"rendered":"https:\/\/blog.hwr-berlin.de\/gremieninfo\/?page_id=41"},"modified":"2025-11-17T11:17:49","modified_gmt":"2025-11-17T10:17:49","slug":"sitzungsteilnahme-und-verhinderung","status":"publish","type":"page","link":"https:\/\/blog.hwr-berlin.de\/gremieninfo\/haeufig-gestellte-fragen-faq\/sitzungsteilnahme-und-verhinderung\/","title":{"rendered":"Sitzungsteilnahme und Verhinderung"},"content":{"rendered":"\n<h3 class=\"wp-block-heading has-vivid-red-color has-text-color\"><em>Gilt die Teilnahme an Sitzungen als Arbeitszeit?<\/em><\/h3>\n\n\n\n<p>F\u00fcr Professor*innen und MTSV sowie Wissenschaftliche Mitarbeiter*innen ist die Sitzungsteilnahme Arbeitszeit. Lehrbeauftragte und Studierende k\u00f6nnen f\u00fcr die Teilnahme an Sitzungen Sitzungsgeld beantragen (siehe dort).<\/p>\n\n\n\n<h3 class=\"wp-block-heading has-vivid-red-color has-text-color\"><em>Was muss ich tun, wenn ich an der Teilnahme an einer Sitzung verhindert bin?<\/em><\/h3>\n\n\n\n<p>Wenn Sie als Mitglied an einer Gremiensitzung nicht teilnehmen k\u00f6nnen, informieren Sie bitte die Person, von der Sie die Einladung erhalten haben, sowie Ihre*n Stellvertreter*in in dem Gremium. Zum Auffinden von Mitgliedern und Stellvertreter*innen siehe \u201e<a href=\"https:\/\/blog.hwr-berlin.de\/gremieninfo\/allgemeines\/\" data-type=\"page\" data-id=\"34\">Allgemeines<\/a>\u201c.<\/p>\n\n\n\n<p>Bitte beachten Sie, dass die Stellvertretung in der Reihenfolge erfolgen muss, wie im Wahlergebnis ausgewiesen, das hei\u00dft, Vertreter*in 2 kann erst angesprochen werden, wenn Vertreter*in 1 ebenfalls verhindert ist etc.<\/p>\n\n\n\n<p>Im Erweiterten Akademischen Senat (EAS) werden die AS-Mitglieder von ihren Stellvertretungen im AS vertreten, die \u00fcbrigen von den f\u00fcr den EAS gew\u00e4hlten Stellvertretungen.<\/p>\n","protected":false},"excerpt":{"rendered":"<p>Gilt die Teilnahme an Sitzungen als Arbeitszeit? F\u00fcr Professor*innen und MTSV sowie Wissenschaftliche Mitarbeiter*innen ist die Sitzungsteilnahme Arbeitszeit. Lehrbeauftragte und Studierende k\u00f6nnen f\u00fcr die Teilnahme an Sitzungen Sitzungsgeld beantragen (siehe dort). Was muss ich tun, wenn ich an der Teilnahme an einer Sitzung verhindert bin? Wenn Sie als Mitglied an einer Gremiensitzung nicht teilnehmen k\u00f6nnen, &hellip; <\/p>\n<p class=\"link-more\"><a href=\"https:\/\/blog.hwr-berlin.de\/gremieninfo\/haeufig-gestellte-fragen-faq\/sitzungsteilnahme-und-verhinderung\/\" class=\"more-link\"><span class=\"screen-reader-text\">\u201eSitzungsteilnahme und Verhinderung\u201c <\/span>weiterlesen<\/a><\/p>\n","protected":false},"author":2,"featured_media":0,"parent":30,"menu_order":3,"comment_status":"closed","ping_status":"closed","template":"","meta":{"footnotes":""},"class_list":["post-41","page","type-page","status-publish","hentry"],"_links":{"self":[{"href":"https:\/\/blog.hwr-berlin.de\/gremieninfo\/wp-json\/wp\/v2\/pages\/41","targetHints":{"allow":["GET"]}}],"collection":[{"href":"https:\/\/blog.hwr-berlin.de\/gremieninfo\/wp-json\/wp\/v2\/pages"}],"about":[{"href":"https:\/\/blog.hwr-berlin.de\/gremieninfo\/wp-json\/wp\/v2\/types\/page"}],"author":[{"embeddable":true,"href":"https:\/\/blog.hwr-berlin.de\/gremieninfo\/wp-json\/wp\/v2\/users\/2"}],"replies":[{"embeddable":true,"href":"https:\/\/blog.hwr-berlin.de\/gremieninfo\/wp-json\/wp\/v2\/comments?post=41"}],"version-history":[{"count":7,"href":"https:\/\/blog.hwr-berlin.de\/gremieninfo\/wp-json\/wp\/v2\/pages\/41\/revisions"}],"predecessor-version":[{"id":112,"href":"https:\/\/blog.hwr-berlin.de\/gremieninfo\/wp-json\/wp\/v2\/pages\/41\/revisions\/112"}],"up":[{"embeddable":true,"href":"https:\/\/blog.hwr-berlin.de\/gremieninfo\/wp-json\/wp\/v2\/pages\/30"}],"wp:attachment":[{"href":"https:\/\/blog.hwr-berlin.de\/gremieninfo\/wp-json\/wp\/v2\/media?parent=41"}],"curies":[{"name":"wp","href":"https:\/\/api.w.org\/{rel}","templated":true}]}}