

{"id":86,"date":"2023-02-16T13:32:40","date_gmt":"2023-02-16T12:32:40","guid":{"rendered":"https:\/\/blog.hwr-berlin.de\/gremieninfo\/?page_id=86"},"modified":"2025-11-17T11:19:00","modified_gmt":"2025-11-17T10:19:00","slug":"termine-und-organisation-von-sitzungen","status":"publish","type":"page","link":"https:\/\/blog.hwr-berlin.de\/gremieninfo\/hinweise-fuer-vorsitzende-zentraler-gremien\/termine-und-organisation-von-sitzungen\/","title":{"rendered":"Termine und Organisation von Sitzungen"},"content":{"rendered":"\n<p>Sitzungstermine sollten mindestens f\u00fcr ein Jahr im Voraus festgelegt werden. Gem\u00e4\u00df der <a href=\"https:\/\/www.hwr-berlin.de\/fileadmin\/portal\/Dokumente\/HWR-Berlin\/Mitteilungsbl%C3%A4tter\/2023\/Mitteilungsblatt_61-2023_ZHV_Gesch%C3%A4ftsordnung_Akademischer_Senat.pdf\" target=\"_blank\" rel=\"noreferrer noopener\">Gesch\u00e4ftsordnung <\/a>der HWR Berlin sollen die Sitzungswochentage f\u00fcr die einzelnen Gremien konstant gehalten werden. \u00dcber die H\u00e4ufigkeit der Sitzungen entscheidet das Gremium.<\/p>\n\n\n\n<p>Bei der Organisation von Sitzungen, d. h. Erstellung der Tagesordnung, ggf. Eingabe von Vorlagen in Allris, Versand der Einladung sowie Erstellung des Ergebnisprotokolls, unterst\u00fctzt Sie die\/der zust\u00e4ndige Gremienreferent*in (zu finden im Bereich Gremien und Wahlen des <a href=\"https:\/\/www.hwr-berlin.de\/hwr-berlin\/organisation-der-hochschule\/verwaltung\/praesidialbereich\/\" target=\"_blank\" rel=\"noreferrer noopener\">Pr\u00e4sidialbereichs<\/a>).<\/p>\n\n\n\n<p>Sitzungen k\u00f6nnen prinzipiell auch online oder hybrid stattfinden (vgl. \u00a7 2 (5) der Gesch\u00e4ftsordnung). Die Sitzungsform muss mit der Einladung bekannt gegeben werden.<\/p>\n","protected":false},"excerpt":{"rendered":"<p>Sitzungstermine sollten mindestens f\u00fcr ein Jahr im Voraus festgelegt werden. Gem\u00e4\u00df der Gesch\u00e4ftsordnung der HWR Berlin sollen die Sitzungswochentage f\u00fcr die einzelnen Gremien konstant gehalten werden. \u00dcber die H\u00e4ufigkeit der Sitzungen entscheidet das Gremium. Bei der Organisation von Sitzungen, d. h. Erstellung der Tagesordnung, ggf. Eingabe von Vorlagen in Allris, Versand der Einladung sowie Erstellung &hellip; <\/p>\n<p class=\"link-more\"><a href=\"https:\/\/blog.hwr-berlin.de\/gremieninfo\/hinweise-fuer-vorsitzende-zentraler-gremien\/termine-und-organisation-von-sitzungen\/\" class=\"more-link\"><span class=\"screen-reader-text\">\u201eTermine und Organisation von Sitzungen\u201c <\/span>weiterlesen<\/a><\/p>\n","protected":false},"author":2,"featured_media":0,"parent":80,"menu_order":2,"comment_status":"closed","ping_status":"closed","template":"","meta":{"footnotes":""},"class_list":["post-86","page","type-page","status-publish","hentry"],"_links":{"self":[{"href":"https:\/\/blog.hwr-berlin.de\/gremieninfo\/wp-json\/wp\/v2\/pages\/86","targetHints":{"allow":["GET"]}}],"collection":[{"href":"https:\/\/blog.hwr-berlin.de\/gremieninfo\/wp-json\/wp\/v2\/pages"}],"about":[{"href":"https:\/\/blog.hwr-berlin.de\/gremieninfo\/wp-json\/wp\/v2\/types\/page"}],"author":[{"embeddable":true,"href":"https:\/\/blog.hwr-berlin.de\/gremieninfo\/wp-json\/wp\/v2\/users\/2"}],"replies":[{"embeddable":true,"href":"https:\/\/blog.hwr-berlin.de\/gremieninfo\/wp-json\/wp\/v2\/comments?post=86"}],"version-history":[{"count":4,"href":"https:\/\/blog.hwr-berlin.de\/gremieninfo\/wp-json\/wp\/v2\/pages\/86\/revisions"}],"predecessor-version":[{"id":120,"href":"https:\/\/blog.hwr-berlin.de\/gremieninfo\/wp-json\/wp\/v2\/pages\/86\/revisions\/120"}],"up":[{"embeddable":true,"href":"https:\/\/blog.hwr-berlin.de\/gremieninfo\/wp-json\/wp\/v2\/pages\/80"}],"wp:attachment":[{"href":"https:\/\/blog.hwr-berlin.de\/gremieninfo\/wp-json\/wp\/v2\/media?parent=86"}],"curies":[{"name":"wp","href":"https:\/\/api.w.org\/{rel}","templated":true}]}}