

{"id":2,"date":"2017-03-02T12:18:02","date_gmt":"2017-03-02T11:18:02","guid":{"rendered":"https:\/\/blog.hwr-berlin.de\/mim2019\/?page_id=2"},"modified":"2020-01-09T17:56:49","modified_gmt":"2020-01-09T16:56:49","slug":"welcome","status":"publish","type":"page","link":"https:\/\/blog.hwr-berlin.de\/mim2019\/","title":{"rendered":"About MIM 2019"},"content":{"rendered":"<h3><strong>MIM 2019 Publications, Program, and Memories<\/strong><\/h3>\n<ul>\n<li>MIM 2019 Final Scientific Reports (<a href=\"https:\/\/blog.hwr-berlin.de\/mim2019\/wp-content\/uploads\/2019\/12\/MIM-2019-Short-report.pdf\">Short report<\/a> \/ <a href=\"https:\/\/blog.hwr-berlin.de\/mim2019\/wp-content\/uploads\/2019\/12\/MIM-2019-Full-Report.pdf\">Full report<\/a>)<\/li>\n<li style=\"text-align: left;\"><a href=\"https:\/\/www.sciencedirect.com\/journal\/ifac-papersonline\/vol\/52\/issue\/13\">Conference Proceedings<\/a><\/li>\n<li style=\"text-align: left;\"><a href=\"https:\/\/ifac.papercept.net\/conferences\/conferences\/MIM19\/program\/\">Conference program at PaperPlaza (online) \u00a0 <\/a><\/li>\n<li><a href=\"https:\/\/con-gressa.de\/mim2019\/MIM2019_Program.pdf\">Conference program booklet (PDF)<\/a><\/li>\n<li><a href=\"https:\/\/www.hwr-berlin.de\/index.php?id=1396&amp;ADMCMD_cooluri=1\">Conference Photo Gallery<\/a>\u00a0<\/li>\n<li><a href=\"https:\/\/www.youtube.com\/watch?v=RgPVFXA63ZM&amp;feature=youtu.be\">Conference Video<\/a>\u00a0\u00a0\u00a0\u00a0<\/li>\n<li><a href=\"https:\/\/events.infovaya.com\/event?id=31\">Conference Cloud<\/a><\/li>\n<\/ul>\n<h3><strong>MIM 2019 in Numbers: <\/strong><\/h3>\n<ul>\n<li><strong>740 <\/strong>participants (the biggest MIM conference ever)<\/li>\n<li><strong>94 <\/strong>leading scientists from <strong>30 <\/strong>countries in the International Program Committee<\/li>\n<li><strong>61 <\/strong>countries were represented via the contributors<\/li>\n<li><strong>774 <\/strong>submitted full papers (not abstracts)<\/li>\n<li><strong>78 <\/strong>submitted extended abstracts<\/li>\n<li><strong>781 <\/strong>reviewers participated in the peer review process<\/li>\n<li><strong>2000 <\/strong>reviews received approximately (with a minimum of <strong>2 <\/strong>reviews per paper)<\/li>\n<li><strong>494 <\/strong>full papers and <strong>61<\/strong> extended abstract accepted after the peer review process<\/li>\n<li><strong>63.8% <\/strong>acceptance rate for full papers<\/li>\n<li><strong>540 <\/strong>presentation in the technical sessions<\/li>\n<li><strong>478 <\/strong>full papers and <strong>2838<\/strong> pages in the <a href=\"https:\/\/www.sciencedirect.com\/journal\/ifac-papersonline\/vol\/52\/issue\/13\">Proceedings<\/a><\/li>\n<li><strong>7 <\/strong>plenary and <strong>5 <\/strong>keynote speakers<\/li>\n<li><strong>3 <\/strong>industrial workshops<\/li>\n<li><strong>28 <\/strong>prizes for the best papers presented<\/li>\n<li><strong>10 Special Issues <\/strong>in the international journals are associated with the MIM 2019 for post-conference publication, see <a href=\"https:\/\/blog.hwr-berlin.de\/mim2019\/publications\/\">https:\/\/blog.hwr-berlin.de\/mim2019\/publications\/<\/a><\/li>\n<\/ul>\n<p><strong>Three main principles of MIM\u20192019: <\/strong><\/p>\n<ul>\n<li>To focus topics on <strong>real problems <\/strong>in Manufacturing Systems and Logistics<\/li>\n<li>To assure <strong>quality scientific expertise <\/strong><\/li>\n<li>To obtain substantial academic and industrial participation for a much <strong>larger discussion <\/strong>and <strong>dissemination <\/strong>of results<\/li>\n<\/ul>\n<p><strong>MIM 2019 at-a-Glance: <\/strong><\/p>\n<ul>\n<li>Outstanding International Program Committee<\/li>\n<li>Challenging Conference Topics<\/li>\n<li>Top Quality Expertise<\/li>\n<li>First-Class Selection<\/li>\n<li>Rich and Diverse Program<\/li>\n<li>Impressive Attendance<\/li>\n<li>Worldwide Dissemination of Results (the Proceedings of MIM 2019 are published Open Access by Elsevier in the IFAC PapersOnLine series: <a href=\"https:\/\/www.sciencedirect.com\/journal\/ifac-papersonline\/vol\/52\/issue\/13\">https:\/\/www.sciencedirect.com\/journal\/ifac-papersonline\/vol\/52\/issue\/13<\/a>)<\/li>\n<\/ul>\n<p><strong>The 3 components of a successful program: <\/strong><\/p>\n<ul>\n<li>An Excellent Academic Program (540 presentations in 18 academic tracks with 121 technical sessions)<\/li>\n<li>Associated Industrial Events (3 workshops and 5 Industrial tours at BMW, Fraunhofer IPK, Rolls Royce, Stadler, Siemens)<\/li>\n<li>Outstanding Social Program<\/li>\n<\/ul>\n<p>An unique feature of MIM 2019 is multi-disciplinarity covering 4 main scientific areas: (i) Control, (ii) Industrial Engineer ing, (iii) Operational Research, and (iv) Supply Chain Management<\/p>\n<p>A side note: number of participants at MIM conference has been continuously increased for the last three events (<strong>450<\/strong> at MIM 2013 in St. Petersburg, <strong>540<\/strong> at MIM 2016 in Troyes, <strong>740<\/strong> at MIM 2019 in Berlin).<\/p>\n<p><strong><em>We look forward to meeting\/seeing you in Nantes at IFAC MIM 2022!<\/em><\/strong><\/p>\n<h3 style=\"text-align: center;\"><strong>9th IFAC\/IFIP\/IFORS\/IISE\/INFORMS Conference Manufacturing Modelling, Management and Control M<\/strong><strong>IM 2019<\/strong><\/h3>\n<p><span style=\"color: #30478f;\"><strong><em>MIM 2019 Mission: Connect Control, Industrial Engineering, OR and Computer Science for better management decision-support systems in digital, resilient and sustainable manufacturing and supply chains in the era of Industry 4.0<\/em><br \/><\/strong><\/span><\/p>\n<p><span style=\"color: #30478f;\"><strong>The central theme of the 9th IFAC\/IFIP\/IFORS\/IISE\/INFORMS Conference on Manufacturing Modelling, Management and Control MIM 2019 is<br \/><\/strong><\/span><\/p>\n<h3 style=\"color: #30478f;\"><span style=\"color: #e6ad4a;\">Digital, Resilient and Sustainable Manufacturing 4.0<\/span><\/h3>\n<p>Digitalization, resilience, and sustainability shape current and future trends in manufacturing modelling, management, and control. The aim of <span style=\"color: #000000;\">MIM 2019 <\/span>is to bring together researchers and practitioners in industrial engineering, manufacturing, operations research, supply chain management, and computer science to present and discuss emerging topics in modern manufacturing modeling, management, and control. MIM\u20192019 will follow a rich tradition of previous IFAC conferences and symposia in Manufacturing and Logistics held in Germany. MIM\u20192019 will focus in particular on the most innovative methods proposed in the last few years in the context of digitalization, risk management, and resilience in production and logistics systems in the 21st century.<\/p>\n<p>The conference will cover all topics related to design, implementation and operation of modern manufacturing systems in digitalization era, including (but not limited to) the following:<\/p>\n<ul>\n<li>\u00a0\u00a0\u00a0 Analytics, optimization and machine learning in manufacturing and supply chains<\/li>\n<li>\u00a0\u00a0\u00a0 Artificial intelligence applications to manufacturing<\/li>\n<li>\u00a0\u00a0\u00a0 Blockchain applications in manufacturing and supply chains<\/li>\n<li>\u00a0\u00a0\u00a0 Business analytics for manufacturing systems<\/li>\n<li>\u00a0\u00a0\u00a0 Complex adaptive systems and emergent synthesis in manufacturing<\/li>\n<li>\u00a0\u00a0\u00a0 Control of manufacturing processes<\/li>\n<li>\u00a0\u00a0\u00a0 Control theory applications to production systems and supply chains<\/li>\n<li>\u00a0\u00a0\u00a0 Data-driven applications in manufacturing<\/li>\n<li>\u00a0\u00a0\u00a0 Design and reconfiguration of manufacturing systems<\/li>\n<li>\u00a0\u00a0\u00a0 Design for reusability<\/li>\n<li>\u00a0\u00a0\u00a0 Digital manufacturing networks and smart operations<\/li>\n<li>\u00a0\u00a0\u00a0 Digital supply chain<\/li>\n<li>\u00a0\u00a0\u00a0 Discrete event systems in manufacturing<\/li>\n<li>\u00a0\u00a0\u00a0 Distributed systems and multi-agents technologies<\/li>\n<li>\u00a0\u00a0\u00a0 Enterprise modelling, integration and networking<\/li>\n<li>\u00a0\u00a0\u00a0 Facility planning and materials handling<\/li>\n<li>\u00a0\u00a0\u00a0 Fostering innovation in manufacturing<\/li>\n<li>\u00a0\u00a0\u00a0 Industrial and applied mathematics for production<\/li>\n<li>\u00a0\u00a0\u00a0 Industry 4.0<\/li>\n<li>\u00a0\u00a0\u00a0 Intelligent manufacturing systems<\/li>\n<li>\u00a0\u00a0\u00a0 Intelligent transportation<\/li>\n<li>\u00a0\u00a0\u00a0 Inventory control, production planning and scheduling<\/li>\n<li>\u00a0\u00a0\u00a0 Knowledge management in production<\/li>\n<li>\u00a0\u00a0\u00a0 Logistics, supply chains and networks<\/li>\n<li>\u00a0\u00a0\u00a0 Maintainability, reliability, safety and dependability of production systems<\/li>\n<li>\u00a0\u00a0\u00a0 Manufacturing as a service<\/li>\n<li>\u00a0\u00a0\u00a0 Management and design of production systems<\/li>\n<li>\u00a0\u00a0\u00a0 Market responsive supply chains<\/li>\n<li>\u00a0\u00a0\u00a0 Modeling, simulation, control and monitoring of manufacturing processes<\/li>\n<li>\u00a0\u00a0\u00a0 Monitoring, diagnosis and maintenance of manufacturing systems<\/li>\n<li>\u00a0\u00a0\u00a0 Operations and supply chain simulation<\/li>\n<li>\u00a0\u00a0\u00a0 Operations research<\/li>\n<li>\u00a0\u00a0\u00a0 Quality management<\/li>\n<li>\u00a0\u00a0\u00a0 Risk management, resilience and flexibility<\/li>\n<li>\u00a0\u00a0\u00a0 Robotics in manufacturing<\/li>\n<li>\u00a0\u00a0\u00a0 Sensor networks, ubiquitous computing, active identifiers, wireless communication in manufacturing<\/li>\n<li>\u00a0\u00a0\u00a0 Service oriented architecture for production management and control<\/li>\n<li>\u00a0\u00a0\u00a0 Simulation technologies<\/li>\n<li>\u00a0\u00a0\u00a0 Supply network dynamics and control<\/li>\n<li>\u00a0\u00a0\u00a0 Sustainable manufacturing<\/li>\n<li>\u00a0\u00a0\u00a0 Virtual reality<\/li>\n<li>\u00a0\u00a0\u00a0 Web-enabled manufacturing control and wireless automation<\/li>\n<\/ul>\n<p>Prof. Dr. Dmitry Ivanov (General Conference Chair)<br \/>Prof. Dr. Alexandre Dolgui (IPC Chair)<br \/>Prof. Dr. Harald Glei\u00dfner \u2020 (NOC Chair) \/ Prof. Dr. Susanne Meyer (Deputy NOC Chair)<\/p>\n<p><em>It is with great sadness that the hosting organizing body of MIM 2019 has to announce the sudden death of the head of the national organization committee, Deputy President of Hochschule f\u00fcr Wirtschaft und Recht Berlin Prof. Dr. Harald Glei\u00dfner. He unexpectedly passed away on July 8th, 2019. Harald Glei\u00dfner, professor of transportation and logistics and former dean of the Department of Cooperative Studies at HWR Berlin, was dedicated to making this international IFAC conference a success and of great benefit to all participants from around the world. He will be deeply missed and we shall honour his memory. We thank HWR Berlin\u2019s vice president Prof. Dr. Susanne Meyer who agreed to take over as deputy head of the national organization committee in very short term and with great personal commitment.<\/em><\/p>\n\n\n<p><\/p>\n","protected":false},"excerpt":{"rendered":"<p>MIM 2019 Publications, Program, and Memories MIM 2019 Final Scientific Reports (Short report \/ Full report) Conference Proceedings Conference program at PaperPlaza (online) \u00a0 Conference program booklet (PDF) Conference Photo Gallery\u00a0 Conference Video\u00a0\u00a0\u00a0\u00a0 Conference Cloud MIM 2019 in Numbers: 740 participants (the biggest MIM conference ever) 94 leading scientists from 30 countries in the International &#8230; <a title=\"About MIM 2019\" class=\"read-more\" href=\"https:\/\/blog.hwr-berlin.de\/mim2019\/\" aria-label=\"Mehr Informationen \u00fcber About MIM 2019\">Weiterlesen<\/a><\/p>\n","protected":false},"author":1,"featured_media":0,"parent":0,"menu_order":0,"comment_status":"closed","ping_status":"closed","template":"","meta":{"footnotes":""},"class_list":["post-2","page","type-page","status-publish"],"_links":{"self":[{"href":"https:\/\/blog.hwr-berlin.de\/mim2019\/wp-json\/wp\/v2\/pages\/2","targetHints":{"allow":["GET"]}}],"collection":[{"href":"https:\/\/blog.hwr-berlin.de\/mim2019\/wp-json\/wp\/v2\/pages"}],"about":[{"href":"https:\/\/blog.hwr-berlin.de\/mim2019\/wp-json\/wp\/v2\/types\/page"}],"author":[{"embeddable":true,"href":"https:\/\/blog.hwr-berlin.de\/mim2019\/wp-json\/wp\/v2\/users\/1"}],"replies":[{"embeddable":true,"href":"https:\/\/blog.hwr-berlin.de\/mim2019\/wp-json\/wp\/v2\/comments?post=2"}],"version-history":[{"count":69,"href":"https:\/\/blog.hwr-berlin.de\/mim2019\/wp-json\/wp\/v2\/pages\/2\/revisions"}],"predecessor-version":[{"id":1148,"href":"https:\/\/blog.hwr-berlin.de\/mim2019\/wp-json\/wp\/v2\/pages\/2\/revisions\/1148"}],"wp:attachment":[{"href":"https:\/\/blog.hwr-berlin.de\/mim2019\/wp-json\/wp\/v2\/media?parent=2"}],"curies":[{"name":"wp","href":"https:\/\/api.w.org\/{rel}","templated":true}]}}