

{"id":120,"date":"2024-07-03T13:31:43","date_gmt":"2024-07-03T11:31:43","guid":{"rendered":"https:\/\/blog.hwr-berlin.de\/oev-eval\/?page_id=120"},"modified":"2024-07-03T13:31:43","modified_gmt":"2024-07-03T11:31:43","slug":"prof-dr-carolin-i-a-hagelskamp","status":"publish","type":"page","link":"https:\/\/blog.hwr-berlin.de\/oev-eval\/prof-dr-carolin-i-a-hagelskamp\/","title":{"rendered":"Prof. Dr. Carolin I. A. Hagelskamp"},"content":{"rendered":"\n<div class=\"wp-block-media-text is-stacked-on-mobile\"><figure class=\"wp-block-media-text__media\"><img loading=\"lazy\" decoding=\"async\" width=\"450\" height=\"450\" src=\"https:\/\/blog.hwr-berlin.de\/oev-eval\/wp-content\/uploads_oev-eval\/2024\/07\/csm_FB-3-Hagelskamp_3878e1719e.jpg\" alt=\"\" class=\"wp-image-64 size-full\" srcset=\"https:\/\/blog.hwr-berlin.de\/oev-eval\/wp-content\/uploads_oev-eval\/2024\/07\/csm_FB-3-Hagelskamp_3878e1719e.jpg 450w, https:\/\/blog.hwr-berlin.de\/oev-eval\/wp-content\/uploads_oev-eval\/2024\/07\/csm_FB-3-Hagelskamp_3878e1719e-300x300.jpg 300w, https:\/\/blog.hwr-berlin.de\/oev-eval\/wp-content\/uploads_oev-eval\/2024\/07\/csm_FB-3-Hagelskamp_3878e1719e-150x150.jpg 150w, https:\/\/blog.hwr-berlin.de\/oev-eval\/wp-content\/uploads_oev-eval\/2024\/07\/csm_FB-3-Hagelskamp_3878e1719e-100x100.jpg 100w\" sizes=\"auto, (max-width: 450px) 100vw, 450px\" \/><\/figure><div class=\"wp-block-media-text__content\">\n<p><strong>Prof. Dr. Carolin I. A. Hagelskamp<\/strong><\/p>\n\n\n\n<p><strong>E-Mail:<\/strong> <a href=\"mailto:carolin.hagelskamp@hwr-berlin.de\">carolin.hagelskamp@hwr-berlin.de<\/a><\/p>\n\n\n\n<p><strong>ORCID<\/strong>: <a href=\"https:\/\/orcid.org\/0000-0002-2640-7015\" data-type=\"link\" data-id=\"https:\/\/orcid.org\/0000-0002-2640-7015\">0000-0002-2640-7015<\/a><\/p>\n<\/div><\/div>\n\n\n\n<p>Carolin Hagelskamp ist Professorin f\u00fcr Sozialwissenschaften und sozialwissenschaftliche Forschungsmethoden an der Hochschule f\u00fcr Wirtschaft und Recht Berlin (HWR Berlin). <br>Ihre Forschungsschwerpunkte sind Diversit\u00e4t und Antidiskriminierung in der \u00f6ffentlichen Verwaltung und im Hochschulwesen sowie die Evaluation von B\u00fcrger*innenbeteiligungsprozessen in den USA und Deutschland. <br>Sie promovierte an der New York University in Community Psychology und erwarb einen Master-Abschluss in Sozial- und Organisationspsychologie an der London School of Economics and Political Science. Von 2011-2016 war sie Direktorin f\u00fcr Forschung bei Public Agenda, einer Non-Profit-Organisation in New York City.<\/p>\n","protected":false},"excerpt":{"rendered":"<p>Prof. Dr. Carolin I. A. Hagelskamp E-Mail: carolin.hagelskamp@hwr-berlin.de ORCID: 0000-0002-2640-7015 Carolin Hagelskamp ist Professorin f\u00fcr Sozialwissenschaften und sozialwissenschaftliche Forschungsmethoden an der Hochschule f\u00fcr Wirtschaft und Recht Berlin (HWR Berlin). Ihre Forschungsschwerpunkte sind Diversit\u00e4t und Antidiskriminierung in der \u00f6ffentlichen Verwaltung und im Hochschulwesen sowie die Evaluation von B\u00fcrger*innenbeteiligungsprozessen in den USA und Deutschland. Sie promovierte an &hellip; <\/p>\n<p class=\"link-more\"><a href=\"https:\/\/blog.hwr-berlin.de\/oev-eval\/prof-dr-carolin-i-a-hagelskamp\/\" class=\"more-link\"><span class=\"screen-reader-text\">\u201eProf. Dr. Carolin I. A. Hagelskamp\u201c <\/span>weiterlesen<\/a><\/p>\n","protected":false},"author":4,"featured_media":0,"parent":0,"menu_order":0,"comment_status":"closed","ping_status":"closed","template":"","meta":{"footnotes":""},"class_list":["post-120","page","type-page","status-publish","hentry"],"_links":{"self":[{"href":"https:\/\/blog.hwr-berlin.de\/oev-eval\/wp-json\/wp\/v2\/pages\/120","targetHints":{"allow":["GET"]}}],"collection":[{"href":"https:\/\/blog.hwr-berlin.de\/oev-eval\/wp-json\/wp\/v2\/pages"}],"about":[{"href":"https:\/\/blog.hwr-berlin.de\/oev-eval\/wp-json\/wp\/v2\/types\/page"}],"author":[{"embeddable":true,"href":"https:\/\/blog.hwr-berlin.de\/oev-eval\/wp-json\/wp\/v2\/users\/4"}],"replies":[{"embeddable":true,"href":"https:\/\/blog.hwr-berlin.de\/oev-eval\/wp-json\/wp\/v2\/comments?post=120"}],"version-history":[{"count":1,"href":"https:\/\/blog.hwr-berlin.de\/oev-eval\/wp-json\/wp\/v2\/pages\/120\/revisions"}],"predecessor-version":[{"id":121,"href":"https:\/\/blog.hwr-berlin.de\/oev-eval\/wp-json\/wp\/v2\/pages\/120\/revisions\/121"}],"wp:attachment":[{"href":"https:\/\/blog.hwr-berlin.de\/oev-eval\/wp-json\/wp\/v2\/media?parent=120"}],"curies":[{"name":"wp","href":"https:\/\/api.w.org\/{rel}","templated":true}]}}