

{"id":195,"date":"2024-08-22T17:14:48","date_gmt":"2024-08-22T15:14:48","guid":{"rendered":"https:\/\/blog.hwr-berlin.de\/oev-eval\/?page_id=195"},"modified":"2024-08-22T17:21:01","modified_gmt":"2024-08-22T15:21:01","slug":"lukas-fahrenbruch","status":"publish","type":"page","link":"https:\/\/blog.hwr-berlin.de\/oev-eval\/lukas-fahrenbruch\/","title":{"rendered":"Lukas Fahrenbruch"},"content":{"rendered":"\n<div class=\"wp-block-media-text is-stacked-on-mobile\"><figure class=\"wp-block-media-text__media\"><a href=\"https:\/\/blog.hwr-berlin.de\/oev-eval\/lukas-fahrenbruch\/\"><img loading=\"lazy\" decoding=\"async\" width=\"1024\" height=\"1024\" src=\"https:\/\/blog.hwr-berlin.de\/oev-eval\/wp-content\/uploads_oev-eval\/2024\/08\/Lukas-1024x1024.jpg\" alt=\"Lukas Fahrenbruch Fotograf: Ulrich Schuster\" class=\"wp-image-193 size-full\" srcset=\"https:\/\/blog.hwr-berlin.de\/oev-eval\/wp-content\/uploads_oev-eval\/2024\/08\/Lukas-1024x1024.jpg 1024w, https:\/\/blog.hwr-berlin.de\/oev-eval\/wp-content\/uploads_oev-eval\/2024\/08\/Lukas-300x300.jpg 300w, https:\/\/blog.hwr-berlin.de\/oev-eval\/wp-content\/uploads_oev-eval\/2024\/08\/Lukas-150x150.jpg 150w, https:\/\/blog.hwr-berlin.de\/oev-eval\/wp-content\/uploads_oev-eval\/2024\/08\/Lukas-768x768.jpg 768w, https:\/\/blog.hwr-berlin.de\/oev-eval\/wp-content\/uploads_oev-eval\/2024\/08\/Lukas-100x100.jpg 100w, https:\/\/blog.hwr-berlin.de\/oev-eval\/wp-content\/uploads_oev-eval\/2024\/08\/Lukas.jpg 1280w\" sizes=\"auto, (max-width: 706px) 89vw, (max-width: 767px) 82vw, 740px\" \/><\/a><\/figure><div class=\"wp-block-media-text__content\">\n<p><strong><a href=\"https:\/\/blog.hwr-berlin.de\/oev-eval\/lukas-fahrenbruch\/\">Lukas Fahrenbruch<\/a><\/strong><\/p>\n\n\n\n<p><strong>LinkedIn<\/strong>: <a href=\"https:\/\/www.linkedin.com\/in\/lukas-fahrenbruch\">linkedin.com\/in\/lukas-fahrenbruch<\/a><\/p>\n<\/div><\/div>\n\n\n\n<p>Lukas Fahrenbruch war neben seinem Dualen Studium der \u00d6ffentlichen Verwaltung von 2022 bis 2024 studentische Hilfskraft an der Hochschule f\u00fcr Wirtschaft und Recht Berlin. Er unterst\u00fctzte das Team unter anderem durch Literaturrecherchen, Transkriptionen, das Vorbereiten von Pr\u00e4sentationen, dem erstellen dieser Website und vielem mehr. <\/p>\n\n\n\n<p><\/p>\n","protected":false},"excerpt":{"rendered":"<p>Lukas Fahrenbruch LinkedIn: linkedin.com\/in\/lukas-fahrenbruch Lukas Fahrenbruch war neben seinem Dualen Studium der \u00d6ffentlichen Verwaltung von 2022 bis 2024 studentische Hilfskraft an der Hochschule f\u00fcr Wirtschaft und Recht Berlin. Er unterst\u00fctzte das Team unter anderem durch Literaturrecherchen, Transkriptionen, das Vorbereiten von Pr\u00e4sentationen, dem erstellen dieser Website und vielem mehr.<\/p>\n","protected":false},"author":4,"featured_media":0,"parent":0,"menu_order":0,"comment_status":"closed","ping_status":"closed","template":"","meta":{"footnotes":""},"class_list":["post-195","page","type-page","status-publish","hentry"],"_links":{"self":[{"href":"https:\/\/blog.hwr-berlin.de\/oev-eval\/wp-json\/wp\/v2\/pages\/195","targetHints":{"allow":["GET"]}}],"collection":[{"href":"https:\/\/blog.hwr-berlin.de\/oev-eval\/wp-json\/wp\/v2\/pages"}],"about":[{"href":"https:\/\/blog.hwr-berlin.de\/oev-eval\/wp-json\/wp\/v2\/types\/page"}],"author":[{"embeddable":true,"href":"https:\/\/blog.hwr-berlin.de\/oev-eval\/wp-json\/wp\/v2\/users\/4"}],"replies":[{"embeddable":true,"href":"https:\/\/blog.hwr-berlin.de\/oev-eval\/wp-json\/wp\/v2\/comments?post=195"}],"version-history":[{"count":4,"href":"https:\/\/blog.hwr-berlin.de\/oev-eval\/wp-json\/wp\/v2\/pages\/195\/revisions"}],"predecessor-version":[{"id":202,"href":"https:\/\/blog.hwr-berlin.de\/oev-eval\/wp-json\/wp\/v2\/pages\/195\/revisions\/202"}],"wp:attachment":[{"href":"https:\/\/blog.hwr-berlin.de\/oev-eval\/wp-json\/wp\/v2\/media?parent=195"}],"curies":[{"name":"wp","href":"https:\/\/api.w.org\/{rel}","templated":true}]}}