

{"id":198,"date":"2025-12-17T14:15:27","date_gmt":"2025-12-17T13:15:27","guid":{"rendered":"https:\/\/blog.hwr-berlin.de\/professorale-karriere\/?page_id=198"},"modified":"2026-03-16T21:04:20","modified_gmt":"2026-03-16T20:04:20","slug":"erhohung-der-sichtbarkeit-als-arbeitgeberin","status":"publish","type":"page","link":"https:\/\/blog.hwr-berlin.de\/professorale-karriere\/erhohung-der-sichtbarkeit-als-arbeitgeberin\/","title":{"rendered":"Erh\u00f6hung der Sichtbarkeit als Arbeitgeberin"},"content":{"rendered":"\t\t<div data-elementor-type=\"wp-page\" data-elementor-id=\"198\" class=\"elementor elementor-198\">\n\t\t\t\t<div class=\"elementor-element elementor-element-58d19ef e-flex e-con-boxed e-con e-parent\" data-id=\"58d19ef\" data-element_type=\"container\" data-e-type=\"container\">\n\t\t\t\t\t<div class=\"e-con-inner\">\n\t\t\t\t<div class=\"elementor-element elementor-element-8d50090 elementor-widget elementor-widget-text-editor\" data-id=\"8d50090\" data-element_type=\"widget\" data-e-type=\"widget\" data-widget_type=\"text-editor.default\">\n\t\t\t\t\t\t\t\t\t<p><span style=\"color: #000000;\"><strong>Ziel:<\/strong><\/span><\/p><ul><li><span style=\"color: #000000;\">Die Erh\u00f6hung der Sichtbarkeit der HWR Berlin als attraktive Arbeitgeberin durch flankierende Ma\u00dfnahmen<\/span><\/li><\/ul><p><span style=\"color: #000000;\"><strong>Aktueller Stand:<\/strong><\/span><\/p><p><span style=\"color: #000000;\">Bislang wurde eine Reihe von Ma\u00dfnahmen zur Erh\u00f6hung der Sichtbarkeit der HWR Berlin als attraktive Arbeitgeberin umgesetzt:<\/span><\/p><p><span style=\"color: #000000;\">Im digitalen Raum wurden eine <span style=\"text-decoration: underline;\"><a style=\"color: #000000; text-decoration: underline;\" href=\"https:\/\/www.youtube.com\/playlist?list=PLNd7dVowmzv4kabfVmlgquuEPopHCtIVW\" target=\"_blank\" rel=\"noopener\">Videoreihe<\/a> <\/span>und eine <a style=\"color: #000000;\" href=\"https:\/\/open.spotify.com\/episode\/3a7MbezsCucxqTtrAYnzDX\" target=\"_blank\" rel=\"noopener\"><span style=\"text-decoration: underline;\">Podcast-Folge<\/span><\/a> zur Arbeit als HAW-Professor*in an der HWR Berlin produziert und publiziert, gemeinsam mit der Personalabteilung die Website <span style=\"text-decoration: underline;\"><a style=\"color: #000000; text-decoration: underline;\" href=\"https:\/\/www.hwr-berlin.de\/hwr-berlin\/stellenangebote\/professur-an-der-hwr-berlin\/\" target=\"_blank\" rel=\"noopener\">\u201eProfessur an der HWR Berlin\u201c<\/a><\/span> entwickelt und ver\u00f6ffentlicht und zusammen mit dem Zentralreferat Hochschulkommunikation erg\u00e4nzend zur Sichtbarkeit im <span style=\"text-decoration: underline;\"><a style=\"color: #000000; text-decoration: underline;\" href=\"https:\/\/www.academics.de\/arbeitgeber\/uas-sieben-german-universities-of-applied-sciences\" target=\"_blank\" rel=\"noopener\">UAS7-Verbund<\/a><\/span> ein <span style=\"text-decoration: underline;\"><a style=\"color: #000000; text-decoration: underline;\" href=\"https:\/\/www.academics.de\/arbeitgeber\/hwr-berlin?wt_zmc=sea.ext.aca.adwords_de.performancemax.acade.multiad.registrierung.1&amp;layer=nonbrand&amp;gclid=EAIaIQobChMIuaXUoeba-gIVohoGAB0bsQtbEAAYASAAEgLEWfD_BwE\" target=\"_blank\" rel=\"noopener\">individuelles Arbeitgeberprofil<\/a><\/span> auf der f\u00fchrenden deutschsprachigen Stellenb\u00f6rse f\u00fcr wissenschaftliche T\u00e4tigkeiten academics.de eingerichtet. Au\u00dferdem wird aus Mitteln des Projekts mittlerweile der Medien-Verteilerservice zimpel der news aktuell GmbG (dpa-Tochter) f\u00fcr eine zielgerichtetere Kommunikation und gr\u00f6\u00dfere Reichweite bei der Verbreitung von Pressemeldungen genutzt.<\/span><\/p><p><span style=\"color: #000000;\">Dar\u00fcber hinaus wurden durch das Projekt bereits verschiedene Veranstaltungsformate durchgef\u00fchrt und unterst\u00fctzt: So fand 2023 eine <a style=\"color: #000000;\" href=\"https:\/\/www.uas7.org\/de\/karriere\/uas7roadshow\" target=\"_blank\" rel=\"noopener\"><span style=\"text-decoration: underline;\">UAS7-Roadshow<\/span><\/a> zur Bewerbung des Karrierewegs HAW-Professur und zur Beratung an einer Professur interessierter Teilnehmender an der HWR Berlin statt und es konnte am Fachbereich 1 \u201eWirtschaftswissenschaften\u201c die Veranstaltungsreihe <span style=\"text-decoration: underline;\"><a style=\"color: #000000; text-decoration: underline;\" href=\"https:\/\/www.hwr-berlin.de\/aktuelles\/veranstaltung\/detail\/1179-coca-cola-zu-gast-implementierung-von-nachhaltigkeit-in-wirtschaftsorientierten-unternehmen\" target=\"_blank\" rel=\"noopener\">Business Talks@HWR Berlin<\/a><\/span> mit hochkar\u00e4tigen Praxisvertreter*innen etabliert werden. Zudem wurde ein Medientraining f\u00fcr Professor*innen angeboten, in dem diese ihre Au\u00dfendarstellung \u2013 und damit die Au\u00dfendarstellung der HWR Berlin optimieren konnten.<\/span><\/p>\t\t\t\t\t\t\t\t<\/div>\n\t\t\t\t\t<\/div>\n\t\t\t\t<\/div>\n\t\t<div class=\"elementor-element elementor-element-5028f52 e-flex e-con-boxed e-con e-parent\" data-id=\"5028f52\" data-element_type=\"container\" data-e-type=\"container\">\n\t\t\t\t\t<div class=\"e-con-inner\">\n\t\t\t\t<div class=\"elementor-element elementor-element-4c0cd0c elementor-widget elementor-widget-text-editor\" data-id=\"4c0cd0c\" data-element_type=\"widget\" data-e-type=\"widget\" data-widget_type=\"text-editor.default\">\n\t\t\t\t\t\t\t\t\t<ul><li><span style=\"text-decoration: underline;\"><a href=\"https:\/\/blog.hwr-berlin.de\/professorale-karriere\/schaffung-einer-arbeitgebermarke\/\" target=\"_blank\" rel=\"noopener\">Schaffung eine Arbeitgebermarke<\/a><\/span><\/li><li><a href=\"https:\/\/blog.hwr-berlin.de\/professorale-karriere\/ausbau-der-netzwerkarbeit-2\/\" target=\"_blank\" rel=\"noopener\"><span style=\"text-decoration: underline;\">Ausbau der Netzwerkarbeit<\/span><\/a><\/li><\/ul>\t\t\t\t\t\t\t\t<\/div>\n\t\t\t\t\t<\/div>\n\t\t\t\t<\/div>\n\t\t\t\t<\/div>\n\t\t","protected":false},"excerpt":{"rendered":"<p>Ziel: Die Erh\u00f6hung der Sichtbarkeit der HWR Berlin als attraktive Arbeitgeberin durch flankierende Ma\u00dfnahmen Aktueller Stand: Bislang wurde eine Reihe von Ma\u00dfnahmen zur Erh\u00f6hung der Sichtbarkeit der HWR Berlin als attraktive Arbeitgeberin umgesetzt: Im digitalen Raum wurden eine Videoreihe und eine Podcast-Folge zur Arbeit als HAW-Professor*in an der HWR Berlin produziert und publiziert, gemeinsam mit &hellip; <\/p>\n<p class=\"link-more\"><a href=\"https:\/\/blog.hwr-berlin.de\/professorale-karriere\/erhohung-der-sichtbarkeit-als-arbeitgeberin\/\" class=\"more-link\"><span class=\"screen-reader-text\">\u201eErh\u00f6hung der Sichtbarkeit als Arbeitgeberin\u201c <\/span>weiterlesen<\/a><\/p>\n","protected":false},"author":2,"featured_media":0,"parent":0,"menu_order":0,"comment_status":"closed","ping_status":"closed","template":"","meta":{"footnotes":""},"class_list":["post-198","page","type-page","status-publish","hentry"],"_links":{"self":[{"href":"https:\/\/blog.hwr-berlin.de\/professorale-karriere\/wp-json\/wp\/v2\/pages\/198","targetHints":{"allow":["GET"]}}],"collection":[{"href":"https:\/\/blog.hwr-berlin.de\/professorale-karriere\/wp-json\/wp\/v2\/pages"}],"about":[{"href":"https:\/\/blog.hwr-berlin.de\/professorale-karriere\/wp-json\/wp\/v2\/types\/page"}],"author":[{"embeddable":true,"href":"https:\/\/blog.hwr-berlin.de\/professorale-karriere\/wp-json\/wp\/v2\/users\/2"}],"replies":[{"embeddable":true,"href":"https:\/\/blog.hwr-berlin.de\/professorale-karriere\/wp-json\/wp\/v2\/comments?post=198"}],"version-history":[{"count":26,"href":"https:\/\/blog.hwr-berlin.de\/professorale-karriere\/wp-json\/wp\/v2\/pages\/198\/revisions"}],"predecessor-version":[{"id":791,"href":"https:\/\/blog.hwr-berlin.de\/professorale-karriere\/wp-json\/wp\/v2\/pages\/198\/revisions\/791"}],"wp:attachment":[{"href":"https:\/\/blog.hwr-berlin.de\/professorale-karriere\/wp-json\/wp\/v2\/media?parent=198"}],"curies":[{"name":"wp","href":"https:\/\/api.w.org\/{rel}","templated":true}]}}