

{"id":199,"date":"2025-12-17T14:15:27","date_gmt":"2025-12-17T13:15:27","guid":{"rendered":"https:\/\/blog.hwr-berlin.de\/professorale-karriere\/?page_id=199"},"modified":"2026-03-17T11:23:25","modified_gmt":"2026-03-17T10:23:25","slug":"personalgewinnung","status":"publish","type":"page","link":"https:\/\/blog.hwr-berlin.de\/professorale-karriere\/personalgewinnung\/","title":{"rendered":"Personalgewinnung"},"content":{"rendered":"\t\t<div data-elementor-type=\"wp-page\" data-elementor-id=\"199\" class=\"elementor elementor-199\">\n\t\t\t\t<div class=\"elementor-element elementor-element-4c751ee e-flex e-con-boxed e-con e-parent\" data-id=\"4c751ee\" data-element_type=\"container\" data-e-type=\"container\">\n\t\t\t\t\t<div class=\"e-con-inner\">\n\t\t\t\t<div class=\"elementor-element elementor-element-44edf2d elementor-widget elementor-widget-text-editor\" data-id=\"44edf2d\" data-element_type=\"widget\" data-e-type=\"widget\" data-widget_type=\"text-editor.default\">\n\t\t\t\t\t\t\t\t\t<p class=\"MsoNormal\" style=\"margin-bottom: 0cm;\"><span style=\"color: #000000;\">Die durch Ma\u00dfnahmen des Personalmarketings erfolgende Positionierung als Arbeitgeberin bildet das Fundament f\u00fcr die konkrete Personalgewinnung. Ma\u00dfnahmen der Personalgewinnung zielen darauf ab, dass das Interesse und die Aufmerksamkeit potenzieller Bewerber*innen schlie\u00dflich auch zu Bewerbungen f\u00fchren und diese Bewerbungen auch professionell und z\u00fcgig bearbeitet werden. Effiziente und transparente Bewerbungsprozesse und Berufungsverfahren tragen bereits fr\u00fchzeitig zur Wahrnehmung der Hochschule als attraktive Arbeitgeberin bei und erh\u00f6hen somit die Chancen auf eine Zusage durch die favorisierten Bewerber*innen.<\/span><\/p>\n<p class=\"MsoNormal\"><span style=\"color: #000000;\">Die Gewinnung von geeignetem professoralem Personal beginnt dabei bereits vor der Karrierestufe der HAW-Professur und umfasst auch die Qualifizierung auf eine Professur.<\/span><\/p>\n<p class=\"MsoNormal\" style=\"margin-bottom: 0cm;\"><span style=\"color: #000000;\">Im Projekt \u201eProfessorale Karriere an der HWR Berlin\u201c werden mehrere Bereiche der Personalgewinnung in den Blick genommen: Durch Unterst\u00fctzung beim Ausbau der Promotionsm\u00f6glichkeiten, konkret durch die Unterst\u00fctzung bei der Erlangung des eigenst\u00e4ndigen Promotionsrechts f\u00fcr Promotionszentren in besonders forschungsstarken Feldern, wird die M\u00f6glichkeit zur Erlangung einer Promotion als grunds\u00e4tzliche Voraussetzung f\u00fcr eine HAW-Professur gest\u00e4rkt. Diese St\u00e4rkung tr\u00e4gt ebenso wie die gezielte Qualifizierung von Bewerber*innen auf Professuren dazu bei, den Pool an geeigneten Bewerber*innen auf Professuren zu erh\u00f6hen. Auch unter Lehrbeauftragten, die als solche bereits eine wichtige S\u00e4ule der Lehre an der HWR Berlin darstellen, sind immer wieder geeignete Kandidat*innen f\u00fcr eine Professur vertreten. Unter anderem durch Informationsveranstaltungen und die Bereitstellung von Informationsmaterial soll die Zahl geeigneter Bewerbungen auf Lehrauftr\u00e4ge gesteigert werden. Schlie\u00dflich werden im Projekt M\u00f6glichkeiten zur Unterst\u00fctzung bei der Durchf\u00fchrung von Berufungsverfahren eruiert, damit diese noch systematischer und effizienter ablaufen k\u00f6nnen.<\/span><\/p><p class=\"MsoNormal\" style=\"margin-bottom: 0cm;\"><span style=\"color: #000000;\"><br><\/span><\/p>\n<ul>\n<li class=\"MsoNormal\"><span style=\"text-decoration: underline;\"><a href=\"https:\/\/blog.hwr-berlin.de\/professorale-karriere\/ausbau-der-promotionsmoglichkeiten\/\" target=\"_blank\" rel=\"noopener\"><span style=\"color: #000000; text-decoration: underline;\"><span style=\"color: #222222; text-decoration: underline;\">Ausbau der Promotionsm\u00f6glichkeiten<\/span><\/span><\/a><\/span><\/li>\n<li class=\"MsoNormal\"><span style=\"text-decoration: underline;\"><a href=\"https:\/\/blog.hwr-berlin.de\/professorale-karriere\/qualifizierung-potenzieller-bewerberinnen\/\" target=\"_blank\" rel=\"noopener\"><span style=\"color: #000000; text-decoration: underline;\">Qualifizierung potenzieller Bewerber*innen<\/span><\/a><\/span><\/li>\n<li class=\"MsoNormal\"><span style=\"text-decoration: underline;\"><a href=\"https:\/\/blog.hwr-berlin.de\/professorale-karriere\/rekrutierung-von-lehrbeauftragten\/\" target=\"_blank\" rel=\"noopener\"><span style=\"color: #000000; text-decoration: underline;\">Rekrutierung von Lehrbeauftragten<\/span><\/a><\/span><\/li>\n<li class=\"MsoNormal\"><span style=\"text-decoration: underline;\"><a href=\"https:\/\/blog.hwr-berlin.de\/professorale-karriere\/unterstuetzung-bei-der-professionalisierung-von-berufungsverfahren\/\" target=\"_blank\" rel=\"noopener\"><span style=\"color: #000000; text-decoration: underline;\">Unterst\u00fctzung bei der Professionalisierung von Berufungsverfahren<\/span><\/a><\/span><\/li>\n<\/ul>\n<div>\n<p><!-- [if !supportAnnotations]--><\/p>\n<p><!--[endif]--><\/p>\n<div>\n<p><!-- [if !supportAnnotations]--><\/p>\n<div id=\"_com_1\" class=\"msocomtxt\">\n<p><!-- [if !supportAnnotations]--><\/p>\n<\/div>\n<p><!--[endif]--><\/p>\n<\/div>\n<\/div>\t\t\t\t\t\t\t\t<\/div>\n\t\t\t\t\t<\/div>\n\t\t\t\t<\/div>\n\t\t\t\t<\/div>\n\t\t","protected":false},"excerpt":{"rendered":"<p>Die durch Ma\u00dfnahmen des Personalmarketings erfolgende Positionierung als Arbeitgeberin bildet das Fundament f\u00fcr die konkrete Personalgewinnung. Ma\u00dfnahmen der Personalgewinnung zielen darauf ab, dass das Interesse und die Aufmerksamkeit potenzieller Bewerber*innen schlie\u00dflich auch zu Bewerbungen f\u00fchren und diese Bewerbungen auch professionell und z\u00fcgig bearbeitet werden. Effiziente und transparente Bewerbungsprozesse und Berufungsverfahren tragen bereits fr\u00fchzeitig zur Wahrnehmung &hellip; <\/p>\n<p class=\"link-more\"><a href=\"https:\/\/blog.hwr-berlin.de\/professorale-karriere\/personalgewinnung\/\" class=\"more-link\"><span class=\"screen-reader-text\">\u201ePersonalgewinnung\u201c <\/span>weiterlesen<\/a><\/p>\n","protected":false},"author":2,"featured_media":0,"parent":0,"menu_order":0,"comment_status":"closed","ping_status":"closed","template":"","meta":{"footnotes":""},"class_list":["post-199","page","type-page","status-publish","hentry"],"_links":{"self":[{"href":"https:\/\/blog.hwr-berlin.de\/professorale-karriere\/wp-json\/wp\/v2\/pages\/199","targetHints":{"allow":["GET"]}}],"collection":[{"href":"https:\/\/blog.hwr-berlin.de\/professorale-karriere\/wp-json\/wp\/v2\/pages"}],"about":[{"href":"https:\/\/blog.hwr-berlin.de\/professorale-karriere\/wp-json\/wp\/v2\/types\/page"}],"author":[{"embeddable":true,"href":"https:\/\/blog.hwr-berlin.de\/professorale-karriere\/wp-json\/wp\/v2\/users\/2"}],"replies":[{"embeddable":true,"href":"https:\/\/blog.hwr-berlin.de\/professorale-karriere\/wp-json\/wp\/v2\/comments?post=199"}],"version-history":[{"count":26,"href":"https:\/\/blog.hwr-berlin.de\/professorale-karriere\/wp-json\/wp\/v2\/pages\/199\/revisions"}],"predecessor-version":[{"id":863,"href":"https:\/\/blog.hwr-berlin.de\/professorale-karriere\/wp-json\/wp\/v2\/pages\/199\/revisions\/863"}],"wp:attachment":[{"href":"https:\/\/blog.hwr-berlin.de\/professorale-karriere\/wp-json\/wp\/v2\/media?parent=199"}],"curies":[{"name":"wp","href":"https:\/\/api.w.org\/{rel}","templated":true}]}}