

{"id":345,"date":"2026-01-27T12:01:48","date_gmt":"2026-01-27T11:01:48","guid":{"rendered":"https:\/\/blog.hwr-berlin.de\/professorale-karriere\/?page_id=345"},"modified":"2026-03-16T21:23:47","modified_gmt":"2026-03-16T20:23:47","slug":"unterstuetzung-bei-der-professionalisierung-von-berufungsverfahren","status":"publish","type":"page","link":"https:\/\/blog.hwr-berlin.de\/professorale-karriere\/unterstuetzung-bei-der-professionalisierung-von-berufungsverfahren\/","title":{"rendered":"Unterst\u00fctzung bei der Professionalisierung von Berufungsverfahren"},"content":{"rendered":"\t\t<div data-elementor-type=\"wp-page\" data-elementor-id=\"345\" class=\"elementor elementor-345\">\n\t\t\t\t<div class=\"elementor-element elementor-element-d287f12 e-flex e-con-boxed e-con e-parent\" data-id=\"d287f12\" data-element_type=\"container\" data-e-type=\"container\">\n\t\t\t\t\t<div class=\"e-con-inner\">\n\t\t\t\t<div class=\"elementor-element elementor-element-171d6b7 elementor-widget elementor-widget-text-editor\" data-id=\"171d6b7\" data-element_type=\"widget\" data-e-type=\"widget\" data-widget_type=\"text-editor.default\">\n\t\t\t\t\t\t\t\t\t<p><span style=\"color: #000000;\"><b>Ziele:<\/b><\/span><\/p><ul><li><span style=\"color: #000000;\">Bewerber*innenorientierte Bereitstellung von Informationsmaterial f\u00fcr verschiedene Zielgruppen<\/span><\/li><li><span style=\"color: #000000;\">Unterst\u00fctzung in der Prozessoptimierung von Berufungsverfahren<\/span><\/li><li><span style=\"color: #000000;\">Informationsangebote f\u00fcr Berufungskommissionsmitglieder f\u00fcr die Sicherung von Transparenz und Querschnittsdimensionen<\/span><\/li><\/ul><p><span style=\"color: #000000;\"><b>Aktueller Stand:<\/b><\/span><\/p><p><span style=\"color: #000000;\">Die Bewerbung auf eine Professur ist ein umfangreiches Unterfangen und das sich im besten Falle daran anschlie\u00dfende Berufungsverfahren ein komplexer Prozess. Um Bewerber*innen eine bessere \u00dcbersicht \u00fcber diese Verfahren zu bieten, hat das Projektteam gemeinsam mit dem Zentralreferat Hochschulkommunikation sowie der Personalabteilung eine Website \u201e<a style=\"color: #000000;\" href=\"https:\/\/www.hwr-berlin.de\/hwr-berlin\/stellenangebote\/professur-an-der-hwr-berlin\/\" target=\"_blank\" rel=\"noopener\"><span style=\"text-decoration: underline;\">Professur an der HWR Berlin<\/span><\/a>\u201c inklusive Berufungsmonitor erarbeitet, welche die wesentlichen Etappen und formalen Aspekte von Berufungsverfahren nach au\u00dfen f\u00fcr Interessierte bzw. Bewerber*innen noch st\u00e4rker sichtbar werden l\u00e4sst.<\/span><\/p><p><span style=\"color: #000000;\">Nach wie vor bewerben sich mehr M\u00e4nner als Frauen auf Professuren. Um genderbasierte Ungleichheiten in den Bewerber*innenzahlen auszugleichen und gezielt Frauen zur Bewerbung auf eine HAW Professur zu ermutigen, wurde die Informationsrubrik \u201e<a style=\"color: #000000;\" href=\"https:\/\/www.hwr-berlin.de\/hwr-berlin\/stellenangebote\/professur-an-der-hwr-berlin\/karriereziel-professorin-infos-fuer-frauen\" target=\"_blank\" rel=\"noopener\"><span style=\"text-decoration: underline;\">Karriereziel Professorin<\/span><\/a>\u201c zur Beratung und Unterst\u00fctzung von Frauen mit dem Karriereziel der HAW-Professur ver\u00f6ffentlicht, in der auch Role Models der HWR Berlin von ihren Erfahrungen berichten.<\/span><\/p><p><span style=\"color: #000000;\">In Zusammenarbeit mit dem Berufungsteam wurden au\u00dferdem diverse Musterdokumente f\u00fcr Berufungsverfahren erarbeitet, um die Arbeit in Berufungsverfahren st\u00e4rker zu strukturieren und zu systematisieren. Im Intranet erhalten Berufungskommissionen einen neu strukturierten, detaillierten \u00dcberblick:\u00a0Eine neu angelegte Kachelstruktur informiert zu wesentlichen Etappen des Berufungsverfahrens. Dar\u00fcber hinaus wurde eine detaillierte Prozessdarstellung entwickelt, welche f\u00fcr die einzelnen Arbeitsschritte auch die jeweiligen Zust\u00e4ndigkeiten und die rechtlichen Grundlagen darstellt.<\/span><\/p><p><span style=\"color: #000000;\">Und auch hinsichtlich weniger offensichtlicher Elemente von Berufungsverfahren werden die potenzielle Mitglieder von Berufungskommissionen unterst\u00fctzt: So fand im M\u00e4rz 2025 am Campus Sch\u00f6neberg ein <a style=\"color: #000000;\" href=\"https:\/\/www.hwr-berlin.de\/aktuelles\/veranstaltung\/detail\/1245-unconscious-bias-in-berufungsverfahren\" target=\"_blank\" rel=\"noopener\"><span style=\"text-decoration: underline;\">Workshop zu &#8222;Unconscious Bias&#8220;<\/span><\/a> in Berufungsverfahren statt, in dem zu unterbewussten Diskriminierungsneigungen geschult wurden. 2026 soll der Workshop auch am Campus Lichtenberg angeboten werden.<\/span><\/p>\t\t\t\t\t\t\t\t<\/div>\n\t\t\t\t\t<\/div>\n\t\t\t\t<\/div>\n\t\t<div class=\"elementor-element elementor-element-4347135 e-flex e-con-boxed e-con e-parent\" data-id=\"4347135\" data-element_type=\"container\" data-e-type=\"container\">\n\t\t\t\t\t<div class=\"e-con-inner\">\n\t\t\t\t<div class=\"elementor-element elementor-element-1989101 elementor-widget elementor-widget-text-editor\" data-id=\"1989101\" data-element_type=\"widget\" data-e-type=\"widget\" data-widget_type=\"text-editor.default\">\n\t\t\t\t\t\t\t\t\t<ul><li><span style=\"color: #000000;\"><a style=\"color: #000000;\" href=\"https:\/\/blog.hwr-berlin.de\/professorale-karriere\/ausbau-der-promotionsmoglichkeiten\/\" target=\"_blank\" rel=\"noopener\"><span style=\"text-decoration: underline;\">Ausbau der Promotionsm\u00f6glichkeiten<\/span><\/a><\/span><\/li><li><span style=\"color: #000000;\"><a style=\"color: #000000;\" href=\"https:\/\/blog.hwr-berlin.de\/professorale-karriere\/qualifizierung-potenzieller-bewerberinnen\/\" target=\"_blank\" rel=\"noopener\"><span style=\"text-decoration: underline;\">Qualifizierung potenzieller Bewerber*innen<\/span><\/a><\/span><\/li><li><span style=\"color: #000000;\"><a style=\"color: #000000;\" href=\"https:\/\/blog.hwr-berlin.de\/professorale-karriere\/rekrutierung-von-lehrbeauftragten\/\" target=\"_blank\" rel=\"noopener\"><span style=\"text-decoration: underline;\">Rekrutierung von Lehrbeauftragten<\/span><\/a><\/span><\/li><\/ul>\t\t\t\t\t\t\t\t<\/div>\n\t\t\t\t\t<\/div>\n\t\t\t\t<\/div>\n\t\t\t\t<\/div>\n\t\t","protected":false},"excerpt":{"rendered":"<p>Ziele: Bewerber*innenorientierte Bereitstellung von Informationsmaterial f\u00fcr verschiedene Zielgruppen Unterst\u00fctzung in der Prozessoptimierung von Berufungsverfahren Informationsangebote f\u00fcr Berufungskommissionsmitglieder f\u00fcr die Sicherung von Transparenz und Querschnittsdimensionen Aktueller Stand: Die Bewerbung auf eine Professur ist ein umfangreiches Unterfangen und das sich im besten Falle daran anschlie\u00dfende Berufungsverfahren ein komplexer Prozess. Um Bewerber*innen eine bessere \u00dcbersicht \u00fcber diese Verfahren &hellip; <\/p>\n<p class=\"link-more\"><a href=\"https:\/\/blog.hwr-berlin.de\/professorale-karriere\/unterstuetzung-bei-der-professionalisierung-von-berufungsverfahren\/\" class=\"more-link\"><span class=\"screen-reader-text\">\u201eUnterst\u00fctzung bei der Professionalisierung von Berufungsverfahren\u201c <\/span>weiterlesen<\/a><\/p>\n","protected":false},"author":2,"featured_media":0,"parent":0,"menu_order":0,"comment_status":"closed","ping_status":"closed","template":"","meta":{"footnotes":""},"class_list":["post-345","page","type-page","status-publish","hentry"],"_links":{"self":[{"href":"https:\/\/blog.hwr-berlin.de\/professorale-karriere\/wp-json\/wp\/v2\/pages\/345","targetHints":{"allow":["GET"]}}],"collection":[{"href":"https:\/\/blog.hwr-berlin.de\/professorale-karriere\/wp-json\/wp\/v2\/pages"}],"about":[{"href":"https:\/\/blog.hwr-berlin.de\/professorale-karriere\/wp-json\/wp\/v2\/types\/page"}],"author":[{"embeddable":true,"href":"https:\/\/blog.hwr-berlin.de\/professorale-karriere\/wp-json\/wp\/v2\/users\/2"}],"replies":[{"embeddable":true,"href":"https:\/\/blog.hwr-berlin.de\/professorale-karriere\/wp-json\/wp\/v2\/comments?post=345"}],"version-history":[{"count":22,"href":"https:\/\/blog.hwr-berlin.de\/professorale-karriere\/wp-json\/wp\/v2\/pages\/345\/revisions"}],"predecessor-version":[{"id":807,"href":"https:\/\/blog.hwr-berlin.de\/professorale-karriere\/wp-json\/wp\/v2\/pages\/345\/revisions\/807"}],"wp:attachment":[{"href":"https:\/\/blog.hwr-berlin.de\/professorale-karriere\/wp-json\/wp\/v2\/media?parent=345"}],"curies":[{"name":"wp","href":"https:\/\/api.w.org\/{rel}","templated":true}]}}