

{"id":42,"date":"2025-09-17T13:30:53","date_gmt":"2025-09-17T11:30:53","guid":{"rendered":"https:\/\/blog.hwr-berlin.de\/professorale-karriere\/?page_id=42"},"modified":"2026-03-30T21:11:45","modified_gmt":"2026-03-30T19:11:45","slug":"ueber-das-projekt","status":"publish","type":"page","link":"https:\/\/blog.hwr-berlin.de\/professorale-karriere\/ueber-das-projekt\/","title":{"rendered":"\u00dcber das Projekt"},"content":{"rendered":"\t\t<div data-elementor-type=\"wp-page\" data-elementor-id=\"42\" class=\"elementor elementor-42\">\n\t\t\t\t<div class=\"elementor-element elementor-element-8517798 e-flex e-con-boxed e-con e-parent\" data-id=\"8517798\" data-element_type=\"container\" data-e-type=\"container\">\n\t\t\t\t\t<div class=\"e-con-inner\">\n\t\t\t\t<div class=\"elementor-element elementor-element-6b5ebf3 elementor-widget elementor-widget-image\" data-id=\"6b5ebf3\" data-element_type=\"widget\" data-e-type=\"widget\" data-widget_type=\"image.default\">\n\t\t\t\t\t\t\t\t\t\t\t\t<figure class=\"wp-caption\">\n\t\t\t\t\t\t\t\t\t\t<img fetchpriority=\"high\" decoding=\"async\" width=\"740\" height=\"493\" src=\"https:\/\/blog.hwr-berlin.de\/professorale-karriere\/wp-content\/uploads_professorale-karriere\/2026\/03\/2023-11-29_Image-CL_44-768x512.jpg\" class=\"attachment-medium_large size-medium_large wp-image-876\" alt=\"\" srcset=\"https:\/\/blog.hwr-berlin.de\/professorale-karriere\/wp-content\/uploads_professorale-karriere\/2026\/03\/2023-11-29_Image-CL_44-768x512.jpg 768w, https:\/\/blog.hwr-berlin.de\/professorale-karriere\/wp-content\/uploads_professorale-karriere\/2026\/03\/2023-11-29_Image-CL_44-300x200.jpg 300w, https:\/\/blog.hwr-berlin.de\/professorale-karriere\/wp-content\/uploads_professorale-karriere\/2026\/03\/2023-11-29_Image-CL_44-1024x683.jpg 1024w, https:\/\/blog.hwr-berlin.de\/professorale-karriere\/wp-content\/uploads_professorale-karriere\/2026\/03\/2023-11-29_Image-CL_44-1536x1024.jpg 1536w, https:\/\/blog.hwr-berlin.de\/professorale-karriere\/wp-content\/uploads_professorale-karriere\/2026\/03\/2023-11-29_Image-CL_44-2048x1365.jpg 2048w\" sizes=\"100vw\" \/>\t\t\t\t\t\t\t\t\t\t\t<figcaption class=\"widget-image-caption wp-caption-text\">Foto: Lukas Schramm <\/figcaption>\n\t\t\t\t\t\t\t\t\t\t<\/figure>\n\t\t\t\t\t\t\t\t\t<\/div>\n\t\t\t\t<div class=\"elementor-element elementor-element-fc7aeaa elementor-widget elementor-widget-spacer\" data-id=\"fc7aeaa\" data-element_type=\"widget\" data-e-type=\"widget\" data-widget_type=\"spacer.default\">\n\t\t\t\t\t\t\t<div class=\"elementor-spacer\">\n\t\t\t<div class=\"elementor-spacer-inner\"><\/div>\n\t\t<\/div>\n\t\t\t\t\t\t<\/div>\n\t\t\t\t<div class=\"elementor-element elementor-element-5d567337 elementor-widget elementor-widget-text-editor\" data-id=\"5d567337\" data-element_type=\"widget\" data-e-type=\"widget\" data-widget_type=\"text-editor.default\">\n\t\t\t\t\t\t\t\t\t\n<p><span style=\"color: #000000;\">Die Ma\u00dfnahmen des Projekts \u201eProfessorale Karriere an der HWR Berlin\u201c begleiten den Weg von der ersten Wahrnehmung der Hochschule bis zum Stellenantritt neuer Professor*innen.<\/span>\u00a0<span style=\"color: #000000;\"> Die Chancen einer Hochschule, die Anzahl geeigneter professoraler Bewerber*innen zu erh\u00f6hen, h\u00e4ngen ma\u00dfgeblich davon ab, wie gut es ihr gelingt, an einer HAW-Professur interessierte Personen auf diesem Weg zu begleiten. Darum setzt das Projekt an den spiegelbildlich zur Perspektive der Zielgruppe verorteten Strukturen und Prozessen an:<\/span><\/p>\n<p><span style=\"color: #000000;\"><strong>Personalmarketing<\/strong><\/span><\/p>\n<ul>\n<li><span style=\"color: #000000;\">Schaffung einer Arbeitgebermarke<\/span><\/li>\n<li><span style=\"color: #000000;\">Erh\u00f6hung der Sichtbarkeit als Arbeitgeberin<\/span><\/li>\n<li><span style=\"color: #000000;\">Ausbau der Netzwerkarbeit<\/span><\/li>\n<\/ul>\n<p><span style=\"color: #000000;\"><strong>Personalgewinnung <\/strong><\/span><\/p>\n<ul>\n<li><span style=\"color: #000000;\">Ausbau der Promotionsm\u00f6glichkeiten<\/span><\/li>\n<li><span style=\"color: #000000;\">Qualifizierung potenzieller Bewerber*innen<\/span><\/li>\n<li><span style=\"color: #000000;\">Rekrutierung von Lehrbeauftragten<\/span><\/li>\n<li><span style=\"color: #000000;\">Unterst\u00fctzung bei der Professionalisierung von Berufungsverfahren<\/span><\/li>\n<\/ul>\n<p><span style=\"color: #000000;\"><strong>Personalbindung<\/strong><\/span><\/p>\n<ul>\n<li><span style=\"color: #000000;\">Onboarding-Unterst\u00fctzung f\u00fcr neuberufene Professor*innen<\/span><\/li>\n<li><span style=\"color: #000000;\">F\u00f6rderung innovativer, interdisziplin\u00e4rer Projekte<\/span><\/li>\n<\/ul>\n<p><span style=\"color: #000000;\"><\/span><span style=\"color: #000000;\"><\/span><span style=\"color: #000000;\"><\/span><span style=\"color: #000000;\"><\/span><\/p>\n\t\t\t\t\t\t\t\t<\/div>\n\t\t\t\t\t<\/div>\n\t\t\t\t<\/div>\n\t\t\t\t<\/div>\n\t\t","protected":false},"excerpt":{"rendered":"<p>Foto: Lukas Schramm Die Ma\u00dfnahmen des Projekts \u201eProfessorale Karriere an der HWR Berlin\u201c begleiten den Weg von der ersten Wahrnehmung der Hochschule bis zum Stellenantritt neuer Professor*innen.\u00a0 Die Chancen einer Hochschule, die Anzahl geeigneter professoraler Bewerber*innen zu erh\u00f6hen, h\u00e4ngen ma\u00dfgeblich davon ab, wie gut es ihr gelingt, an einer HAW-Professur interessierte Personen auf diesem Weg &hellip; <\/p>\n<p class=\"link-more\"><a href=\"https:\/\/blog.hwr-berlin.de\/professorale-karriere\/ueber-das-projekt\/\" class=\"more-link\"><span class=\"screen-reader-text\">\u201e\u00dcber das Projekt\u201c <\/span>weiterlesen<\/a><\/p>\n","protected":false},"author":2,"featured_media":0,"parent":0,"menu_order":0,"comment_status":"closed","ping_status":"closed","template":"","meta":{"footnotes":""},"class_list":["post-42","page","type-page","status-publish","hentry"],"_links":{"self":[{"href":"https:\/\/blog.hwr-berlin.de\/professorale-karriere\/wp-json\/wp\/v2\/pages\/42","targetHints":{"allow":["GET"]}}],"collection":[{"href":"https:\/\/blog.hwr-berlin.de\/professorale-karriere\/wp-json\/wp\/v2\/pages"}],"about":[{"href":"https:\/\/blog.hwr-berlin.de\/professorale-karriere\/wp-json\/wp\/v2\/types\/page"}],"author":[{"embeddable":true,"href":"https:\/\/blog.hwr-berlin.de\/professorale-karriere\/wp-json\/wp\/v2\/users\/2"}],"replies":[{"embeddable":true,"href":"https:\/\/blog.hwr-berlin.de\/professorale-karriere\/wp-json\/wp\/v2\/comments?post=42"}],"version-history":[{"count":27,"href":"https:\/\/blog.hwr-berlin.de\/professorale-karriere\/wp-json\/wp\/v2\/pages\/42\/revisions"}],"predecessor-version":[{"id":890,"href":"https:\/\/blog.hwr-berlin.de\/professorale-karriere\/wp-json\/wp\/v2\/pages\/42\/revisions\/890"}],"wp:attachment":[{"href":"https:\/\/blog.hwr-berlin.de\/professorale-karriere\/wp-json\/wp\/v2\/media?parent=42"}],"curies":[{"name":"wp","href":"https:\/\/api.w.org\/{rel}","templated":true}]}}