

{"id":43,"date":"2025-09-17T13:30:53","date_gmt":"2025-09-17T11:30:53","guid":{"rendered":"https:\/\/blog.hwr-berlin.de\/professorale-karriere\/?page_id=43"},"modified":"2026-03-17T11:11:35","modified_gmt":"2026-03-17T10:11:35","slug":"das-projekt","status":"publish","type":"page","link":"https:\/\/blog.hwr-berlin.de\/professorale-karriere\/das-projekt\/","title":{"rendered":"Das Projekt"},"content":{"rendered":"\t\t<div data-elementor-type=\"wp-page\" data-elementor-id=\"43\" class=\"elementor elementor-43\">\n\t\t\t\t<div class=\"elementor-element elementor-element-3407840 e-flex e-con-boxed e-con e-parent\" data-id=\"3407840\" data-element_type=\"container\" data-e-type=\"container\">\n\t\t\t\t\t<div class=\"e-con-inner\">\n\t\t\t\t<div class=\"elementor-element elementor-element-8a2580a elementor-widget elementor-widget-text-editor\" data-id=\"8a2580a\" data-element_type=\"widget\" data-e-type=\"widget\" data-widget_type=\"text-editor.default\">\n\t\t\t\t\t\t\t\t\t<p><span style=\"color: #000000;\">Um die Gewinnung und Bindung von Professor*innen an die Hochschule nachhaltig zu verbessern, werden im Projekt innovative und an den potenziellen Bewerber*innen sowie an den neuberufenen Professor*innen ausgerichtete Ma\u00dfnahmen entwickelt und erprobt. Die professorale Personalarbeit wird durch die im Projektteam geb\u00fcndelte Verzahnung des <span style=\"text-decoration: underline;\"><a style=\"color: #000000; text-decoration: underline;\" href=\"https:\/\/www.hwr-berlin.de\/hwr-berlin\/organisation-der-hochschule\/verwaltung\/personalwesen\" target=\"_blank\" rel=\"noopener\">Personalwesens<\/a> <\/span>mit dem <span style=\"text-decoration: underline;\"><a style=\"color: #000000; text-decoration: underline;\" href=\"https:\/\/www.hwr-berlin.de\/forschung\/zentralreferat-forschungsfoerderung\/\" target=\"_blank\" rel=\"noopener\">Zentralreferat Forschungsf\u00f6rderung<\/a><\/span>, dem <span style=\"text-decoration: underline;\"><a style=\"color: #000000; text-decoration: underline;\" href=\"https:\/\/www.hwr-berlin.de\/hwr-berlin\/organisation-der-hochschule\/verwaltung\/hochschulkommunikation\" target=\"_blank\" rel=\"noopener\">Zentralreferat Hochschulkommunikation<\/a><\/span> und den <span style=\"text-decoration: underline;\"><a style=\"color: #000000; text-decoration: underline;\" href=\"https:\/\/www.hwr-berlin.de\/hwr-berlin\/fachbereiche-und-bps\/\" target=\"_blank\" rel=\"noopener\">f\u00fcnf Fachbereichen<\/a><\/span> gest\u00e4rkt.<\/span><\/p><ul><li><span style=\"text-decoration: underline;\"><a href=\"https:\/\/blog.hwr-berlin.de\/professorale-karriere\/ueber-das-projekt\/\" target=\"_blank\" rel=\"noopener\">Hier entlang zu Informationen \u00fcber das Projekt<\/a><\/span><\/li><li><span style=\"text-decoration: underline;\"><a href=\"https:\/\/blog.hwr-berlin.de\/professorale-karriere\/projektteam\/\" target=\"_blank\" rel=\"noopener\">Hier geht es zum Projektteam<\/a><\/span><\/li><\/ul>\t\t\t\t\t\t\t\t<\/div>\n\t\t\t\t\t<\/div>\n\t\t\t\t<\/div>\n\t\t\t\t<\/div>\n\t\t","protected":false},"excerpt":{"rendered":"<p>Um die Gewinnung und Bindung von Professor*innen an die Hochschule nachhaltig zu verbessern, werden im Projekt innovative und an den potenziellen Bewerber*innen sowie an den neuberufenen Professor*innen ausgerichtete Ma\u00dfnahmen entwickelt und erprobt. Die professorale Personalarbeit wird durch die im Projektteam geb\u00fcndelte Verzahnung des Personalwesens mit dem Zentralreferat Forschungsf\u00f6rderung, dem Zentralreferat Hochschulkommunikation und den f\u00fcnf Fachbereichen &hellip; <\/p>\n<p class=\"link-more\"><a href=\"https:\/\/blog.hwr-berlin.de\/professorale-karriere\/das-projekt\/\" class=\"more-link\"><span class=\"screen-reader-text\">\u201eDas Projekt\u201c <\/span>weiterlesen<\/a><\/p>\n","protected":false},"author":2,"featured_media":0,"parent":0,"menu_order":0,"comment_status":"closed","ping_status":"closed","template":"","meta":{"footnotes":""},"class_list":["post-43","page","type-page","status-publish","hentry"],"_links":{"self":[{"href":"https:\/\/blog.hwr-berlin.de\/professorale-karriere\/wp-json\/wp\/v2\/pages\/43","targetHints":{"allow":["GET"]}}],"collection":[{"href":"https:\/\/blog.hwr-berlin.de\/professorale-karriere\/wp-json\/wp\/v2\/pages"}],"about":[{"href":"https:\/\/blog.hwr-berlin.de\/professorale-karriere\/wp-json\/wp\/v2\/types\/page"}],"author":[{"embeddable":true,"href":"https:\/\/blog.hwr-berlin.de\/professorale-karriere\/wp-json\/wp\/v2\/users\/2"}],"replies":[{"embeddable":true,"href":"https:\/\/blog.hwr-berlin.de\/professorale-karriere\/wp-json\/wp\/v2\/comments?post=43"}],"version-history":[{"count":21,"href":"https:\/\/blog.hwr-berlin.de\/professorale-karriere\/wp-json\/wp\/v2\/pages\/43\/revisions"}],"predecessor-version":[{"id":854,"href":"https:\/\/blog.hwr-berlin.de\/professorale-karriere\/wp-json\/wp\/v2\/pages\/43\/revisions\/854"}],"wp:attachment":[{"href":"https:\/\/blog.hwr-berlin.de\/professorale-karriere\/wp-json\/wp\/v2\/media?parent=43"}],"curies":[{"name":"wp","href":"https:\/\/api.w.org\/{rel}","templated":true}]}}