

{"id":1831,"date":"2025-02-06T12:52:35","date_gmt":"2025-02-06T11:52:35","guid":{"rendered":"https:\/\/blog.hwr-berlin.de\/schmietendorf\/?page_id=1831"},"modified":"2026-02-01T18:49:13","modified_gmt":"2026-02-01T17:49:13","slug":"forschung-2025","status":"publish","type":"page","link":"https:\/\/blog.hwr-berlin.de\/schmietendorf\/forschung-2025\/","title":{"rendered":"Forschung 2025"},"content":{"rendered":"<p><em><strong>Vortr\u00e4ge, Diskussionen und Jury<br \/>\n<\/strong><\/em><\/p>\n<ul>\n<li>Schmietendorf, A.: Vergleich zwischen kooperativen Promotionsverfahren und angedachten Promotionszentren der Hochschulen f\u00fcr angewandte Wissenschaften, Vortrag im Rahmen des Doktorandentags der Forschungsgruppe Wirtschaftsinformatik\/Systementwicklung (Promotionskolleg), HWR Berlin &#8211; FB 2, 18. Februar 2025<\/li>\n<li>Schmietendorf, A.: Herausforderungen API-basierter KI-Dienste, Impulsvortrag im Rahmen des \u00f6ffentlichen Workshops &#8222;KI-Sicherheit im Diskurs der Ergebnisse aus dem Forschungsprojekt TAHAI, HTW Berlin, 13. M\u00e4rz 2026<\/li>\n<li>Schmietendorf, A.; Hartenstein, S.; Marc-Steven Fischer, M. S.: Bewertungsaspekte einer KI-gest\u00fctzten Anonymisierung deutschsprachiger Transkripte, akzeptierter Vortrag im Rahmen der 8. ASQF Net Week, 02. April 2025<\/li>\n<li>Schmietendorf, A.: Reengineering einer bestehenden High-Code KI-Applikation zu einer Low-Code L\u00f6sung, akzeptierter Vortrag f\u00fcr den 27. Workshop Software-Reengineering und -Evolution WSRE 2025 der GI-Fachgruppe Software-Reengineering (SRE), Physikzentrum Bad Honef, 10\/11. April 2025<\/li>\n<li>Schmietendorf, A.: Zusammenfassende Darstellung der Ergebnisse des Forschungsprojekts TAHAI (TrustAdHocAI), im Rahmen des Abschlussreviews, HWR Berlin\/CL, 20. Mai 2025<\/li>\n<li>Schmietendorf, A.: Mitwirkung in der moderierten Podiumsdiskussion im Rahmen des Forschungs- und Transferforums 2025, HWR Berlin &#8211; Campus Sch\u00f6neberg, 25. Juni 2025<\/li>\n<li>Hartenstein, S.; Letzel, W.; Rymar, B.; Schmietendorf, A.: Reengineering einer bestehenden High-Code KI-Applikation zu einer Low-Code L\u00f6sung, Posterpr\u00e4sentation im Rahmen des Forschungs- und Transferforums 2025, HWR Berlin &#8211; Campus Sch\u00f6neberg, 25. Juni 2025<\/li>\n<li>Wei\u00df, M.; Schmietendorf, A.: Analysen zur Robustheit von Large Language Models im Bereich der Quellcodekonvertierung, eingeladener Beitrag im Rahmen der ceCMG-Konferenz Infrastruktur meets Anwendungsentwicklung (<span style=\"color: #ff0000;\">best presentation<\/span>), BearingPoint, Frankfurt\/M., 02.\/03.07.2026<\/li>\n<li>Letzel, W. H.; Schmietendorf, A.: Herausforderungen einer KI-basierten Transkription rollenbasierter Gespr\u00e4chsverl\u00e4ufe, Beitrag im Rahmen des Workshop KI-getriebene Ver\u00e4nderungen im Software Engineering &#8211; KI4SE, Fraunhofer IESE, Kaiserlautern, 05. November 2025<\/li>\n<li>Rymar, B.; Schmietendorf, A.: Dom\u00e4nenspezifisch trainierte LLMs vs. KI-gest\u00fctzte Anwendungsprozesse &#8211; Hybride KI-Architekturen als L\u00f6sungsansatz f\u00fcr regulierte Dom\u00e4nen, ceCMG Herbsttagung, Frankfurt\/M., 12. November 2025<\/li>\n<\/ul>\n<p><em><strong>Publikationen<\/strong><\/em><\/p>\n<ul>\n<li>Schmietendorf, A.: Kurzbericht zur Studienreise zwecks Teilnahme an der TRANSFORM 2025 (Bitkom B2B-Lead-Event), Station Berlin \u2013 19\/20. M\u00e4rz 2025, <a href=\"https:\/\/blog.hwr-berlin.de\/schmietendorf\/wp-content\/uploads\/2025\/03\/bericht-transform2025-v2.pdf\" target=\"_blank\" rel=\"noopener\"><span style=\"color: #0000ff;\">Online-Version<\/span><\/a>, M\u00e4rz 2022<\/li>\n<li>Schmietendorf, A.: Bericht Expertenworkshop &#8222;Herausforderungen Low-Code orientierter KI-Ans\u00e4tze&#8220; &#8211; orientiert an den Themen des Forschungsprojekts TAHAI (TrustAdHocAI), Fraunhofer IESE Kaiserlautern (12. November 2024), Online-Version, in Software Measurement News \u2013 Journal of the Software Metrics Community, Volume 30, Number 1, S. 8-16, March 2025, ISSN 1867-9196<\/li>\n<li>Schmietendorf, A.: Bericht Expertenworkshop &#8222;KI-Sicherheit im Diskurs der Ergebnisse des Forschungsprojekts TAHAI (TrustAdHocAI) &#8230;&#8220;, HTW Berlin (13. M\u00e4rz 2025), Online-Version, in Software Measurement News \u2013 Journal of the Software Metrics Community, Volume 30, Number 1, S. 17-19, March 2025, ISSN 1867-9196<\/li>\n<li>Rymar, B.; Hartenstein, S.; Schmietendorf, A.: Reengineering einer bestehenden High-Code KI-Applikation zu einer Low-Code L\u00f6sung, in Proc. 27. Workshop Software-Reengineering und -Evolution WSRE 2025 der GI-Fachgruppe Software-Reengineering (SRE), S. 29-30, Physikzentrum Bad Honef, April 2025<\/li>\n<li>Rymar, B.; Hartenstein, S.; Schmietendorf, A.: Reengineering einer bestehenden High-Code KI-Applikation zu einer Low-Code L\u00f6sung, Nachdruck der Proc. WSRE 2025, in Softwaretechnik-Trends, Band 45 Heft 2, S. 22-23, Mai 2025<\/li>\n<li>Rymar, B.; Hartenstein, S.; Schmietendorf, A.: Implementierung einer Low-Code-L\u00f6sung zur KI-basierten Bewertung anonymisierter Transkripte, in Proc. Herausforderungen Low-Code orientierter KI-Ans\u00e4tze, Shaker-Verlag, D\u00fcren, Mai 2025<\/li>\n<li>Schmietendorf, A.: KI-getriebene Ver\u00e4nderungen im Software Engineering &#8211; KI4SE, Bericht zum am Fraunhofer IESE in Kaiserslautern durchgef\u00fchrten Workshop, Webauftritt der GI-Fachgruppe Measurement &amp; Data Science, November 2025<\/li>\n<li>Schmietendorf, A.: KI-getriebene Ver\u00e4nderungen im Software Engineering &#8211; KI4SE (Kurzbericht), Bericht zum am Fraunhofer IESE in Kaiserslautern durchgef\u00fchrten Workshop, in Softwaretechnik-Trends, Band 45 Heft 4, S. 14-16, November 2025, ISSN 0720-8928<\/li>\n<\/ul>\n<p><strong>Ver\u00f6ffentlichte B\u00fccher und Studien<\/strong><\/p>\n<ul>\n<li>Schmietendorf, A.; Rodner, E.; Schnieders, R.: Herausforderungen Low-Code orientierter KI-Ans\u00e4tze &#8211; Ergebnisse eines \u00f6ffentlichen Expertenworkshops am Fraunhofer IESE unter Ber\u00fccksichtigung der TAHAI-Projektergebnisse, in Berliner Schriften zu modernen Integrationsarchitekturen, Shaker-Verlag, D\u00fcren, Band 30, ISBN 978-3-8440-9729-0<\/li>\n<li>Hartenstein, S.; Letzel, W. H.; Schmietendorf, A. (Hrsg.): Software Engineering prototypischer KI-Implementierungen im Zusammenhang mit dom\u00e4nenspezifischen Problemen des Projekts TAHAI, 110 Seiten, Monografie, Logos-Verlag, Berlin, November 2025, ISBN 978-3-8325-5906-9<\/li>\n<\/ul>\n","protected":false},"excerpt":{"rendered":"<p>Vortr\u00e4ge, Diskussionen und Jury Schmietendorf, A.: Vergleich zwischen kooperativen Promotionsverfahren und angedachten Promotionszentren der Hochschulen f\u00fcr angewandte Wissenschaften, Vortrag im Rahmen des Doktorandentags der Forschungsgruppe Wirtschaftsinformatik\/Systementwicklung (Promotionskolleg), HWR Berlin &#8211; FB 2, 18. Februar 2025 Schmietendorf, A.: Herausforderungen API-basierter KI-Dienste, Impulsvortrag im Rahmen des \u00f6ffentlichen Workshops &#8222;KI-Sicherheit im Diskurs der Ergebnisse aus dem Forschungsprojekt TAHAI, [&hellip;]<\/p>\n","protected":false},"author":2,"featured_media":0,"parent":0,"menu_order":0,"comment_status":"closed","ping_status":"closed","template":"","meta":{"footnotes":""},"class_list":["post-1831","page","type-page","status-publish","hentry"],"_links":{"self":[{"href":"https:\/\/blog.hwr-berlin.de\/schmietendorf\/wp-json\/wp\/v2\/pages\/1831","targetHints":{"allow":["GET"]}}],"collection":[{"href":"https:\/\/blog.hwr-berlin.de\/schmietendorf\/wp-json\/wp\/v2\/pages"}],"about":[{"href":"https:\/\/blog.hwr-berlin.de\/schmietendorf\/wp-json\/wp\/v2\/types\/page"}],"author":[{"embeddable":true,"href":"https:\/\/blog.hwr-berlin.de\/schmietendorf\/wp-json\/wp\/v2\/users\/2"}],"replies":[{"embeddable":true,"href":"https:\/\/blog.hwr-berlin.de\/schmietendorf\/wp-json\/wp\/v2\/comments?post=1831"}],"version-history":[{"count":31,"href":"https:\/\/blog.hwr-berlin.de\/schmietendorf\/wp-json\/wp\/v2\/pages\/1831\/revisions"}],"predecessor-version":[{"id":2205,"href":"https:\/\/blog.hwr-berlin.de\/schmietendorf\/wp-json\/wp\/v2\/pages\/1831\/revisions\/2205"}],"wp:attachment":[{"href":"https:\/\/blog.hwr-berlin.de\/schmietendorf\/wp-json\/wp\/v2\/media?parent=1831"}],"curies":[{"name":"wp","href":"https:\/\/api.w.org\/{rel}","templated":true}]}}