

{"id":2180,"date":"2026-01-16T14:14:14","date_gmt":"2026-01-16T13:14:14","guid":{"rendered":"https:\/\/blog.hwr-berlin.de\/schmietendorf\/?page_id=2180"},"modified":"2026-04-10T13:58:46","modified_gmt":"2026-04-10T11:58:46","slug":"forschung-2026","status":"publish","type":"page","link":"https:\/\/blog.hwr-berlin.de\/schmietendorf\/forschung-2026\/","title":{"rendered":"Forschung 2026"},"content":{"rendered":"<p><em><strong>Vortr\u00e4ge, Moderationen und Jury<\/strong><\/em><\/p>\n<ul>\n<li>Schmietendorf, A.: KI+Legacy Transformation (Sicherung der Zukunfts- und Wettbewerbsf\u00e4higkeit), Impuls zur Themenstellung der gemeinsam mit Prof. Dr. Brune (FH Neu-Ulm) moderierten Breakout Session, Tagung: Train the Boss \u2013\u00a0 Organisation PKS Software, Gastgeber: IBM Berlin und der Gesamtverband der Deutschen Versicherungswirtschaft (GDV), Berlin, 27. und 28. Januar 2026<\/li>\n<li>Schmietendorf, A.: eingelandener Teilnehmer der Diskussionsrunde zum Thema: \u201eWas macht gute Promotionsbetreuung aus?&#8220;, im Rahmen der Veranstaltungsreihe\u00a0 &#8222;Gute Lehre zukunftsf\u00e4hig gestalten&#8220;, HWR Berlin, Online-Veranstaltung am 25.02.2026<\/li>\n<li>Schmietendorf, A.; Hartenstein, S.; Letzel, W.:\u00a0Fallstudie zur KI-gest\u00fctzten Analyse transkribierter Mediationssitzungen, Kurzvortrag im Rahmen der Postersession II &#8211; KI in Life Science, Wildauer Konferenz f\u00fcr K\u00fcnstliche Intelligenz, 10. M\u00e4rz 2026<\/li>\n<li>Schmietendorf, A.; Hartenstein, S.: Bewertung und Auswahl von mittels APIs integrierbaren KI-Modellen f\u00fcr eigene L\u00f6sungsszenarien, Vortrag im Rahmen der 9. ASQF Net Week, 25. M\u00e4rz 2026<\/li>\n<li>&#8230;<\/li>\n<\/ul>\n<p><em><strong>Publikationen<\/strong><\/em><\/p>\n<ul>\n<li>Schmietendorf, A.: KI-getriebene Ver\u00e4nderungen im Software Engineering \u2013 KI4SE, ausf\u00fchrlicher Bericht zum am Fraunhofer IESE in Kaiserslautern durchgef\u00fchrten Workshop, avisierter Beitrag f\u00fcr den 51. WI-MAW-Rundbrief, S. xx, Jahrgang 32 \u2013 Heft 1, Mai 2026, ISSN 1610-5753<\/li>\n<li>Rymar, B.; Schmietendorf, A.: KI-Unterst\u00fctzung im Software Requirements Engineering: Literaturanalyse zu den M\u00f6glichkeiten und Grenzen, avisierter Beitrag f\u00fcr den 51. WI-MAW-Rundbrief, S. xx, Jahrgang 32 \u2013 Heft 1, Mai 2026, ISSN 1610-5753<\/li>\n<li>Schmietendorf, A.; Hartenstein, S.; Letzel, W.: Fallstudie zur KI-gest\u00fctzten Analyse transkribierter Mediationssitzungen, Poster-Beitrag (6 Seiten) f\u00fcr die Proc. der Wildauer Konferenz f\u00fcr K\u00fcnstliche Intelligenz, 2026<\/li>\n<li>Rymar, B.; Schmietendorf, A.: Evaluierung von Support Tools und Multi-Agent-Pipelines f\u00fcr die LLM-gest\u00fctzte Codemigration, akzeptierter Beitrag f\u00fcr den 28. Workshop Software-Reengineering &amp; Evolution, GI-Fachgruppe Software-Reengineering (SRE), Mai 2026<\/li>\n<li>&#8230;<\/li>\n<\/ul>\n<p><strong>Ver\u00f6ffentlichte B\u00fccher und Studien<\/strong><\/p>\n<ul>\n<li>Schmietendorf, A. (Hrsg.): KI-getriebene Ver\u00e4nderungen im Software Engineering (KI4SE) \u2013 Ergebnisse eines \u00f6ffentlichen Expertenworkshops am Fraunhofer IESE, Shaker-Verlag, D\u00fcren, Band 31, ISBN 978-3-8325-5906-9 (Februar 2026)<\/li>\n<li>Schmietendorf, A.; Rodner, E.; Schnieders, R. (Hrsg.): Zusammenfassende Darstellung der Ergebnisse des Forschungsprojekts TAHAI (TrustAdHocAI), ca. 120 Seiten, Monografie, Logos-Verlag, Berlin,\u00a0 ISBN 978-3-8325-5949-6 (im Druck &#8211; M\u00e4rz 2026)<\/li>\n<li>&#8230;<\/li>\n<\/ul>\n","protected":false},"excerpt":{"rendered":"<p>Vortr\u00e4ge, Moderationen und Jury Schmietendorf, A.: KI+Legacy Transformation (Sicherung der Zukunfts- und Wettbewerbsf\u00e4higkeit), Impuls zur Themenstellung der gemeinsam mit Prof. Dr. Brune (FH Neu-Ulm) moderierten Breakout Session, Tagung: Train the Boss \u2013\u00a0 Organisation PKS Software, Gastgeber: IBM Berlin und der Gesamtverband der Deutschen Versicherungswirtschaft (GDV), Berlin, 27. und 28. Januar 2026 Schmietendorf, A.: eingelandener Teilnehmer [&hellip;]<\/p>\n","protected":false},"author":2,"featured_media":0,"parent":0,"menu_order":0,"comment_status":"closed","ping_status":"closed","template":"","meta":{"footnotes":""},"class_list":["post-2180","page","type-page","status-publish","hentry"],"_links":{"self":[{"href":"https:\/\/blog.hwr-berlin.de\/schmietendorf\/wp-json\/wp\/v2\/pages\/2180","targetHints":{"allow":["GET"]}}],"collection":[{"href":"https:\/\/blog.hwr-berlin.de\/schmietendorf\/wp-json\/wp\/v2\/pages"}],"about":[{"href":"https:\/\/blog.hwr-berlin.de\/schmietendorf\/wp-json\/wp\/v2\/types\/page"}],"author":[{"embeddable":true,"href":"https:\/\/blog.hwr-berlin.de\/schmietendorf\/wp-json\/wp\/v2\/users\/2"}],"replies":[{"embeddable":true,"href":"https:\/\/blog.hwr-berlin.de\/schmietendorf\/wp-json\/wp\/v2\/comments?post=2180"}],"version-history":[{"count":13,"href":"https:\/\/blog.hwr-berlin.de\/schmietendorf\/wp-json\/wp\/v2\/pages\/2180\/revisions"}],"predecessor-version":[{"id":2271,"href":"https:\/\/blog.hwr-berlin.de\/schmietendorf\/wp-json\/wp\/v2\/pages\/2180\/revisions\/2271"}],"wp:attachment":[{"href":"https:\/\/blog.hwr-berlin.de\/schmietendorf\/wp-json\/wp\/v2\/media?parent=2180"}],"curies":[{"name":"wp","href":"https:\/\/api.w.org\/{rel}","templated":true}]}}