

{"id":13,"date":"2017-06-14T09:27:36","date_gmt":"2017-06-14T07:27:36","guid":{"rendered":"https:\/\/blog.hwr-berlin.de\/scom\/?page_id=13"},"modified":"2017-09-29T13:22:03","modified_gmt":"2017-09-29T11:22:03","slug":"scom-3","status":"publish","type":"page","link":"https:\/\/blog.hwr-berlin.de\/scom\/scom-3\/","title":{"rendered":"SCOM 3"},"content":{"rendered":"<p><strong>Supply Chain Management und Informationssysteme (Supply Chain Management and Information Systems)<br \/>\n<\/strong><\/p>\n<p>Lehrinhalte:<\/p>\n<ul>\n<li>Einf\u00fchrung in das Supply Chain Management (Beitrag zu Wertsch\u00f6pfung, Grundstrukturen (lokal bis global) vernetzter Wertsch\u00f6pfungsprozesse, SCOR-Modell, SCM Strategien im Kontext r\u00e4umlich differenzierter Strukturen)<\/li>\n<li>Supply Chain Design und Planung (Taktisch \/ strategische Entscheidungen im SCM, Gestaltung vernetzter Strukturen, Sourcing-Strategien, Supply Chain Koordination (CPFR-Ansatz, etc.))<\/li>\n<li>Enterprise Ressource Planning (ERP)-Systeme<br \/>\n(Gesch\u00e4ftsprozesse, Konzept und Aufbau, Systeme und Module, Anwendungsbeispiele und Implementierung)<\/li>\n<li>Advanced Planning and Scheduling (APS)-Systeme (Konzept und Aufbau, Systeme und Module, Anwendungsbeispiele und Implementierung)<\/li>\n<li>Funktionsorientierte Systeme (auch in Verbindung mit Case Studies)\u00a0(Warenwirtschaftssysteme, Vendor Managed Inventory-Konzept, Elektronische Beschaffung, Quick Response, Nutzung von Identifikationstechniken im Handel, Informationssysteme in der Transportlogistik, Integrationssysteme, Supply Chain Event Management-Ans\u00e4tze)<\/li>\n<\/ul>\n","protected":false},"excerpt":{"rendered":"<p>Supply Chain Management und Informationssysteme (Supply Chain Management and Information Systems) Lehrinhalte: Einf\u00fchrung in das Supply Chain Management (Beitrag zu Wertsch\u00f6pfung, Grundstrukturen (lokal bis global) vernetzter Wertsch\u00f6pfungsprozesse, SCOR-Modell, SCM Strategien im Kontext r\u00e4umlich differenzierter Strukturen) Supply Chain Design und Planung (Taktisch \/ strategische Entscheidungen im SCM, Gestaltung vernetzter Strukturen, Sourcing-Strategien, Supply Chain Koordination (CPFR-Ansatz, etc.))&#8230;<\/p>\n","protected":false},"author":2,"featured_media":0,"parent":0,"menu_order":0,"comment_status":"closed","ping_status":"closed","template":"","meta":{"footnotes":""},"class_list":["post-13","page","type-page","status-publish","hentry"],"yoast_head":"<!-- This site is optimized with the Yoast SEO plugin v27.4 - https:\/\/yoast.com\/product\/yoast-seo-wordpress\/ -->\n<title>SCOM 3 - Supply Chain and Operations Management<\/title>\n<meta name=\"robots\" content=\"index, follow, max-snippet:-1, max-image-preview:large, max-video-preview:-1\" \/>\n<link rel=\"canonical\" href=\"https:\/\/blog.hwr-berlin.de\/scom\/scom-3\/\" \/>\n<meta property=\"og:locale\" content=\"de_DE\" \/>\n<meta property=\"og:type\" content=\"article\" \/>\n<meta property=\"og:title\" content=\"SCOM 3 - Supply Chain and Operations Management\" \/>\n<meta property=\"og:description\" content=\"Supply Chain Management und Informationssysteme (Supply Chain Management and Information Systems) Lehrinhalte: Einf\u00fchrung in das Supply Chain Management (Beitrag zu Wertsch\u00f6pfung, Grundstrukturen (lokal bis global) vernetzter Wertsch\u00f6pfungsprozesse, SCOR-Modell, SCM Strategien im Kontext r\u00e4umlich differenzierter Strukturen) Supply Chain Design und Planung (Taktisch \/ strategische Entscheidungen im SCM, Gestaltung vernetzter Strukturen, Sourcing-Strategien, Supply Chain Koordination (CPFR-Ansatz, etc.))...\" \/>\n<meta property=\"og:url\" content=\"https:\/\/blog.hwr-berlin.de\/scom\/scom-3\/\" \/>\n<meta property=\"og:site_name\" content=\"Supply Chain and Operations Management\" \/>\n<meta property=\"article:modified_time\" content=\"2017-09-29T11:22:03+00:00\" \/>\n<meta name=\"twitter:card\" content=\"summary_large_image\" \/>\n<meta name=\"twitter:label1\" content=\"Gesch\u00e4tzte Lesezeit\" \/>\n\t<meta name=\"twitter:data1\" content=\"1\u00a0Minute\" \/>\n<script type=\"application\/ld+json\" class=\"yoast-schema-graph\">{\"@context\":\"https:\\\/\\\/schema.org\",\"@graph\":[{\"@type\":\"WebPage\",\"@id\":\"https:\\\/\\\/blog.hwr-berlin.de\\\/scom\\\/scom-3\\\/\",\"url\":\"https:\\\/\\\/blog.hwr-berlin.de\\\/scom\\\/scom-3\\\/\",\"name\":\"SCOM 3 - Supply Chain and Operations Management\",\"isPartOf\":{\"@id\":\"https:\\\/\\\/blog.hwr-berlin.de\\\/scom\\\/#website\"},\"datePublished\":\"2017-06-14T07:27:36+00:00\",\"dateModified\":\"2017-09-29T11:22:03+00:00\",\"breadcrumb\":{\"@id\":\"https:\\\/\\\/blog.hwr-berlin.de\\\/scom\\\/scom-3\\\/#breadcrumb\"},\"inLanguage\":\"de\",\"potentialAction\":[{\"@type\":\"ReadAction\",\"target\":[\"https:\\\/\\\/blog.hwr-berlin.de\\\/scom\\\/scom-3\\\/\"]}]},{\"@type\":\"BreadcrumbList\",\"@id\":\"https:\\\/\\\/blog.hwr-berlin.de\\\/scom\\\/scom-3\\\/#breadcrumb\",\"itemListElement\":[{\"@type\":\"ListItem\",\"position\":1,\"name\":\"Startseite\",\"item\":\"https:\\\/\\\/blog.hwr-berlin.de\\\/scom\\\/\"},{\"@type\":\"ListItem\",\"position\":2,\"name\":\"SCOM 3\"}]},{\"@type\":\"WebSite\",\"@id\":\"https:\\\/\\\/blog.hwr-berlin.de\\\/scom\\\/#website\",\"url\":\"https:\\\/\\\/blog.hwr-berlin.de\\\/scom\\\/\",\"name\":\"Supply Chain and Operations Management\",\"description\":\"\",\"potentialAction\":[{\"@type\":\"SearchAction\",\"target\":{\"@type\":\"EntryPoint\",\"urlTemplate\":\"https:\\\/\\\/blog.hwr-berlin.de\\\/scom\\\/?s={search_term_string}\"},\"query-input\":{\"@type\":\"PropertyValueSpecification\",\"valueRequired\":true,\"valueName\":\"search_term_string\"}}],\"inLanguage\":\"de\"}]}<\/script>\n<!-- \/ Yoast SEO plugin. -->","yoast_head_json":{"title":"SCOM 3 - Supply Chain and Operations Management","robots":{"index":"index","follow":"follow","max-snippet":"max-snippet:-1","max-image-preview":"max-image-preview:large","max-video-preview":"max-video-preview:-1"},"canonical":"https:\/\/blog.hwr-berlin.de\/scom\/scom-3\/","og_locale":"de_DE","og_type":"article","og_title":"SCOM 3 - Supply Chain and Operations Management","og_description":"Supply Chain Management und Informationssysteme (Supply Chain Management and Information Systems) Lehrinhalte: Einf\u00fchrung in das Supply Chain Management (Beitrag zu Wertsch\u00f6pfung, Grundstrukturen (lokal bis global) vernetzter Wertsch\u00f6pfungsprozesse, SCOR-Modell, SCM Strategien im Kontext r\u00e4umlich differenzierter Strukturen) Supply Chain Design und Planung (Taktisch \/ strategische Entscheidungen im SCM, Gestaltung vernetzter Strukturen, Sourcing-Strategien, Supply Chain Koordination (CPFR-Ansatz, etc.))...","og_url":"https:\/\/blog.hwr-berlin.de\/scom\/scom-3\/","og_site_name":"Supply Chain and Operations Management","article_modified_time":"2017-09-29T11:22:03+00:00","twitter_card":"summary_large_image","twitter_misc":{"Gesch\u00e4tzte Lesezeit":"1\u00a0Minute"},"schema":{"@context":"https:\/\/schema.org","@graph":[{"@type":"WebPage","@id":"https:\/\/blog.hwr-berlin.de\/scom\/scom-3\/","url":"https:\/\/blog.hwr-berlin.de\/scom\/scom-3\/","name":"SCOM 3 - Supply Chain and Operations Management","isPartOf":{"@id":"https:\/\/blog.hwr-berlin.de\/scom\/#website"},"datePublished":"2017-06-14T07:27:36+00:00","dateModified":"2017-09-29T11:22:03+00:00","breadcrumb":{"@id":"https:\/\/blog.hwr-berlin.de\/scom\/scom-3\/#breadcrumb"},"inLanguage":"de","potentialAction":[{"@type":"ReadAction","target":["https:\/\/blog.hwr-berlin.de\/scom\/scom-3\/"]}]},{"@type":"BreadcrumbList","@id":"https:\/\/blog.hwr-berlin.de\/scom\/scom-3\/#breadcrumb","itemListElement":[{"@type":"ListItem","position":1,"name":"Startseite","item":"https:\/\/blog.hwr-berlin.de\/scom\/"},{"@type":"ListItem","position":2,"name":"SCOM 3"}]},{"@type":"WebSite","@id":"https:\/\/blog.hwr-berlin.de\/scom\/#website","url":"https:\/\/blog.hwr-berlin.de\/scom\/","name":"Supply Chain and Operations Management","description":"","potentialAction":[{"@type":"SearchAction","target":{"@type":"EntryPoint","urlTemplate":"https:\/\/blog.hwr-berlin.de\/scom\/?s={search_term_string}"},"query-input":{"@type":"PropertyValueSpecification","valueRequired":true,"valueName":"search_term_string"}}],"inLanguage":"de"}]}},"_links":{"self":[{"href":"https:\/\/blog.hwr-berlin.de\/scom\/wp-json\/wp\/v2\/pages\/13","targetHints":{"allow":["GET"]}}],"collection":[{"href":"https:\/\/blog.hwr-berlin.de\/scom\/wp-json\/wp\/v2\/pages"}],"about":[{"href":"https:\/\/blog.hwr-berlin.de\/scom\/wp-json\/wp\/v2\/types\/page"}],"author":[{"embeddable":true,"href":"https:\/\/blog.hwr-berlin.de\/scom\/wp-json\/wp\/v2\/users\/2"}],"replies":[{"embeddable":true,"href":"https:\/\/blog.hwr-berlin.de\/scom\/wp-json\/wp\/v2\/comments?post=13"}],"version-history":[{"count":4,"href":"https:\/\/blog.hwr-berlin.de\/scom\/wp-json\/wp\/v2\/pages\/13\/revisions"}],"predecessor-version":[{"id":161,"href":"https:\/\/blog.hwr-berlin.de\/scom\/wp-json\/wp\/v2\/pages\/13\/revisions\/161"}],"wp:attachment":[{"href":"https:\/\/blog.hwr-berlin.de\/scom\/wp-json\/wp\/v2\/media?parent=13"}],"curies":[{"name":"wp","href":"https:\/\/api.w.org\/{rel}","templated":true}]}}