

{"id":10,"date":"2023-11-02T15:06:57","date_gmt":"2023-11-02T14:06:57","guid":{"rendered":"https:\/\/blog.hwr-berlin.de\/steps-to-public-service\/?page_id=10"},"modified":"2025-03-27T07:59:45","modified_gmt":"2025-03-27T06:59:45","slug":"teilnehmerinnen","status":"publish","type":"page","link":"https:\/\/blog.hwr-berlin.de\/steps-to-public-service\/teilnehmerinnen\/","title":{"rendered":"F\u00fcr Teilnehmer*innen"},"content":{"rendered":"\n<h2 class=\"wp-block-heading has-black-color has-text-color has-link-color wp-elements-0f880a3d4b2275ac7378bd1a5497ff88\">Informationen f\u00fcr Teilnehmer*innen<\/h2>\n\n\n\n<p><mark style=\"background-color:rgba(0, 0, 0, 0)\" class=\"has-inline-color has-vivid-red-color\">Aktuell ist keine weitere Aufnahme in das Projekt mehr m\u00f6glich, da das Projekt am 31.12.2025 endet und der aktuelle Projektzyklus bereits begonnen hat.<\/mark><\/p>\n\n\n\n<h3 class=\"wp-block-heading has-black-color has-text-color has-link-color wp-elements-cfb135b5038628a1105b28efdf5597bd\">Sie suchen aktuell nach einem Job in der \u00f6ffentlichen Verwaltung?<\/h3>\n\n\n\n<p class=\"has-black-color has-text-color has-link-color wp-elements-ca22843be841eaa3d97725398ddf9a1b\">Sie haben einen Hochschulabschluss aus dem Ausland in den Fachrichtungen Verwaltungswissenschaft, Rechtswissenschaft, Verwaltungsinformatik oder \u00e4hnlich? <\/p>\n\n\n\n<p class=\"has-black-color has-text-color has-link-color wp-elements-f80aaddf3e0ca668b59dfa92daee2def\">Sie wohnen in Berlin?<\/p>\n\n\n\n<p class=\"has-black-color has-text-color has-link-color wp-elements-54c4aa741e26f6951079f4a7fc0eb7fa\">Sie sprechen Deutsch mindestens auf B2-Niveau?<\/p>\n\n\n\n<p class=\"has-black-color has-text-color has-link-color wp-elements-d0c61ccf77f1eeb6427564700aafa796\">Dann sind Sie bestens geeignet, an unserer Einj\u00e4hrigen Qualifizierungsma\u00dfnahme teilzunehmen.<\/p>\n\n\n\n<h2 class=\"wp-block-heading\">F\u00fcr wen ist &#8222;Steps to Public Service&#8220; geeignet?<\/h2>\n\n\n\n<p>Wenn Sie im Besitz eines ausl\u00e4ndischen Hochschulabschlusses sind, in Berlin leben, \u00fcber gute Deutschkenntnisse (ab B2) verf\u00fcgen und Interesse an einer T\u00e4tigkeit in der Verwaltung haben, dann ist dieses Programm genau das Richtige f\u00fcr Sie. Erfahren Sie auf dieser Seite mehr \u00fcber die Teilnahmebedingungen.<\/p>\n\n\n\n<p>Erhalten Sie aktuelle Einblicke in unsere Arbeit <a href=\"https:\/\/www.linkedin.com\/company\/steps-to-public-service\/\">auf unserem LinkedIn Account.<\/a><\/p>\n\n\n\n<h2 class=\"wp-block-heading\">Welche Abschl\u00fcsse sind f\u00fcr die Teilnahme an der Qualifikation geeignet?<\/h2>\n\n\n\n<p>Geeignete Abschl\u00fcsse k\u00f6nnten sein: Verwaltungswissenschaft, Rechtswissenschaft, Verwaltungsinformatik, Sozialp\u00e4dagogik. Gerne beraten wir Sie individuell, sollte Ihr Abschluss nicht aufgef\u00fchrt sein.<\/p>\n\n\n\n<h2 class=\"wp-block-heading\">Wie gestaltet sich die Qualifizierung f\u00fcr unsere Teilnehmer*innen?<\/h2>\n\n\n\n<p>Unsere modulare Qualifizierungsma\u00dfnahme f\u00fcr die Berliner Verwaltung erm\u00f6glicht eine flexible und individuelle Anpassung an die Bed\u00fcrfnisse unserer Teilnehmer*innen. Infolgedessen ber\u00fccksichtigen wir Ihre Vorkenntnisse und erm\u00f6glichen es Ihnen, die Ma\u00dfnahme berufsbegleitend oder abgestimmt auf Ihre famili\u00e4ren Bed\u00fcrfnisse zu absolvieren. Mit verschiedenen Formaten, darunter Pr\u00e4senzveranstaltungen, Blended Learning und Online-Formate, bieten wir Ihnen maximale Flexibilit\u00e4t.<\/p>\n\n\n\n<h2 class=\"wp-block-heading\">Was beinhaltet &#8222;Steps to Public Service&#8220; fachlich?<\/h2>\n\n\n\n<p>Das Programm umfasst <a href=\"https:\/\/blog.hwr-berlin.de\/steps-to-public-service\/ein-homepage-abschnitt\/\">relevante Fachmodule<\/a> aus den Bereichen Verwaltungswissenschaft, Verwaltungsinformatik und Recht. Ein Blockseminar vermittelt Praxisvortr\u00e4ge zu grundlegenden Kenntnissen \u00fcber die Berliner Verwaltung. Schl\u00fcsselkompetenzen wie Nachhaltigkeit, Rhetorik und Digitalisierung werden ebenfalls abgedeckt. Zus\u00e4tzlich bieten wir unseren Teilnehmer:innen Career Coaching, Hospitationen in \u00f6ffentlichen Verwaltungen und Netzwerkveranstaltungen, um Ihnen einen umfassenden Einblick zu gew\u00e4hren.<\/p>\n\n\n\n<h2 class=\"wp-block-heading\">Wie l\u00e4uft die Qualifizierung ab?<\/h2>\n\n\n\n<p>Die Qualifizierung dauert in der Regel ein Jahr, kann jedoch bei berufsbegleitender Teilnahme verl\u00e4ngert werden. Nach erfolgreichem Abschluss erhalten alle Teilnehmer:innen ein Zertifikat, welches die erworbenen Kenntnisse und Kompetenzen dokumentiert. Aktuell ist keine weitere Aufnahme in das Projekt mehr m\u00f6glich, da das Projekt am 31.12.2025 endet und der aktuelle Projektzyklus bereits begonnen hat.<\/p>\n\n\n\n<p>Gern k\u00f6nnen Sie sich auf unserer LinkedIn-Seite einen \u00dcberblick \u00fcber aktuelle Projektaktivit\u00e4ten machen: <a href=\"https:\/\/www.linkedin.com\/company\/steps-to-public-service\/\" target=\"_blank\" rel=\"noreferrer noopener\">https:\/\/www.linkedin.com\/company\/steps-to-public-service\/<\/a><\/p>\n\n\n\n<p>Machen Sie den ersten Schritt zu Ihrer erfolgreichen Karriere in der \u00f6ffentlichen Verwaltung! Kontaktieren Sie uns unter <a href=\"mailto:steps@hwr-berlin.de\">steps@hwr-berlin.de<\/a> oder telefonisch unter +49 30 30877-2567. Jan Fritsche steht Ihnen gerne f\u00fcr weitere Informationen zur Verf\u00fcgung.<\/p>\n\n\n\n<p>&#8222;<a href=\"https:\/\/blog.hwr-berlin.de\/steps-to-public-service\/\">Steps to Public Service<\/a>&#8220; \u2013 Ihr Weg zu einer erf\u00fcllenden beruflichen Zukunft in der Berliner Verwaltung!<\/p>\n\n\n\n<h2 class=\"wp-block-heading\">Wird das Projekt von der Arbeitsagentur finanziert?<\/h2>\n\n\n\n<p>Unser Angebot ist f\u00fcr alle Teilnehmer*innen kostenlos. Dennoch unterscheidet es sich von von der Arbeitsagentur gef\u00f6rderten Weiterbildungen (F\u00f6rderung durch Bildungsgutschein oder Weiterbildungspr\u00e4mie). Das IQ Projekt &#8222;Steps to Public Service&#8220; wird durch das Bundesministerium f\u00fcr Arbeit und Soziales und die Europ\u00e4ische Union \u00fcber den Europ\u00e4ischen Sozialfonds Plus (ESF Plus) gef\u00f6rdert. Dementsprechend l\u00e4uft unser Projekt unabh\u00e4ngig von Ma\u00dfnahmen der Arbeitsagentur, Ihrem Berufsleben oder anderen Lebensumst\u00e4nden.<\/p>\n\n\n\n<h2 class=\"wp-block-heading\">In welchen Sprachen wird die Qualifizierung angeboten?<\/h2>\n\n\n\n<p>Die Qualifizierung wird auf Deutsch angeboten. Daher sind Deutschkenntnisse auf B2-Level die Mindestvoraussetzung f\u00fcr eine Teilnahme.<\/p>\n\n\n\n<h2 class=\"wp-block-heading\">Erhalte ich am Ende der Qualifizierung ein Zertifikat?<\/h2>\n\n\n\n<p>Ja, als teilnehmende Person erhalten Sie am Ende der Qualifizierung ein Teilnahmezertifikat.<\/p>\n\n\n\n<h2 class=\"wp-block-heading\">Wie kann ich mehr \u00fcber Karrierechancen in der Verwaltung erfahren?<\/h2>\n\n\n\n<p>Das <a href=\"https:\/\/www.karriereportal-stellen.berlin.de\/stellenangebote.html\">Karriereportal des Landes Berlin<\/a> ist die zentrale Anlaufstelle f\u00fcr spannende berufliche M\u00f6glichkeiten in der Hauptstadt. Auf der Seite <a href=\"https:\/\/www.jobs-beim-staat.de\/\">https:\/\/www.jobs-beim-staat.de\/<\/a> finden Sie deutschlandweit Stellen im \u00f6ffentlichen Sektor. Mit einer Vielzahl von aktuellen Stellenangeboten bietet die Plattform ein breites Spektrum an Karrierem\u00f6glichkeiten &#8211; auf die meisten Stellen k\u00f6nnen Sie sich direkt Online bewerben.<\/p>\n\n\n\n<h2 class=\"wp-block-heading\"><br><\/h2>\n","protected":false},"excerpt":{"rendered":"<p>Informationen f\u00fcr Teilnehmer*innen Aktuell ist keine weitere Aufnahme in das Projekt mehr m\u00f6glich, da das Projekt am 31.12.2025 endet und der aktuelle Projektzyklus bereits begonnen hat. Sie suchen aktuell nach einem Job in der \u00f6ffentlichen Verwaltung? Sie haben einen Hochschulabschluss aus dem Ausland in den Fachrichtungen Verwaltungswissenschaft, Rechtswissenschaft, Verwaltungsinformatik oder \u00e4hnlich? Sie wohnen in Berlin? [&hellip;]<\/p>\n","protected":false},"author":1,"featured_media":92,"parent":0,"menu_order":0,"comment_status":"closed","ping_status":"closed","template":"","meta":{"footnotes":""},"class_list":["post-10","page","type-page","status-publish","has-post-thumbnail","hentry","post"],"yoast_head":"<!-- This site is optimized with the Yoast SEO plugin v27.3 - https:\/\/yoast.com\/product\/yoast-seo-wordpress\/ -->\n<title>F\u00fcr Teilnehmer*innen - Steps<\/title>\n<meta name=\"description\" content=\"Alle Informationen und Bedingungen, die potentielle Teilnehmer:innen kennen m\u00fcssen, um an unserer Qualifizierungsma\u00dfnahme teilzunehmen.\" \/>\n<meta name=\"robots\" content=\"index, follow, max-snippet:-1, max-image-preview:large, max-video-preview:-1\" \/>\n<link rel=\"canonical\" href=\"https:\/\/blog.hwr-berlin.de\/steps-to-public-service\/teilnehmerinnen\/\" \/>\n<meta property=\"og:locale\" content=\"de_DE\" \/>\n<meta property=\"og:type\" content=\"article\" \/>\n<meta property=\"og:title\" content=\"F\u00fcr Teilnehmer*innen - Steps\" \/>\n<meta property=\"og:description\" content=\"Alle Informationen und Bedingungen, die potentielle Teilnehmer:innen kennen m\u00fcssen, um an unserer Qualifizierungsma\u00dfnahme teilzunehmen.\" \/>\n<meta property=\"og:url\" content=\"https:\/\/blog.hwr-berlin.de\/steps-to-public-service\/teilnehmerinnen\/\" \/>\n<meta property=\"og:site_name\" content=\"Steps\" \/>\n<meta property=\"article:modified_time\" content=\"2025-03-27T06:59:45+00:00\" \/>\n<meta property=\"og:image\" content=\"https:\/\/blog.hwr-berlin.de\/steps-to-public-service\/wp-content\/uploads_stepstopublicservice\/2023\/11\/Foto5.jpg\" \/>\n\t<meta property=\"og:image:width\" content=\"2016\" \/>\n\t<meta property=\"og:image:height\" content=\"1512\" \/>\n\t<meta property=\"og:image:type\" content=\"image\/jpeg\" \/>\n<meta name=\"twitter:card\" content=\"summary_large_image\" \/>\n<meta name=\"twitter:label1\" content=\"Gesch\u00e4tzte Lesezeit\" \/>\n\t<meta name=\"twitter:data1\" content=\"4\u00a0Minuten\" \/>\n<script type=\"application\/ld+json\" class=\"yoast-schema-graph\">{\"@context\":\"https:\\\/\\\/schema.org\",\"@graph\":[{\"@type\":\"WebPage\",\"@id\":\"https:\\\/\\\/blog.hwr-berlin.de\\\/steps-to-public-service\\\/teilnehmerinnen\\\/\",\"url\":\"https:\\\/\\\/blog.hwr-berlin.de\\\/steps-to-public-service\\\/teilnehmerinnen\\\/\",\"name\":\"F\u00fcr Teilnehmer*innen - Steps\",\"isPartOf\":{\"@id\":\"https:\\\/\\\/blog.hwr-berlin.de\\\/steps-to-public-service\\\/#website\"},\"primaryImageOfPage\":{\"@id\":\"https:\\\/\\\/blog.hwr-berlin.de\\\/steps-to-public-service\\\/teilnehmerinnen\\\/#primaryimage\"},\"image\":{\"@id\":\"https:\\\/\\\/blog.hwr-berlin.de\\\/steps-to-public-service\\\/teilnehmerinnen\\\/#primaryimage\"},\"thumbnailUrl\":\"https:\\\/\\\/blog.hwr-berlin.de\\\/steps-to-public-service\\\/wp-content\\\/uploads_stepstopublicservice\\\/2023\\\/11\\\/Foto5.jpg\",\"datePublished\":\"2023-11-02T14:06:57+00:00\",\"dateModified\":\"2025-03-27T06:59:45+00:00\",\"description\":\"Alle Informationen und Bedingungen, die potentielle Teilnehmer:innen kennen m\u00fcssen, um an unserer Qualifizierungsma\u00dfnahme teilzunehmen.\",\"breadcrumb\":{\"@id\":\"https:\\\/\\\/blog.hwr-berlin.de\\\/steps-to-public-service\\\/teilnehmerinnen\\\/#breadcrumb\"},\"inLanguage\":\"de\",\"potentialAction\":[{\"@type\":\"ReadAction\",\"target\":[\"https:\\\/\\\/blog.hwr-berlin.de\\\/steps-to-public-service\\\/teilnehmerinnen\\\/\"]}]},{\"@type\":\"ImageObject\",\"inLanguage\":\"de\",\"@id\":\"https:\\\/\\\/blog.hwr-berlin.de\\\/steps-to-public-service\\\/teilnehmerinnen\\\/#primaryimage\",\"url\":\"https:\\\/\\\/blog.hwr-berlin.de\\\/steps-to-public-service\\\/wp-content\\\/uploads_stepstopublicservice\\\/2023\\\/11\\\/Foto5.jpg\",\"contentUrl\":\"https:\\\/\\\/blog.hwr-berlin.de\\\/steps-to-public-service\\\/wp-content\\\/uploads_stepstopublicservice\\\/2023\\\/11\\\/Foto5.jpg\",\"width\":2016,\"height\":1512,\"caption\":\"Die Teilnehmer:innen besuchen die kleine Jobmesse \u00d6ffentlicher Dienst am 07.11.2023\"},{\"@type\":\"BreadcrumbList\",\"@id\":\"https:\\\/\\\/blog.hwr-berlin.de\\\/steps-to-public-service\\\/teilnehmerinnen\\\/#breadcrumb\",\"itemListElement\":[{\"@type\":\"ListItem\",\"position\":1,\"name\":\"Startseite\",\"item\":\"https:\\\/\\\/blog.hwr-berlin.de\\\/steps-to-public-service\\\/\"},{\"@type\":\"ListItem\",\"position\":2,\"name\":\"F\u00fcr Teilnehmer*innen\"}]},{\"@type\":\"WebSite\",\"@id\":\"https:\\\/\\\/blog.hwr-berlin.de\\\/steps-to-public-service\\\/#website\",\"url\":\"https:\\\/\\\/blog.hwr-berlin.de\\\/steps-to-public-service\\\/\",\"name\":\"Steps\",\"description\":\"\",\"publisher\":{\"@id\":\"https:\\\/\\\/blog.hwr-berlin.de\\\/steps-to-public-service\\\/#organization\"},\"potentialAction\":[{\"@type\":\"SearchAction\",\"target\":{\"@type\":\"EntryPoint\",\"urlTemplate\":\"https:\\\/\\\/blog.hwr-berlin.de\\\/steps-to-public-service\\\/?s={search_term_string}\"},\"query-input\":{\"@type\":\"PropertyValueSpecification\",\"valueRequired\":true,\"valueName\":\"search_term_string\"}}],\"inLanguage\":\"de\"},{\"@type\":\"Organization\",\"@id\":\"https:\\\/\\\/blog.hwr-berlin.de\\\/steps-to-public-service\\\/#organization\",\"name\":\"Steps\",\"url\":\"https:\\\/\\\/blog.hwr-berlin.de\\\/steps-to-public-service\\\/\",\"logo\":{\"@type\":\"ImageObject\",\"inLanguage\":\"de\",\"@id\":\"https:\\\/\\\/blog.hwr-berlin.de\\\/steps-to-public-service\\\/#\\\/schema\\\/logo\\\/image\\\/\",\"url\":\"https:\\\/\\\/blog.hwr-berlin.de\\\/steps-to-public-service\\\/wp-content\\\/uploads_stepstopublicservice\\\/2023\\\/11\\\/cropped-cropped-Kopie-von-Steps-to-Public-Service.png\",\"contentUrl\":\"https:\\\/\\\/blog.hwr-berlin.de\\\/steps-to-public-service\\\/wp-content\\\/uploads_stepstopublicservice\\\/2023\\\/11\\\/cropped-cropped-Kopie-von-Steps-to-Public-Service.png\",\"width\":512,\"height\":512,\"caption\":\"Steps\"},\"image\":{\"@id\":\"https:\\\/\\\/blog.hwr-berlin.de\\\/steps-to-public-service\\\/#\\\/schema\\\/logo\\\/image\\\/\"},\"sameAs\":[\"https:\\\/\\\/www.linkedin.com\\\/company\\\/steps-to-public-service\\\/\"]}]}<\/script>\n<!-- \/ Yoast SEO plugin. -->","yoast_head_json":{"title":"F\u00fcr Teilnehmer*innen - Steps","description":"Alle Informationen und Bedingungen, die potentielle Teilnehmer:innen kennen m\u00fcssen, um an unserer Qualifizierungsma\u00dfnahme teilzunehmen.","robots":{"index":"index","follow":"follow","max-snippet":"max-snippet:-1","max-image-preview":"max-image-preview:large","max-video-preview":"max-video-preview:-1"},"canonical":"https:\/\/blog.hwr-berlin.de\/steps-to-public-service\/teilnehmerinnen\/","og_locale":"de_DE","og_type":"article","og_title":"F\u00fcr Teilnehmer*innen - Steps","og_description":"Alle Informationen und Bedingungen, die potentielle Teilnehmer:innen kennen m\u00fcssen, um an unserer Qualifizierungsma\u00dfnahme teilzunehmen.","og_url":"https:\/\/blog.hwr-berlin.de\/steps-to-public-service\/teilnehmerinnen\/","og_site_name":"Steps","article_modified_time":"2025-03-27T06:59:45+00:00","og_image":[{"width":2016,"height":1512,"url":"https:\/\/blog.hwr-berlin.de\/steps-to-public-service\/wp-content\/uploads_stepstopublicservice\/2023\/11\/Foto5.jpg","type":"image\/jpeg"}],"twitter_card":"summary_large_image","twitter_misc":{"Gesch\u00e4tzte Lesezeit":"4\u00a0Minuten"},"schema":{"@context":"https:\/\/schema.org","@graph":[{"@type":"WebPage","@id":"https:\/\/blog.hwr-berlin.de\/steps-to-public-service\/teilnehmerinnen\/","url":"https:\/\/blog.hwr-berlin.de\/steps-to-public-service\/teilnehmerinnen\/","name":"F\u00fcr Teilnehmer*innen - Steps","isPartOf":{"@id":"https:\/\/blog.hwr-berlin.de\/steps-to-public-service\/#website"},"primaryImageOfPage":{"@id":"https:\/\/blog.hwr-berlin.de\/steps-to-public-service\/teilnehmerinnen\/#primaryimage"},"image":{"@id":"https:\/\/blog.hwr-berlin.de\/steps-to-public-service\/teilnehmerinnen\/#primaryimage"},"thumbnailUrl":"https:\/\/blog.hwr-berlin.de\/steps-to-public-service\/wp-content\/uploads_stepstopublicservice\/2023\/11\/Foto5.jpg","datePublished":"2023-11-02T14:06:57+00:00","dateModified":"2025-03-27T06:59:45+00:00","description":"Alle Informationen und Bedingungen, die potentielle Teilnehmer:innen kennen m\u00fcssen, um an unserer Qualifizierungsma\u00dfnahme teilzunehmen.","breadcrumb":{"@id":"https:\/\/blog.hwr-berlin.de\/steps-to-public-service\/teilnehmerinnen\/#breadcrumb"},"inLanguage":"de","potentialAction":[{"@type":"ReadAction","target":["https:\/\/blog.hwr-berlin.de\/steps-to-public-service\/teilnehmerinnen\/"]}]},{"@type":"ImageObject","inLanguage":"de","@id":"https:\/\/blog.hwr-berlin.de\/steps-to-public-service\/teilnehmerinnen\/#primaryimage","url":"https:\/\/blog.hwr-berlin.de\/steps-to-public-service\/wp-content\/uploads_stepstopublicservice\/2023\/11\/Foto5.jpg","contentUrl":"https:\/\/blog.hwr-berlin.de\/steps-to-public-service\/wp-content\/uploads_stepstopublicservice\/2023\/11\/Foto5.jpg","width":2016,"height":1512,"caption":"Die Teilnehmer:innen besuchen die kleine Jobmesse \u00d6ffentlicher Dienst am 07.11.2023"},{"@type":"BreadcrumbList","@id":"https:\/\/blog.hwr-berlin.de\/steps-to-public-service\/teilnehmerinnen\/#breadcrumb","itemListElement":[{"@type":"ListItem","position":1,"name":"Startseite","item":"https:\/\/blog.hwr-berlin.de\/steps-to-public-service\/"},{"@type":"ListItem","position":2,"name":"F\u00fcr Teilnehmer*innen"}]},{"@type":"WebSite","@id":"https:\/\/blog.hwr-berlin.de\/steps-to-public-service\/#website","url":"https:\/\/blog.hwr-berlin.de\/steps-to-public-service\/","name":"Steps","description":"","publisher":{"@id":"https:\/\/blog.hwr-berlin.de\/steps-to-public-service\/#organization"},"potentialAction":[{"@type":"SearchAction","target":{"@type":"EntryPoint","urlTemplate":"https:\/\/blog.hwr-berlin.de\/steps-to-public-service\/?s={search_term_string}"},"query-input":{"@type":"PropertyValueSpecification","valueRequired":true,"valueName":"search_term_string"}}],"inLanguage":"de"},{"@type":"Organization","@id":"https:\/\/blog.hwr-berlin.de\/steps-to-public-service\/#organization","name":"Steps","url":"https:\/\/blog.hwr-berlin.de\/steps-to-public-service\/","logo":{"@type":"ImageObject","inLanguage":"de","@id":"https:\/\/blog.hwr-berlin.de\/steps-to-public-service\/#\/schema\/logo\/image\/","url":"https:\/\/blog.hwr-berlin.de\/steps-to-public-service\/wp-content\/uploads_stepstopublicservice\/2023\/11\/cropped-cropped-Kopie-von-Steps-to-Public-Service.png","contentUrl":"https:\/\/blog.hwr-berlin.de\/steps-to-public-service\/wp-content\/uploads_stepstopublicservice\/2023\/11\/cropped-cropped-Kopie-von-Steps-to-Public-Service.png","width":512,"height":512,"caption":"Steps"},"image":{"@id":"https:\/\/blog.hwr-berlin.de\/steps-to-public-service\/#\/schema\/logo\/image\/"},"sameAs":["https:\/\/www.linkedin.com\/company\/steps-to-public-service\/"]}]}},"_links":{"self":[{"href":"https:\/\/blog.hwr-berlin.de\/steps-to-public-service\/wp-json\/wp\/v2\/pages\/10","targetHints":{"allow":["GET"]}}],"collection":[{"href":"https:\/\/blog.hwr-berlin.de\/steps-to-public-service\/wp-json\/wp\/v2\/pages"}],"about":[{"href":"https:\/\/blog.hwr-berlin.de\/steps-to-public-service\/wp-json\/wp\/v2\/types\/page"}],"author":[{"embeddable":true,"href":"https:\/\/blog.hwr-berlin.de\/steps-to-public-service\/wp-json\/wp\/v2\/users\/1"}],"replies":[{"embeddable":true,"href":"https:\/\/blog.hwr-berlin.de\/steps-to-public-service\/wp-json\/wp\/v2\/comments?post=10"}],"version-history":[{"count":24,"href":"https:\/\/blog.hwr-berlin.de\/steps-to-public-service\/wp-json\/wp\/v2\/pages\/10\/revisions"}],"predecessor-version":[{"id":385,"href":"https:\/\/blog.hwr-berlin.de\/steps-to-public-service\/wp-json\/wp\/v2\/pages\/10\/revisions\/385"}],"wp:featuredmedia":[{"embeddable":true,"href":"https:\/\/blog.hwr-berlin.de\/steps-to-public-service\/wp-json\/wp\/v2\/media\/92"}],"wp:attachment":[{"href":"https:\/\/blog.hwr-berlin.de\/steps-to-public-service\/wp-json\/wp\/v2\/media?parent=10"}],"curies":[{"name":"wp","href":"https:\/\/api.w.org\/{rel}","templated":true}]}}